-- Table structure for table `products_brand`
--

CREATE TABLE `products_brand` (
  `id` bigint(20) unsigned NOT NULL AUTO_INCREMENT,
  `name` varchar(191) NOT NULL,
  `description` varchar(191) NOT NULL,
  `creation_user` varchar(191) DEFAULT NULL,
  `modification_user` varchar(191) DEFAULT NULL,
  `created_at` timestamp NULL DEFAULT NULL,
  `updated_at` timestamp NULL DEFAULT NULL,
  `deleted_at` timestamp NULL DEFAULT NULL,
  `elimination_user` varchar(191) DEFAULT NULL,
  `status` int(11) NOT NULL DEFAULT 1 COMMENT '0 deleted, 1 active, 2 inactive',
  PRIMARY KEY (`id`)
) ENGINE=InnoDB DEFAULT CHARSET=utf8mb4 COLLATE=utf8mb4_unicode_ci;

--
-- Dumping data for table `products_brand`
--


--
-- Table structure for table `products_category`
--

CREATE TABLE `products_category` (
  `id` bigint(20) unsigned NOT NULL AUTO_INCREMENT,
  `name` varchar(191) NOT NULL,
  `description` varchar(191) NOT NULL,
  `creation_user` varchar(191) DEFAULT NULL,
  `modification_user` varchar(191) DEFAULT NULL,
  `created_at` timestamp NULL DEFAULT NULL,
  `updated_at` timestamp NULL DEFAULT NULL,
  `deleted_at` timestamp NULL DEFAULT NULL,
  `elimination_user` varchar(191) DEFAULT NULL,
  `status` int(11) NOT NULL DEFAULT 1 COMMENT '0 deleted, 1 active, 2 inactive',
  PRIMARY KEY (`id`)
) ENGINE=InnoDB AUTO_INCREMENT=94 DEFAULT CHARSET=utf8mb4 COLLATE=utf8mb4_unicode_ci;

--
-- Dumping data for table `products_category`
--

INSERT INTO `products_category` VALUES (1,'prueba','cat',NULL,NULL,'2025-02-20 11:52:36','2025-02-20 17:48:21','2025-02-20 17:48:21',NULL,0),(2,'CERROJO SANSON','CERROJO SANSON',NULL,NULL,'2025-03-21 18:01:06','2025-03-21 18:05:53',NULL,NULL,1),(3,'CERROJO JUNIOR','CERROJO JUNIOR',NULL,NULL,'2025-03-21 21:28:22','2025-03-21 21:28:22',NULL,NULL,1),(4,'CERROJO FIERRO - ZINCADO','CERROJO FIERRO - ZINCADO',NULL,NULL,'2025-03-21 21:35:59','2025-03-21 21:35:59',NULL,NULL,1),(5,'CERROJO DE ALUMINIO','CERROJO DE ALUMINIO',NULL,NULL,'2025-03-21 21:43:52','2025-03-21 21:43:52',NULL,NULL,1),(6,'CERROJO PORTON NEGRO','CERROJO PORTON NEGRO',NULL,NULL,'2025-03-21 21:58:21','2025-03-21 21:58:21',NULL,NULL,1),(7,'CERROJO TROPICALIZADO','CERROJO TROPICALIZADO',NULL,NULL,'2025-03-21 22:11:33','2025-03-21 22:11:33',NULL,NULL,1),(8,'CERROJO ALDABA TROPICALIZADA','CERROJO ALDABA TROPICALIZADA',NULL,NULL,'2025-03-21 22:26:04','2025-03-21 22:26:04',NULL,NULL,1),(9,'JALADOR DE BRONCE','JALADOR DE BRONCE',NULL,NULL,'2025-03-21 22:40:47','2025-09-03 09:40:34','2025-09-03 09:40:34',NULL,0),(10,'ARMELLA ZINCADA','ARMELLA ZINCADA',NULL,NULL,'2025-03-21 23:08:46','2025-03-21 23:08:46',NULL,NULL,1),(11,'ABRAZADERA LIVIANA PARA TUBO','ABRAZADERA LIVIANA PARA TUBO',NULL,NULL,'2025-03-21 23:44:06','2025-03-21 23:44:06',NULL,NULL,1),(12,'ABRAZADERA PESADA PARA TUBO','ABRAZADERA PESADA PARA TUBO',NULL,NULL,'2025-03-22 00:00:51','2025-03-22 00:00:51',NULL,NULL,1),(13,'ABRAZADERA PARA DESAGUE','ABRAZADERA PARA DESAGUE',NULL,NULL,'2025-03-22 00:21:01','2025-03-22 00:21:01',NULL,NULL,1),(14,'ABRAZADERA SIN FIN TAIWAN','ABRAZADERA SIN FIN TAIWAN',NULL,NULL,'2025-03-22 00:26:55','2025-03-22 00:26:55',NULL,NULL,1),(15,'TARUGO Y ACCESORIOS','TARUGO Y ACCESORIOS',NULL,NULL,'2025-03-22 07:26:34','2025-03-22 07:26:34',NULL,NULL,1),(16,'MOSTRARIO','MOSTRARIO',NULL,NULL,'2025-03-22 09:01:46','2025-03-22 09:01:46',NULL,NULL,1),(17,'BISAGRA SOLDAR','BISAGRA SOLDAR',NULL,NULL,'2025-03-22 10:36:52','2025-03-22 10:36:52',NULL,NULL,1),(18,'ESPARRAGOS ZINCADO','ESPARRAGOS ZINCADO',NULL,NULL,'2025-03-22 11:37:03','2025-03-22 11:37:03',NULL,NULL,1),(19,'REMACHE POP DE ALUMINIO','REMACHE POP DE ALUMINIO',NULL,NULL,'2025-03-22 21:38:36','2025-03-22 21:38:36',NULL,NULL,1),(20,'BISAGRA FIJA Y CAPUCHINA','BISAGRA FIJA Y CAPUCHINA',NULL,NULL,'2025-03-22 22:30:20','2025-03-22 22:30:20',NULL,NULL,1),(21,'BISAGRA ESCALERA','BISAGRA ESCALERA',NULL,NULL,'2025-03-23 11:23:02','2025-03-23 11:23:02',NULL,NULL,1),(22,'BISAGRA CANGREJO','BISAGRA CANGREJO',NULL,NULL,'2025-03-23 11:26:12','2025-03-23 11:26:12',NULL,NULL,1),(23,'MANIJA PARA VENTANA','MANIJA PARA VENTANA',NULL,NULL,'2025-03-23 11:28:07','2025-03-23 11:28:07',NULL,NULL,1),(24,'ANGULO NEGRO REFORZADO','ANGULO NEGRO REFORZADO',NULL,NULL,'2025-03-23 11:38:18','2025-03-23 11:38:18',NULL,NULL,1),(25,'ANGULO REPISA BLANCO','ANGULO REPISA BLANCO',NULL,NULL,'2025-03-23 11:50:12','2025-03-23 11:50:12',NULL,NULL,1),(26,'ANGULO DOBLE ZINCADO','ANGULO DOBLE ZINCADO',NULL,NULL,'2025-03-23 12:03:02','2025-03-23 12:03:02',NULL,NULL,1),(27,'ANGULO PLATINA ZINCADO','ANGULO PLATINA ZINCADO',NULL,NULL,'2025-03-23 12:17:28','2025-03-23 12:17:28',NULL,NULL,1),(28,'ANGULO LIVIANO ZINCADO','ANGULO LIVIANO ZINCADO',NULL,NULL,'2025-03-23 12:30:55','2025-03-23 12:30:55',NULL,NULL,1),(29,'ANGULO PESADO ZINCADO','ANGULO PESADO ZINCADO',NULL,NULL,'2025-03-23 12:35:54','2025-03-23 12:35:54',NULL,NULL,1),(30,'ANGULO PARA CAMA','ANGULO PARA CAMA',NULL,NULL,'2025-03-23 12:58:25','2025-03-23 12:58:25',NULL,NULL,1),(31,'SOPORTE PARA VIDRIO','SOPORTE PARA VIDRIO',NULL,NULL,'2025-03-23 13:47:20','2025-03-23 13:47:20',NULL,NULL,1),(32,'GANCHO PARA TRUPAN','GANCHO PARA TRUPAN',NULL,NULL,'2025-03-23 13:51:14','2025-03-23 13:51:14',NULL,NULL,1),(33,'GANCHO TIPO UÑA PARA TRUPAN','GANCHO TIPO UÑA PARA TUPAN',NULL,NULL,'2025-03-23 14:32:07','2025-03-23 14:32:07',NULL,NULL,1),(34,'GANCHO PARA CORTINA','GANCHO PARA CORTINA',NULL,NULL,'2025-03-23 14:56:04','2025-03-23 14:56:04',NULL,NULL,1),(35,'CLAVO PARA CONCRETO','CLAVO PARA CONCRETO',NULL,NULL,'2025-03-23 16:49:26','2025-03-23 16:49:26',NULL,NULL,1),(36,'ALCAYATA PARA CONCRETO','ALCAYATA PARA CONCRETO',NULL,NULL,'2025-03-23 16:56:21','2025-03-23 16:56:21',NULL,NULL,1),(37,'CLAVO LISO - NEGRO','CLAVO LISO - NEGRO',NULL,NULL,'2025-03-23 17:02:09','2025-03-23 17:02:09',NULL,NULL,1),(38,'CLAVO DE FIJACIÓN','CLAVO DE FIJACIÓN',NULL,NULL,'2025-03-23 17:05:06','2025-03-23 17:05:06',NULL,NULL,1),(39,'TACHUELAS AZULES','TACHUELAS AZULES',NULL,NULL,'2025-03-23 17:09:09','2025-03-23 17:09:09',NULL,NULL,1),(40,'CINTILLOS DE AMARRE CABLE','CINTILLOS DE AMARRE CABLE',NULL,NULL,'2025-03-23 17:23:37','2025-03-23 17:23:37',NULL,NULL,1),(41,'BROCA PARA METAL','BROCA PARA METAL',NULL,NULL,'2025-03-24 12:02:15','2025-03-24 12:02:15',NULL,NULL,1),(42,'BROCA PARA CONCRETO','BROCA PARA CONCRETO',NULL,NULL,'2025-03-24 13:26:26','2025-03-24 13:26:26',NULL,NULL,1),(43,'BROCA PASAMURO  - PARA CONCRETO','BROCA PASAMURO - PARA CONCRETO',NULL,NULL,'2025-03-24 13:37:16','2025-03-24 13:37:16',NULL,NULL,1),(44,'BROCA PARA MADERA','BROCA PARA MADERA',NULL,NULL,'2025-03-24 14:21:28','2025-03-24 14:21:28',NULL,NULL,1),(45,'BROCA LARGA PARA MADERA','BROCA LARGA PARA MADERA',NULL,NULL,'2025-03-24 14:36:17','2025-03-24 14:36:17',NULL,NULL,1),(46,'BROCA PARA COBALTO','BROCA PARA COBALTO',NULL,NULL,'2025-03-24 15:06:30','2025-03-24 15:06:30',NULL,NULL,1),(47,'AUTOPERFORANTE P/BROCA CON ARANDELA NEOPRENO','AUTOPERFORANTE P/BROCA CON ARANDELA NEOPRENO',NULL,NULL,'2025-03-24 16:41:17','2025-03-24 16:41:17',NULL,NULL,1),(48,'PERNO CABEZA COCHE ZINCADO','PERNO CABEZA COCHE ZINCADO',NULL,NULL,'2025-03-24 22:20:40','2025-07-06 13:15:52',NULL,NULL,1),(49,'PERNO HEXAGONAL ZINCADO','PERNO HEXAGONAL ZINCADO',NULL,NULL,'2025-08-23 14:04:23','2025-08-23 14:04:23',NULL,NULL,1),(50,'TIRAFON HEXAGONAL ZINCADO','TIRAFON HEXAGONAL ZINCADO',NULL,NULL,'2025-08-28 17:42:21','2025-08-28 17:42:52','2025-08-28 17:42:52',NULL,0),(51,'TIRAFON HEXAGONAL ZINCADO','TIRAFON HEXAGONAL ZINCADO',NULL,NULL,'2025-08-28 17:44:09','2025-08-28 17:44:09',NULL,NULL,1),(52,'PERNO DE EXPANSION','PERNO DE EXPANSION',NULL,NULL,'2025-08-29 09:00:39','2025-08-29 09:00:39',NULL,NULL,1),(53,'PERNO MILIMETRICO TROPICALIZADO 5.8','PERNO MILIMETRICO TROPICALIZADO 5.8',NULL,NULL,'2025-08-29 09:39:00','2025-08-29 09:42:34',NULL,NULL,1),(54,'TUERCA HEXAGONAL ZINCADO','TUERCA HEXAGONAL ZINCADO',NULL,NULL,'2025-08-29 14:15:47','2025-08-29 14:15:47',NULL,NULL,1),(55,'TUERCA MILIMETRADO','TUERCA MILIMETRADO',NULL,NULL,'2025-09-01 19:20:01','2025-09-01 19:20:01',NULL,NULL,1),(56,'ARANDELA PLANA PESADA ZINCADA','ARANDELA PLANA PESADA ZINCADA',NULL,NULL,'2025-09-03 08:20:38','2025-09-03 08:20:38',NULL,NULL,1),(57,'ARANDELA PLANA LIVIANA ZINCADA','ARANDELA PLANA LIVIANA ZINCADA',NULL,NULL,'2025-09-03 08:28:56','2025-09-03 08:28:56',NULL,NULL,1),(58,'ARANDELA DE PRESION ZINCADO','ARANDELA DE PRESION ZINCADO',NULL,NULL,'2025-09-03 08:51:05','2025-09-03 08:51:05',NULL,NULL,1),(59,'JALADORES','JALADORES',NULL,NULL,'2025-09-03 09:38:06','2025-09-03 09:38:06',NULL,NULL,1),(60,'TORNIILLO SPACK','TORNIILLO SPACK',NULL,NULL,'2025-09-06 12:13:40','2025-09-06 12:13:40',NULL,NULL,1),(61,'STOVE BOLT C/RED ZINCADO','STOVE BOLT C/RED ZINCADO',NULL,NULL,'2025-09-12 18:41:09','2025-09-12 18:41:09',NULL,NULL,1),(62,'AUTORROSCANTE FLAT PHILLIPS (CABEZA PLANA)','AUTORROSCANTE FLAT PHILLIPS  (CABEZA PLANA)',NULL,NULL,'2025-09-12 19:31:38','2025-09-12 19:31:38',NULL,NULL,1),(63,'AUTORROSCANTE CABEZA PAN PHILLIPS COMBINADO','AUTORROSCANTE CABEZA PAN PHILLIPS COMBINADO',NULL,NULL,'2025-09-12 20:02:48','2025-09-12 20:02:48',NULL,NULL,1),(64,'JUEGO ARMADOS','JUEGO ARMADOS',NULL,NULL,'2025-10-07 18:09:08','2025-10-07 18:09:08',NULL,NULL,1),(65,'TORNILLO DRYWALL PUNTA FINA NEGRO','TORNILLO DRYWALL PUNTA FINA NEGRO',NULL,NULL,'2025-10-10 08:43:41','2025-10-10 08:43:41',NULL,NULL,1),(66,'TORNILLO DRYWALL PUNTA FINA ZINCADO','TORNILLO DRYWALL PUNTA FINA ZINCADO',NULL,NULL,'2025-10-10 09:02:53','2025-10-10 09:02:53',NULL,NULL,1),(67,'TORNILLO DRYWALL PUNTA BROCA NEGRO','TORNILLO DRYWALL PUNTA BROCA NEGRO',NULL,NULL,'2025-10-10 09:08:37','2025-10-10 09:08:37',NULL,NULL,1),(68,'TORNILLO DRYWALL PUNTA BROCA ZINCADO','TORNILLO DRYWALL PUNTA BROCA ZINCADO',NULL,NULL,'2025-10-10 09:37:32','2025-10-10 09:37:32',NULL,NULL,1),(69,'TORNILLO WAFER PHILLIPS PUNTA BROCA NEGRO','TORNILLO WAFER PHILLIPS PUNTA BROCA NEGRO',NULL,NULL,'2025-10-10 10:11:14','2025-10-10 10:11:14',NULL,NULL,1),(70,'TORNILLO WAFER PHILLIPS PUNTA BROCA ZINCADO','TORNILLO WAFER PHILLIPS PUNTA BROCA ZINCADO',NULL,NULL,'2025-10-10 10:19:01','2025-10-10 10:19:01',NULL,NULL,1),(71,'TORNILLO WAFER PHILLIPS PUNTA FINA NEGRO','TORNILLO WAFER PHILLIPS PUNTA FINA NEGRO',NULL,NULL,'2025-10-10 10:23:54','2025-10-10 10:23:54',NULL,NULL,1),(72,'TORNILLO WAFER PHILLIPS PUNTA FINA ZINCADO','TORNILLO WAFER PHILLIPS PUNTA FINA ZINCADO',NULL,NULL,'2025-10-10 10:29:41','2025-10-10 10:29:41',NULL,NULL,1),(73,'TORNILLO PAN FRAMING PHILLIPS PUNTA BROCA NEGRO','TORNILLO PAN FRAMING PHILLIPS PUNTA BROCA NEGRO',NULL,NULL,'2025-10-10 10:34:33','2025-10-10 10:34:33',NULL,NULL,1),(74,'TORNILLO PAN FRAMING PHILLIPS PUNTA BROCA ZINCADO','TORNILLO PAN FRAMING PHILLIPS PUNTA BROCA ZINCADO',NULL,NULL,'2025-10-10 10:37:19','2025-10-10 10:37:19',NULL,NULL,1),(75,'TORNILLO PAN FRAMING PHILLIPS PUNTA FINA ZINCADO','TORNILLO PAN FRAMING PHILLIPS PUNTA FINA ZINCADO',NULL,NULL,'2025-10-10 10:38:56','2025-10-10 10:38:56',NULL,NULL,1),(76,'TORNILLO PAN FRAMING PHILLIPS PUNTA FINA NEGRO','TORNILLO PAN FRAMING PHILLIPS PUNTA FINA NEGRO',NULL,NULL,'2025-10-10 10:41:19','2025-10-10 10:41:19',NULL,NULL,1),(77,'STOVE BOLT MILIMETRICO','STOVE BOLT MILIMETRICO',NULL,NULL,'2025-10-10 11:04:17','2025-10-10 11:04:17',NULL,NULL,1),(78,'GANCHO DE BOMBERO SIN SEGURO','GANCHO DE BOMBERO SIN SEGURO',NULL,NULL,'2025-10-10 12:46:54','2025-10-10 12:46:54',NULL,NULL,1),(79,'CERROJO PARA PORTON ZINCADO','CERROJO PARA PORTON ZINCADO',NULL,NULL,'2025-10-10 12:58:34','2025-10-10 12:58:34',NULL,NULL,1),(80,'ADAPTADOR PARA PUNTILLA','ADAPTADOR PARA PUNTILLA',NULL,NULL,'2025-10-13 18:11:12','2025-10-13 18:11:12',NULL,NULL,1),(81,'BISAGRA PARA CAMA','BISAGRA PARA CAMA',NULL,NULL,'2025-10-13 18:13:48','2025-10-13 18:13:48',NULL,NULL,1),(82,'ADAPTADOR MAGNETICO','ADAPTADOR MAGNETICO',NULL,NULL,'2025-10-14 08:43:58','2025-10-14 08:43:58',NULL,NULL,1),(83,'PUNTA DE DESTORNILLADOR','PUNTA DE DESTORNILLADOR',NULL,NULL,'2025-10-14 10:14:23','2025-10-14 10:14:23',NULL,NULL,1),(84,'COLGADOR RECTANGULAR','COLGADOR RECTANGULAR',NULL,NULL,'2025-10-14 10:22:07','2025-10-14 10:22:07',NULL,NULL,1),(85,'BISAGRA OMEGA','BISAGRA OMEGA',NULL,NULL,'2025-10-14 10:27:45','2025-10-14 10:27:45',NULL,NULL,1),(86,'VARILLA ROSCADA','VARILLA ROSCADA',NULL,NULL,'2025-10-14 11:33:15','2025-10-14 11:33:15',NULL,NULL,1),(87,'ALAMBRE GALVANIZADO','ALAMBRE GALVANIZADO',NULL,NULL,'2025-10-22 19:41:26','2025-10-22 19:41:26',NULL,NULL,1),(88,'CORREDERA TELESCOPICAS','CORREDERA TELESCOPICAS',NULL,NULL,'2025-10-27 14:57:53','2025-10-27 14:57:53',NULL,NULL,1),(89,'TORNILLO ESPECIAL CONCRETO  ZB','TORNILLO ESPECIAL CONCRETO  ZB',NULL,NULL,'2025-11-18 10:04:10','2025-11-18 10:04:10',NULL,NULL,1),(90,'GRAPA TIPO CROSBY PESADO (ACABADO GALVANIZADO)','GRAPA TIPO CROSBY PESADO (ACABADO GALVANIZADO)',NULL,NULL,'2025-11-18 12:32:37','2025-11-18 12:32:37',NULL,NULL,1),(91,'CADENAS GALVANIZADAS','CADENAS GALVANIZADAS',NULL,NULL,'2025-11-18 15:27:30','2025-11-18 15:27:30',NULL,NULL,1),(92,'AUTOPERFORANTE P/FINA CON ARANDELA NEOPRENO','AUTOPERFORANTE P/FINA CON ARANDELA NEOPRENO',NULL,NULL,'2025-12-02 08:18:05','2025-12-02 08:18:05',NULL,NULL,1),(93,'CONSTRUCCION','CONSTRUCCION',NULL,NULL,'2026-03-06 16:33:22','2026-03-06 16:33:22',NULL,NULL,1);

--
-- Table structure for table `products_category_percentage`
--

CREATE TABLE `products_category_percentage` (
  `id` bigint(20) unsigned NOT NULL AUTO_INCREMENT,
  `product_category_id` bigint(20) unsigned NOT NULL,
  `client_category_id` bigint(20) unsigned NOT NULL,
  `creation_user` varchar(191) DEFAULT NULL,
  `modification_user` varchar(191) DEFAULT NULL,
  `created_at` timestamp NULL DEFAULT NULL,
  `updated_at` timestamp NULL DEFAULT NULL,
  `deleted_at` timestamp NULL DEFAULT NULL,
  `elimination_user` varchar(191) DEFAULT NULL,
  `status` int(11) NOT NULL DEFAULT 1 COMMENT '0 deleted, 1 active, 2 inactive',
  PRIMARY KEY (`id`),
  KEY `products_category_percentage_product_category_id_foreign` (`product_category_id`),
  KEY `products_category_percentage_client_category_id_foreign` (`client_category_id`),
  CONSTRAINT `products_category_percentage_client_category_id_foreign` FOREIGN KEY (`client_category_id`) REFERENCES `clients_category` (`id`),
  CONSTRAINT `products_category_percentage_product_category_id_foreign` FOREIGN KEY (`product_category_id`) REFERENCES `products_category` (`id`)
) ENGINE=InnoDB AUTO_INCREMENT=466 DEFAULT CHARSET=utf8mb4 COLLATE=utf8mb4_unicode_ci;

--
-- Dumping data for table `products_category_percentage`
--

INSERT INTO `products_category_percentage` VALUES (1,1,1,NULL,NULL,'2025-02-20 11:52:36','2025-02-20 11:52:36',NULL,NULL,1),(2,1,2,NULL,NULL,'2025-02-20 11:52:36','2025-02-20 11:52:36',NULL,NULL,1),(3,1,3,NULL,NULL,'2025-02-20 11:52:36','2025-02-20 11:52:36',NULL,NULL,1),(4,1,4,NULL,NULL,'2025-02-20 11:52:36','2025-02-20 11:52:36',NULL,NULL,1),(5,1,5,NULL,NULL,'2025-02-20 11:52:36','2025-02-20 11:52:36',NULL,NULL,1),(6,2,1,NULL,NULL,'2025-03-21 18:01:06','2025-03-21 18:01:06',NULL,NULL,1),(7,2,2,NULL,NULL,'2025-03-21 18:01:06','2025-03-21 18:01:06',NULL,NULL,1),(8,2,3,NULL,NULL,'2025-03-21 18:01:06','2025-03-21 18:01:06',NULL,NULL,1),(9,2,4,NULL,NULL,'2025-03-21 18:01:06','2025-03-21 18:01:06',NULL,NULL,1),(10,2,5,NULL,NULL,'2025-03-21 18:01:06','2025-03-21 18:01:06',NULL,NULL,1),(11,3,1,NULL,NULL,'2025-03-21 21:28:22','2025-03-21 21:28:22',NULL,NULL,1),(12,3,2,NULL,NULL,'2025-03-21 21:28:22','2025-03-21 21:28:22',NULL,NULL,1),(13,3,3,NULL,NULL,'2025-03-21 21:28:22','2025-03-21 21:28:22',NULL,NULL,1),(14,3,4,NULL,NULL,'2025-03-21 21:28:22','2025-03-21 21:28:22',NULL,NULL,1),(15,3,5,NULL,NULL,'2025-03-21 21:28:22','2025-03-21 21:28:22',NULL,NULL,1),(16,4,1,NULL,NULL,'2025-03-21 21:35:59','2025-03-21 21:35:59',NULL,NULL,1),(17,4,2,NULL,NULL,'2025-03-21 21:35:59','2025-03-21 21:35:59',NULL,NULL,1),(18,4,3,NULL,NULL,'2025-03-21 21:35:59','2025-03-21 21:35:59',NULL,NULL,1),(19,4,4,NULL,NULL,'2025-03-21 21:35:59','2025-03-21 21:35:59',NULL,NULL,1),(20,4,5,NULL,NULL,'2025-03-21 21:35:59','2025-03-21 21:35:59',NULL,NULL,1),(21,5,1,NULL,NULL,'2025-03-21 21:43:52','2025-03-21 21:43:52',NULL,NULL,1),(22,5,2,NULL,NULL,'2025-03-21 21:43:52','2025-03-21 21:43:52',NULL,NULL,1),(23,5,3,NULL,NULL,'2025-03-21 21:43:52','2025-03-21 21:43:52',NULL,NULL,1),(24,5,4,NULL,NULL,'2025-03-21 21:43:52','2025-03-21 21:43:52',NULL,NULL,1),(25,5,5,NULL,NULL,'2025-03-21 21:43:52','2025-03-21 21:43:52',NULL,NULL,1),(26,6,1,NULL,NULL,'2025-03-21 21:58:21','2025-03-21 21:58:21',NULL,NULL,1),(27,6,2,NULL,NULL,'2025-03-21 21:58:21','2025-03-21 21:58:21',NULL,NULL,1),(28,6,3,NULL,NULL,'2025-03-21 21:58:21','2025-03-21 21:58:21',NULL,NULL,1),(29,6,4,NULL,NULL,'2025-03-21 21:58:21','2025-03-21 21:58:21',NULL,NULL,1),(30,6,5,NULL,NULL,'2025-03-21 21:58:21','2025-03-21 21:58:21',NULL,NULL,1),(31,7,1,NULL,NULL,'2025-03-21 22:11:33','2025-03-21 22:11:33',NULL,NULL,1),(32,7,2,NULL,NULL,'2025-03-21 22:11:33','2025-03-21 22:11:33',NULL,NULL,1),(33,7,3,NULL,NULL,'2025-03-21 22:11:33','2025-03-21 22:11:33',NULL,NULL,1),(34,7,4,NULL,NULL,'2025-03-21 22:11:33','2025-03-21 22:11:33',NULL,NULL,1),(35,7,5,NULL,NULL,'2025-03-21 22:11:33','2025-03-21 22:11:33',NULL,NULL,1),(36,8,1,NULL,NULL,'2025-03-21 22:26:04','2025-03-21 22:26:04',NULL,NULL,1),(37,8,2,NULL,NULL,'2025-03-21 22:26:04','2025-03-21 22:26:04',NULL,NULL,1),(38,8,3,NULL,NULL,'2025-03-21 22:26:04','2025-03-21 22:26:04',NULL,NULL,1),(39,8,4,NULL,NULL,'2025-03-21 22:26:04','2025-03-21 22:26:04',NULL,NULL,1),(40,8,5,NULL,NULL,'2025-03-21 22:26:04','2025-03-21 22:26:04',NULL,NULL,1),(41,9,1,NULL,NULL,'2025-03-21 22:40:47','2025-03-21 22:40:47',NULL,NULL,1),(42,9,2,NULL,NULL,'2025-03-21 22:40:47','2025-03-21 22:40:47',NULL,NULL,1),(43,9,3,NULL,NULL,'2025-03-21 22:40:47','2025-03-21 22:40:47',NULL,NULL,1),(44,9,4,NULL,NULL,'2025-03-21 22:40:47','2025-03-21 22:40:47',NULL,NULL,1),(45,9,5,NULL,NULL,'2025-03-21 22:40:47','2025-03-21 22:40:47',NULL,NULL,1),(46,10,1,NULL,NULL,'2025-03-21 23:08:46','2025-03-21 23:08:46',NULL,NULL,1),(47,10,2,NULL,NULL,'2025-03-21 23:08:46','2025-03-21 23:08:46',NULL,NULL,1),(48,10,3,NULL,NULL,'2025-03-21 23:08:46','2025-03-21 23:08:46',NULL,NULL,1),(49,10,4,NULL,NULL,'2025-03-21 23:08:46','2025-03-21 23:08:46',NULL,NULL,1),(50,10,5,NULL,NULL,'2025-03-21 23:08:46','2025-03-21 23:08:46',NULL,NULL,1),(51,11,1,NULL,NULL,'2025-03-21 23:44:06','2025-03-21 23:44:06',NULL,NULL,1),(52,11,2,NULL,NULL,'2025-03-21 23:44:06','2025-03-21 23:44:06',NULL,NULL,1),(53,11,3,NULL,NULL,'2025-03-21 23:44:06','2025-03-21 23:44:06',NULL,NULL,1),(54,11,4,NULL,NULL,'2025-03-21 23:44:06','2025-03-21 23:44:06',NULL,NULL,1),(55,11,5,NULL,NULL,'2025-03-21 23:44:06','2025-03-21 23:44:06',NULL,NULL,1),(56,12,1,NULL,NULL,'2025-03-22 00:00:51','2025-03-22 00:00:51',NULL,NULL,1),(57,12,2,NULL,NULL,'2025-03-22 00:00:51','2025-03-22 00:00:51',NULL,NULL,1),(58,12,3,NULL,NULL,'2025-03-22 00:00:51','2025-03-22 00:00:51',NULL,NULL,1),(59,12,4,NULL,NULL,'2025-03-22 00:00:51','2025-03-22 00:00:51',NULL,NULL,1),(60,12,5,NULL,NULL,'2025-03-22 00:00:51','2025-03-22 00:00:51',NULL,NULL,1),(61,13,1,NULL,NULL,'2025-03-22 00:21:01','2025-03-22 00:21:01',NULL,NULL,1),(62,13,2,NULL,NULL,'2025-03-22 00:21:01','2025-03-22 00:21:01',NULL,NULL,1),(63,13,3,NULL,NULL,'2025-03-22 00:21:01','2025-03-22 00:21:01',NULL,NULL,1),(64,13,4,NULL,NULL,'2025-03-22 00:21:01','2025-03-22 00:21:01',NULL,NULL,1),(65,13,5,NULL,NULL,'2025-03-22 00:21:01','2025-03-22 00:21:01',NULL,NULL,1),(66,14,1,NULL,NULL,'2025-03-22 00:26:55','2025-03-22 00:26:55',NULL,NULL,1),(67,14,2,NULL,NULL,'2025-03-22 00:26:55','2025-03-22 00:26:55',NULL,NULL,1),(68,14,3,NULL,NULL,'2025-03-22 00:26:55','2025-03-22 00:26:55',NULL,NULL,1),(69,14,4,NULL,NULL,'2025-03-22 00:26:55','2025-03-22 00:26:55',NULL,NULL,1),(70,14,5,NULL,NULL,'2025-03-22 00:26:55','2025-03-22 00:26:55',NULL,NULL,1),(71,15,1,NULL,NULL,'2025-03-22 07:26:34','2025-03-22 07:26:34',NULL,NULL,1),(72,15,2,NULL,NULL,'2025-03-22 07:26:34','2025-03-22 07:26:34',NULL,NULL,1),(73,15,3,NULL,NULL,'2025-03-22 07:26:34','2025-03-22 07:26:34',NULL,NULL,1),(74,15,4,NULL,NULL,'2025-03-22 07:26:34','2025-03-22 07:26:34',NULL,NULL,1),(75,15,5,NULL,NULL,'2025-03-22 07:26:34','2025-03-22 07:26:34',NULL,NULL,1),(76,16,1,NULL,NULL,'2025-03-22 09:01:46','2025-03-22 09:01:46',NULL,NULL,1),(77,16,2,NULL,NULL,'2025-03-22 09:01:46','2025-03-22 09:01:46',NULL,NULL,1),(78,16,3,NULL,NULL,'2025-03-22 09:01:46','2025-03-22 09:01:46',NULL,NULL,1),(79,16,4,NULL,NULL,'2025-03-22 09:01:46','2025-03-22 09:01:46',NULL,NULL,1),(80,16,5,NULL,NULL,'2025-03-22 09:01:46','2025-03-22 09:01:46',NULL,NULL,1),(81,17,1,NULL,NULL,'2025-03-22 10:36:52','2025-03-22 10:36:52',NULL,NULL,1),(82,17,2,NULL,NULL,'2025-03-22 10:36:52','2025-03-22 10:36:52',NULL,NULL,1),(83,17,3,NULL,NULL,'2025-03-22 10:36:52','2025-03-22 10:36:52',NULL,NULL,1),(84,17,4,NULL,NULL,'2025-03-22 10:36:52','2025-03-22 10:36:52',NULL,NULL,1),(85,17,5,NULL,NULL,'2025-03-22 10:36:52','2025-03-22 10:36:52',NULL,NULL,1),(86,18,1,NULL,NULL,'2025-03-22 11:37:03','2025-03-22 11:37:03',NULL,NULL,1),(87,18,2,NULL,NULL,'2025-03-22 11:37:03','2025-03-22 11:37:03',NULL,NULL,1),(88,18,3,NULL,NULL,'2025-03-22 11:37:03','2025-03-22 11:37:03',NULL,NULL,1),(89,18,4,NULL,NULL,'2025-03-22 11:37:03','2025-03-22 11:37:03',NULL,NULL,1),(90,18,5,NULL,NULL,'2025-03-22 11:37:03','2025-03-22 11:37:03',NULL,NULL,1),(91,19,1,NULL,NULL,'2025-03-22 21:38:36','2025-03-22 21:38:36',NULL,NULL,1),(92,19,2,NULL,NULL,'2025-03-22 21:38:36','2025-03-22 21:38:36',NULL,NULL,1),(93,19,3,NULL,NULL,'2025-03-22 21:38:36','2025-03-22 21:38:36',NULL,NULL,1),(94,19,4,NULL,NULL,'2025-03-22 21:38:36','2025-03-22 21:38:36',NULL,NULL,1),(95,19,5,NULL,NULL,'2025-03-22 21:38:36','2025-03-22 21:38:36',NULL,NULL,1),(96,20,1,NULL,NULL,'2025-03-22 22:30:20','2025-03-22 22:30:20',NULL,NULL,1),(97,20,2,NULL,NULL,'2025-03-22 22:30:20','2025-03-22 22:30:20',NULL,NULL,1),(98,20,3,NULL,NULL,'2025-03-22 22:30:20','2025-03-22 22:30:20',NULL,NULL,1),(99,20,4,NULL,NULL,'2025-03-22 22:30:21','2025-03-22 22:30:21',NULL,NULL,1),(100,20,5,NULL,NULL,'2025-03-22 22:30:21','2025-03-22 22:30:21',NULL,NULL,1),(101,21,1,NULL,NULL,'2025-03-23 11:23:02','2025-03-23 11:23:02',NULL,NULL,1),(102,21,2,NULL,NULL,'2025-03-23 11:23:02','2025-03-23 11:23:02',NULL,NULL,1),(103,21,3,NULL,NULL,'2025-03-23 11:23:02','2025-03-23 11:23:02',NULL,NULL,1),(104,21,4,NULL,NULL,'2025-03-23 11:23:02','2025-03-23 11:23:02',NULL,NULL,1),(105,21,5,NULL,NULL,'2025-03-23 11:23:02','2025-03-23 11:23:02',NULL,NULL,1),(106,22,1,NULL,NULL,'2025-03-23 11:26:12','2025-03-23 11:26:12',NULL,NULL,1),(107,22,2,NULL,NULL,'2025-03-23 11:26:12','2025-03-23 11:26:12',NULL,NULL,1),(108,22,3,NULL,NULL,'2025-03-23 11:26:12','2025-03-23 11:26:12',NULL,NULL,1),(109,22,4,NULL,NULL,'2025-03-23 11:26:12','2025-03-23 11:26:12',NULL,NULL,1),(110,22,5,NULL,NULL,'2025-03-23 11:26:12','2025-03-23 11:26:12',NULL,NULL,1),(111,23,1,NULL,NULL,'2025-03-23 11:28:07','2025-03-23 11:28:07',NULL,NULL,1),(112,23,2,NULL,NULL,'2025-03-23 11:28:07','2025-03-23 11:28:07',NULL,NULL,1),(113,23,3,NULL,NULL,'2025-03-23 11:28:07','2025-03-23 11:28:07',NULL,NULL,1),(114,23,4,NULL,NULL,'2025-03-23 11:28:07','2025-03-23 11:28:07',NULL,NULL,1),(115,23,5,NULL,NULL,'2025-03-23 11:28:07','2025-03-23 11:28:07',NULL,NULL,1),(116,24,1,NULL,NULL,'2025-03-23 11:38:18','2025-03-23 11:38:18',NULL,NULL,1),(117,24,2,NULL,NULL,'2025-03-23 11:38:18','2025-03-23 11:38:18',NULL,NULL,1),(118,24,3,NULL,NULL,'2025-03-23 11:38:18','2025-03-23 11:38:18',NULL,NULL,1),(119,24,4,NULL,NULL,'2025-03-23 11:38:18','2025-03-23 11:38:18',NULL,NULL,1),(120,24,5,NULL,NULL,'2025-03-23 11:38:18','2025-03-23 11:38:18',NULL,NULL,1),(121,25,1,NULL,NULL,'2025-03-23 11:50:12','2025-03-23 11:50:12',NULL,NULL,1),(122,25,2,NULL,NULL,'2025-03-23 11:50:12','2025-03-23 11:50:12',NULL,NULL,1),(123,25,3,NULL,NULL,'2025-03-23 11:50:12','2025-03-23 11:50:12',NULL,NULL,1),(124,25,4,NULL,NULL,'2025-03-23 11:50:12','2025-03-23 11:50:12',NULL,NULL,1),(125,25,5,NULL,NULL,'2025-03-23 11:50:12','2025-03-23 11:50:12',NULL,NULL,1),(126,26,1,NULL,NULL,'2025-03-23 12:03:02','2025-03-23 12:03:02',NULL,NULL,1),(127,26,2,NULL,NULL,'2025-03-23 12:03:02','2025-03-23 12:03:02',NULL,NULL,1),(128,26,3,NULL,NULL,'2025-03-23 12:03:02','2025-03-23 12:03:02',NULL,NULL,1),(129,26,4,NULL,NULL,'2025-03-23 12:03:02','2025-03-23 12:03:02',NULL,NULL,1),(130,26,5,NULL,NULL,'2025-03-23 12:03:02','2025-03-23 12:03:02',NULL,NULL,1),(131,27,1,NULL,NULL,'2025-03-23 12:17:28','2025-03-23 12:17:28',NULL,NULL,1),(132,27,2,NULL,NULL,'2025-03-23 12:17:28','2025-03-23 12:17:28',NULL,NULL,1),(133,27,3,NULL,NULL,'2025-03-23 12:17:28','2025-03-23 12:17:28',NULL,NULL,1),(134,27,4,NULL,NULL,'2025-03-23 12:17:28','2025-03-23 12:17:28',NULL,NULL,1),(135,27,5,NULL,NULL,'2025-03-23 12:17:28','2025-03-23 12:17:28',NULL,NULL,1),(136,28,1,NULL,NULL,'2025-03-23 12:30:55','2025-03-23 12:30:55',NULL,NULL,1),(137,28,2,NULL,NULL,'2025-03-23 12:30:55','2025-03-23 12:30:55',NULL,NULL,1),(138,28,3,NULL,NULL,'2025-03-23 12:30:55','2025-03-23 12:30:55',NULL,NULL,1),(139,28,4,NULL,NULL,'2025-03-23 12:30:55','2025-03-23 12:30:55',NULL,NULL,1),(140,28,5,NULL,NULL,'2025-03-23 12:30:55','2025-03-23 12:30:55',NULL,NULL,1),(141,29,1,NULL,NULL,'2025-03-23 12:35:54','2025-03-23 12:35:54',NULL,NULL,1),(142,29,2,NULL,NULL,'2025-03-23 12:35:54','2025-03-23 12:35:54',NULL,NULL,1),(143,29,3,NULL,NULL,'2025-03-23 12:35:54','2025-03-23 12:35:54',NULL,NULL,1),(144,29,4,NULL,NULL,'2025-03-23 12:35:54','2025-03-23 12:35:54',NULL,NULL,1),(145,29,5,NULL,NULL,'2025-03-23 12:35:54','2025-03-23 12:35:54',NULL,NULL,1),(146,30,1,NULL,NULL,'2025-03-23 12:58:25','2025-03-23 12:58:25',NULL,NULL,1),(147,30,2,NULL,NULL,'2025-03-23 12:58:25','2025-03-23 12:58:25',NULL,NULL,1),(148,30,3,NULL,NULL,'2025-03-23 12:58:25','2025-03-23 12:58:25',NULL,NULL,1),(149,30,4,NULL,NULL,'2025-03-23 12:58:25','2025-03-23 12:58:25',NULL,NULL,1),(150,30,5,NULL,NULL,'2025-03-23 12:58:25','2025-03-23 12:58:25',NULL,NULL,1),(151,31,1,NULL,NULL,'2025-03-23 13:47:20','2025-03-23 13:47:20',NULL,NULL,1),(152,31,2,NULL,NULL,'2025-03-23 13:47:20','2025-03-23 13:47:20',NULL,NULL,1),(153,31,3,NULL,NULL,'2025-03-23 13:47:20','2025-03-23 13:47:20',NULL,NULL,1),(154,31,4,NULL,NULL,'2025-03-23 13:47:20','2025-03-23 13:47:20',NULL,NULL,1),(155,31,5,NULL,NULL,'2025-03-23 13:47:20','2025-03-23 13:47:20',NULL,NULL,1),(156,32,1,NULL,NULL,'2025-03-23 13:51:14','2025-03-23 13:51:14',NULL,NULL,1),(157,32,2,NULL,NULL,'2025-03-23 13:51:14','2025-03-23 13:51:14',NULL,NULL,1),(158,32,3,NULL,NULL,'2025-03-23 13:51:14','2025-03-23 13:51:14',NULL,NULL,1),(159,32,4,NULL,NULL,'2025-03-23 13:51:14','2025-03-23 13:51:14',NULL,NULL,1),(160,32,5,NULL,NULL,'2025-03-23 13:51:14','2025-03-23 13:51:14',NULL,NULL,1),(161,33,1,NULL,NULL,'2025-03-23 14:32:07','2025-03-23 14:32:07',NULL,NULL,1),(162,33,2,NULL,NULL,'2025-03-23 14:32:07','2025-03-23 14:32:07',NULL,NULL,1),(163,33,3,NULL,NULL,'2025-03-23 14:32:07','2025-03-23 14:32:07',NULL,NULL,1),(164,33,4,NULL,NULL,'2025-03-23 14:32:07','2025-03-23 14:32:07',NULL,NULL,1),(165,33,5,NULL,NULL,'2025-03-23 14:32:07','2025-03-23 14:32:07',NULL,NULL,1),(166,34,1,NULL,NULL,'2025-03-23 14:56:04','2025-03-23 14:56:04',NULL,NULL,1),(167,34,2,NULL,NULL,'2025-03-23 14:56:04','2025-03-23 14:56:04',NULL,NULL,1),(168,34,3,NULL,NULL,'2025-03-23 14:56:04','2025-03-23 14:56:04',NULL,NULL,1),(169,34,4,NULL,NULL,'2025-03-23 14:56:04','2025-03-23 14:56:04',NULL,NULL,1),(170,34,5,NULL,NULL,'2025-03-23 14:56:04','2025-03-23 14:56:04',NULL,NULL,1),(171,35,1,NULL,NULL,'2025-03-23 16:49:26','2025-03-23 16:49:26',NULL,NULL,1),(172,35,2,NULL,NULL,'2025-03-23 16:49:26','2025-03-23 16:49:26',NULL,NULL,1),(173,35,3,NULL,NULL,'2025-03-23 16:49:26','2025-03-23 16:49:26',NULL,NULL,1),(174,35,4,NULL,NULL,'2025-03-23 16:49:26','2025-03-23 16:49:26',NULL,NULL,1),(175,35,5,NULL,NULL,'2025-03-23 16:49:26','2025-03-23 16:49:26',NULL,NULL,1),(176,36,1,NULL,NULL,'2025-03-23 16:56:21','2025-03-23 16:56:21',NULL,NULL,1),(177,36,2,NULL,NULL,'2025-03-23 16:56:21','2025-03-23 16:56:21',NULL,NULL,1),(178,36,3,NULL,NULL,'2025-03-23 16:56:21','2025-03-23 16:56:21',NULL,NULL,1),(179,36,4,NULL,NULL,'2025-03-23 16:56:21','2025-03-23 16:56:21',NULL,NULL,1),(180,36,5,NULL,NULL,'2025-03-23 16:56:21','2025-03-23 16:56:21',NULL,NULL,1),(181,37,1,NULL,NULL,'2025-03-23 17:02:09','2025-03-23 17:02:09',NULL,NULL,1),(182,37,2,NULL,NULL,'2025-03-23 17:02:09','2025-03-23 17:02:09',NULL,NULL,1),(183,37,3,NULL,NULL,'2025-03-23 17:02:09','2025-03-23 17:02:09',NULL,NULL,1),(184,37,4,NULL,NULL,'2025-03-23 17:02:09','2025-03-23 17:02:09',NULL,NULL,1),(185,37,5,NULL,NULL,'2025-03-23 17:02:09','2025-03-23 17:02:09',NULL,NULL,1),(186,38,1,NULL,NULL,'2025-03-23 17:05:06','2025-03-23 17:05:06',NULL,NULL,1),(187,38,2,NULL,NULL,'2025-03-23 17:05:06','2025-03-23 17:05:06',NULL,NULL,1),(188,38,3,NULL,NULL,'2025-03-23 17:05:06','2025-03-23 17:05:06',NULL,NULL,1),(189,38,4,NULL,NULL,'2025-03-23 17:05:06','2025-03-23 17:05:06',NULL,NULL,1),(190,38,5,NULL,NULL,'2025-03-23 17:05:06','2025-03-23 17:05:06',NULL,NULL,1),(191,39,1,NULL,NULL,'2025-03-23 17:09:09','2025-03-23 17:09:09',NULL,NULL,1),(192,39,2,NULL,NULL,'2025-03-23 17:09:09','2025-03-23 17:09:09',NULL,NULL,1),(193,39,3,NULL,NULL,'2025-03-23 17:09:09','2025-03-23 17:09:09',NULL,NULL,1),(194,39,4,NULL,NULL,'2025-03-23 17:09:09','2025-03-23 17:09:09',NULL,NULL,1),(195,39,5,NULL,NULL,'2025-03-23 17:09:09','2025-03-23 17:09:09',NULL,NULL,1),(196,40,1,NULL,NULL,'2025-03-23 17:23:37','2025-03-23 17:23:37',NULL,NULL,1),(197,40,2,NULL,NULL,'2025-03-23 17:23:37','2025-03-23 17:23:37',NULL,NULL,1),(198,40,3,NULL,NULL,'2025-03-23 17:23:37','2025-03-23 17:23:37',NULL,NULL,1),(199,40,4,NULL,NULL,'2025-03-23 17:23:37','2025-03-23 17:23:37',NULL,NULL,1),(200,40,5,NULL,NULL,'2025-03-23 17:23:37','2025-03-23 17:23:37',NULL,NULL,1),(201,41,1,NULL,NULL,'2025-03-24 12:02:15','2025-03-24 12:02:15',NULL,NULL,1),(202,41,2,NULL,NULL,'2025-03-24 12:02:15','2025-03-24 12:02:15',NULL,NULL,1),(203,41,3,NULL,NULL,'2025-03-24 12:02:15','2025-03-24 12:02:15',NULL,NULL,1),(204,41,4,NULL,NULL,'2025-03-24 12:02:15','2025-03-24 12:02:15',NULL,NULL,1),(205,41,5,NULL,NULL,'2025-03-24 12:02:15','2025-03-24 12:02:15',NULL,NULL,1),(206,42,1,NULL,NULL,'2025-03-24 13:26:26','2025-03-24 13:26:26',NULL,NULL,1),(207,42,2,NULL,NULL,'2025-03-24 13:26:26','2025-03-24 13:26:26',NULL,NULL,1),(208,42,3,NULL,NULL,'2025-03-24 13:26:26','2025-03-24 13:26:26',NULL,NULL,1),(209,42,4,NULL,NULL,'2025-03-24 13:26:26','2025-03-24 13:26:26',NULL,NULL,1),(210,42,5,NULL,NULL,'2025-03-24 13:26:26','2025-03-24 13:26:26',NULL,NULL,1),(211,43,1,NULL,NULL,'2025-03-24 13:37:16','2025-03-24 13:37:16',NULL,NULL,1),(212,43,2,NULL,NULL,'2025-03-24 13:37:16','2025-03-24 13:37:16',NULL,NULL,1),(213,43,3,NULL,NULL,'2025-03-24 13:37:16','2025-03-24 13:37:16',NULL,NULL,1),(214,43,4,NULL,NULL,'2025-03-24 13:37:16','2025-03-24 13:37:16',NULL,NULL,1),(215,43,5,NULL,NULL,'2025-03-24 13:37:16','2025-03-24 13:37:16',NULL,NULL,1),(216,44,1,NULL,NULL,'2025-03-24 14:21:28','2025-03-24 14:21:28',NULL,NULL,1),(217,44,2,NULL,NULL,'2025-03-24 14:21:28','2025-03-24 14:21:28',NULL,NULL,1),(218,44,3,NULL,NULL,'2025-03-24 14:21:28','2025-03-24 14:21:28',NULL,NULL,1),(219,44,4,NULL,NULL,'2025-03-24 14:21:28','2025-03-24 14:21:28',NULL,NULL,1),(220,44,5,NULL,NULL,'2025-03-24 14:21:28','2025-03-24 14:21:28',NULL,NULL,1),(221,45,1,NULL,NULL,'2025-03-24 14:36:17','2025-03-24 14:36:17',NULL,NULL,1),(222,45,2,NULL,NULL,'2025-03-24 14:36:17','2025-03-24 14:36:17',NULL,NULL,1),(223,45,3,NULL,NULL,'2025-03-24 14:36:17','2025-03-24 14:36:17',NULL,NULL,1),(224,45,4,NULL,NULL,'2025-03-24 14:36:17','2025-03-24 14:36:17',NULL,NULL,1),(225,45,5,NULL,NULL,'2025-03-24 14:36:17','2025-03-24 14:36:17',NULL,NULL,1),(226,46,1,NULL,NULL,'2025-03-24 15:06:30','2025-03-24 15:06:30',NULL,NULL,1),(227,46,2,NULL,NULL,'2025-03-24 15:06:30','2025-03-24 15:06:30',NULL,NULL,1),(228,46,3,NULL,NULL,'2025-03-24 15:06:30','2025-03-24 15:06:30',NULL,NULL,1),(229,46,4,NULL,NULL,'2025-03-24 15:06:30','2025-03-24 15:06:30',NULL,NULL,1),(230,46,5,NULL,NULL,'2025-03-24 15:06:30','2025-03-24 15:06:30',NULL,NULL,1),(231,47,1,NULL,NULL,'2025-03-24 16:41:17','2025-03-24 16:41:17',NULL,NULL,1),(232,47,2,NULL,NULL,'2025-03-24 16:41:17','2025-03-24 16:41:17',NULL,NULL,1),(233,47,3,NULL,NULL,'2025-03-24 16:41:17','2025-03-24 16:41:17',NULL,NULL,1),(234,47,4,NULL,NULL,'2025-03-24 16:41:17','2025-03-24 16:41:17',NULL,NULL,1),(235,47,5,NULL,NULL,'2025-03-24 16:41:17','2025-03-24 16:41:17',NULL,NULL,1),(236,48,1,NULL,NULL,'2025-03-24 22:20:40','2025-03-24 22:20:40',NULL,NULL,1),(237,48,2,NULL,NULL,'2025-03-24 22:20:40','2025-03-24 22:20:40',NULL,NULL,1),(238,48,3,NULL,NULL,'2025-03-24 22:20:40','2025-03-24 22:20:40',NULL,NULL,1),(239,48,4,NULL,NULL,'2025-03-24 22:20:40','2025-03-24 22:20:40',NULL,NULL,1),(240,48,5,NULL,NULL,'2025-03-24 22:20:40','2025-03-24 22:20:40',NULL,NULL,1),(241,49,1,NULL,NULL,'2025-08-23 14:04:23','2025-08-23 14:04:23',NULL,NULL,1),(242,49,2,NULL,NULL,'2025-08-23 14:04:23','2025-08-23 14:04:23',NULL,NULL,1),(243,49,3,NULL,NULL,'2025-08-23 14:04:23','2025-08-23 14:04:23',NULL,NULL,1),(244,49,4,NULL,NULL,'2025-08-23 14:04:23','2025-08-23 14:04:23',NULL,NULL,1),(245,49,5,NULL,NULL,'2025-08-23 14:04:23','2025-08-23 14:04:23',NULL,NULL,1),(246,50,1,NULL,NULL,'2025-08-28 17:42:21','2025-08-28 17:42:21',NULL,NULL,1),(247,50,2,NULL,NULL,'2025-08-28 17:42:21','2025-08-28 17:42:21',NULL,NULL,1),(248,50,3,NULL,NULL,'2025-08-28 17:42:21','2025-08-28 17:42:21',NULL,NULL,1),(249,50,4,NULL,NULL,'2025-08-28 17:42:21','2025-08-28 17:42:21',NULL,NULL,1),(250,50,5,NULL,NULL,'2025-08-28 17:42:21','2025-08-28 17:42:21',NULL,NULL,1),(251,51,1,NULL,NULL,'2025-08-28 17:44:09','2025-08-28 17:44:09',NULL,NULL,1),(252,51,2,NULL,NULL,'2025-08-28 17:44:09','2025-08-28 17:44:09',NULL,NULL,1),(253,51,3,NULL,NULL,'2025-08-28 17:44:09','2025-08-28 17:44:09',NULL,NULL,1),(254,51,4,NULL,NULL,'2025-08-28 17:44:09','2025-08-28 17:44:09',NULL,NULL,1),(255,51,5,NULL,NULL,'2025-08-28 17:44:09','2025-08-28 17:44:09',NULL,NULL,1),(256,52,1,NULL,NULL,'2025-08-29 09:00:39','2025-08-29 09:00:39',NULL,NULL,1),(257,52,2,NULL,NULL,'2025-08-29 09:00:39','2025-08-29 09:00:39',NULL,NULL,1),(258,52,3,NULL,NULL,'2025-08-29 09:00:39','2025-08-29 09:00:39',NULL,NULL,1),(259,52,4,NULL,NULL,'2025-08-29 09:00:39','2025-08-29 09:00:39',NULL,NULL,1),(260,52,5,NULL,NULL,'2025-08-29 09:00:39','2025-08-29 09:00:39',NULL,NULL,1),(261,53,1,NULL,NULL,'2025-08-29 09:39:00','2025-08-29 09:39:00',NULL,NULL,1),(262,53,2,NULL,NULL,'2025-08-29 09:39:00','2025-08-29 09:39:00',NULL,NULL,1),(263,53,3,NULL,NULL,'2025-08-29 09:39:00','2025-08-29 09:39:00',NULL,NULL,1),(264,53,4,NULL,NULL,'2025-08-29 09:39:00','2025-08-29 09:39:00',NULL,NULL,1),(265,53,5,NULL,NULL,'2025-08-29 09:39:00','2025-08-29 09:39:00',NULL,NULL,1),(266,54,1,NULL,NULL,'2025-08-29 14:15:47','2025-08-29 14:15:47',NULL,NULL,1),(267,54,2,NULL,NULL,'2025-08-29 14:15:47','2025-08-29 14:15:47',NULL,NULL,1),(268,54,3,NULL,NULL,'2025-08-29 14:15:47','2025-08-29 14:15:47',NULL,NULL,1),(269,54,4,NULL,NULL,'2025-08-29 14:15:47','2025-08-29 14:15:47',NULL,NULL,1),(270,54,5,NULL,NULL,'2025-08-29 14:15:47','2025-08-29 14:15:47',NULL,NULL,1),(271,55,1,NULL,NULL,'2025-09-01 19:20:33','2025-09-01 19:20:33',NULL,NULL,1),(272,55,2,NULL,NULL,'2025-09-01 19:20:33','2025-09-01 19:20:33',NULL,NULL,1),(273,55,3,NULL,NULL,'2025-09-01 19:20:33','2025-09-01 19:20:33',NULL,NULL,1),(274,55,4,NULL,NULL,'2025-09-01 19:20:33','2025-09-01 19:20:33',NULL,NULL,1),(275,55,5,NULL,NULL,'2025-09-01 19:20:33','2025-09-01 19:20:33',NULL,NULL,1),(276,56,1,NULL,NULL,'2025-09-03 08:20:38','2025-09-03 08:20:38',NULL,NULL,1),(277,56,2,NULL,NULL,'2025-09-03 08:20:38','2025-09-03 08:20:38',NULL,NULL,1),(278,56,3,NULL,NULL,'2025-09-03 08:20:38','2025-09-03 08:20:38',NULL,NULL,1),(279,56,4,NULL,NULL,'2025-09-03 08:20:38','2025-09-03 08:20:38',NULL,NULL,1),(280,56,5,NULL,NULL,'2025-09-03 08:20:38','2025-09-03 08:20:38',NULL,NULL,1),(281,57,1,NULL,NULL,'2025-09-03 08:28:56','2025-09-03 08:28:56',NULL,NULL,1),(282,57,2,NULL,NULL,'2025-09-03 08:28:56','2025-09-03 08:28:56',NULL,NULL,1),(283,57,3,NULL,NULL,'2025-09-03 08:28:56','2025-09-03 08:28:56',NULL,NULL,1),(284,57,4,NULL,NULL,'2025-09-03 08:28:56','2025-09-03 08:28:56',NULL,NULL,1),(285,57,5,NULL,NULL,'2025-09-03 08:28:56','2025-09-03 08:28:56',NULL,NULL,1),(286,58,1,NULL,NULL,'2025-09-03 08:51:05','2025-09-03 08:51:05',NULL,NULL,1),(287,58,2,NULL,NULL,'2025-09-03 08:51:05','2025-09-03 08:51:05',NULL,NULL,1),(288,58,3,NULL,NULL,'2025-09-03 08:51:05','2025-09-03 08:51:05',NULL,NULL,1),(289,58,4,NULL,NULL,'2025-09-03 08:51:05','2025-09-03 08:51:05',NULL,NULL,1),(290,58,5,NULL,NULL,'2025-09-03 08:51:05','2025-09-03 08:51:05',NULL,NULL,1),(291,59,1,NULL,NULL,'2025-09-03 09:38:06','2025-09-03 09:38:06',NULL,NULL,1),(292,59,2,NULL,NULL,'2025-09-03 09:38:06','2025-09-03 09:38:06',NULL,NULL,1),(293,59,3,NULL,NULL,'2025-09-03 09:38:06','2025-09-03 09:38:06',NULL,NULL,1),(294,59,4,NULL,NULL,'2025-09-03 09:38:06','2025-09-03 09:38:06',NULL,NULL,1),(295,59,5,NULL,NULL,'2025-09-03 09:38:06','2025-09-03 09:38:06',NULL,NULL,1),(296,60,1,NULL,NULL,'2025-09-06 12:13:40','2025-09-06 12:13:40',NULL,NULL,1),(297,60,2,NULL,NULL,'2025-09-06 12:13:40','2025-09-06 12:13:40',NULL,NULL,1),(298,60,3,NULL,NULL,'2025-09-06 12:13:40','2025-09-06 12:13:40',NULL,NULL,1),(299,60,4,NULL,NULL,'2025-09-06 12:13:40','2025-09-06 12:13:40',NULL,NULL,1),(300,60,5,NULL,NULL,'2025-09-06 12:13:40','2025-09-06 12:13:40',NULL,NULL,1),(301,61,1,NULL,NULL,'2025-09-12 18:41:09','2025-09-12 18:41:09',NULL,NULL,1),(302,61,2,NULL,NULL,'2025-09-12 18:41:09','2025-09-12 18:41:09',NULL,NULL,1),(303,61,3,NULL,NULL,'2025-09-12 18:41:09','2025-09-12 18:41:09',NULL,NULL,1),(304,61,4,NULL,NULL,'2025-09-12 18:41:09','2025-09-12 18:41:09',NULL,NULL,1),(305,61,5,NULL,NULL,'2025-09-12 18:41:09','2025-09-12 18:41:09',NULL,NULL,1),(306,62,1,NULL,NULL,'2025-09-12 19:31:38','2025-09-12 19:31:38',NULL,NULL,1),(307,62,2,NULL,NULL,'2025-09-12 19:31:38','2025-09-12 19:31:38',NULL,NULL,1),(308,62,3,NULL,NULL,'2025-09-12 19:31:38','2025-09-12 19:31:38',NULL,NULL,1),(309,62,4,NULL,NULL,'2025-09-12 19:31:38','2025-09-12 19:31:38',NULL,NULL,1),(310,62,5,NULL,NULL,'2025-09-12 19:31:38','2025-09-12 19:31:38',NULL,NULL,1),(311,63,1,NULL,NULL,'2025-09-12 20:02:48','2025-09-12 20:02:48',NULL,NULL,1),(312,63,2,NULL,NULL,'2025-09-12 20:02:48','2025-09-12 20:02:48',NULL,NULL,1),(313,63,3,NULL,NULL,'2025-09-12 20:02:48','2025-09-12 20:02:48',NULL,NULL,1),(314,63,4,NULL,NULL,'2025-09-12 20:02:48','2025-09-12 20:02:48',NULL,NULL,1),(315,63,5,NULL,NULL,'2025-09-12 20:02:48','2025-09-12 20:02:48',NULL,NULL,1),(316,64,1,NULL,NULL,'2025-10-07 18:09:08','2025-10-07 18:09:08',NULL,NULL,1),(317,64,2,NULL,NULL,'2025-10-07 18:09:08','2025-10-07 18:09:08',NULL,NULL,1),(318,64,3,NULL,NULL,'2025-10-07 18:09:08','2025-10-07 18:09:08',NULL,NULL,1),(319,64,4,NULL,NULL,'2025-10-07 18:09:08','2025-10-07 18:09:08',NULL,NULL,1),(320,64,5,NULL,NULL,'2025-10-07 18:09:08','2025-10-07 18:09:08',NULL,NULL,1),(321,65,1,NULL,NULL,'2025-10-10 08:43:41','2025-10-10 08:43:41',NULL,NULL,1),(322,65,2,NULL,NULL,'2025-10-10 08:43:41','2025-10-10 08:43:41',NULL,NULL,1),(323,65,3,NULL,NULL,'2025-10-10 08:43:41','2025-10-10 08:43:41',NULL,NULL,1),(324,65,4,NULL,NULL,'2025-10-10 08:43:41','2025-10-10 08:43:41',NULL,NULL,1),(325,65,5,NULL,NULL,'2025-10-10 08:43:41','2025-10-10 08:43:41',NULL,NULL,1),(326,66,1,NULL,NULL,'2025-10-10 09:02:53','2025-10-10 09:02:53',NULL,NULL,1),(327,66,2,NULL,NULL,'2025-10-10 09:02:53','2025-10-10 09:02:53',NULL,NULL,1),(328,66,3,NULL,NULL,'2025-10-10 09:02:53','2025-10-10 09:02:53',NULL,NULL,1),(329,66,4,NULL,NULL,'2025-10-10 09:02:53','2025-10-10 09:02:53',NULL,NULL,1),(330,66,5,NULL,NULL,'2025-10-10 09:02:53','2025-10-10 09:02:53',NULL,NULL,1),(331,67,1,NULL,NULL,'2025-10-10 09:08:37','2025-10-10 09:08:37',NULL,NULL,1),(332,67,2,NULL,NULL,'2025-10-10 09:08:37','2025-10-10 09:08:37',NULL,NULL,1),(333,67,3,NULL,NULL,'2025-10-10 09:08:37','2025-10-10 09:08:37',NULL,NULL,1),(334,67,4,NULL,NULL,'2025-10-10 09:08:37','2025-10-10 09:08:37',NULL,NULL,1),(335,67,5,NULL,NULL,'2025-10-10 09:08:37','2025-10-10 09:08:37',NULL,NULL,1),(336,68,1,NULL,NULL,'2025-10-10 09:37:32','2025-10-10 09:37:32',NULL,NULL,1),(337,68,2,NULL,NULL,'2025-10-10 09:37:32','2025-10-10 09:37:32',NULL,NULL,1),(338,68,3,NULL,NULL,'2025-10-10 09:37:32','2025-10-10 09:37:32',NULL,NULL,1),(339,68,4,NULL,NULL,'2025-10-10 09:37:32','2025-10-10 09:37:32',NULL,NULL,1),(340,68,5,NULL,NULL,'2025-10-10 09:37:32','2025-10-10 09:37:32',NULL,NULL,1),(341,69,1,NULL,NULL,'2025-10-10 10:11:14','2025-10-10 10:11:14',NULL,NULL,1),(342,69,2,NULL,NULL,'2025-10-10 10:11:14','2025-10-10 10:11:14',NULL,NULL,1),(343,69,3,NULL,NULL,'2025-10-10 10:11:14','2025-10-10 10:11:14',NULL,NULL,1),(344,69,4,NULL,NULL,'2025-10-10 10:11:14','2025-10-10 10:11:14',NULL,NULL,1),(345,69,5,NULL,NULL,'2025-10-10 10:11:14','2025-10-10 10:11:14',NULL,NULL,1),(346,70,1,NULL,NULL,'2025-10-10 10:19:01','2025-10-10 10:19:01',NULL,NULL,1),(347,70,2,NULL,NULL,'2025-10-10 10:19:01','2025-10-10 10:19:01',NULL,NULL,1),(348,70,3,NULL,NULL,'2025-10-10 10:19:01','2025-10-10 10:19:01',NULL,NULL,1),(349,70,4,NULL,NULL,'2025-10-10 10:19:01','2025-10-10 10:19:01',NULL,NULL,1),(350,70,5,NULL,NULL,'2025-10-10 10:19:01','2025-10-10 10:19:01',NULL,NULL,1),(351,71,1,NULL,NULL,'2025-10-10 10:23:54','2025-10-10 10:23:54',NULL,NULL,1),(352,71,2,NULL,NULL,'2025-10-10 10:23:54','2025-10-10 10:23:54',NULL,NULL,1),(353,71,3,NULL,NULL,'2025-10-10 10:23:54','2025-10-10 10:23:54',NULL,NULL,1),(354,71,4,NULL,NULL,'2025-10-10 10:23:54','2025-10-10 10:23:54',NULL,NULL,1),(355,71,5,NULL,NULL,'2025-10-10 10:23:54','2025-10-10 10:23:54',NULL,NULL,1),(356,72,1,NULL,NULL,'2025-10-10 10:29:41','2025-10-10 10:29:41',NULL,NULL,1),(357,72,2,NULL,NULL,'2025-10-10 10:29:41','2025-10-10 10:29:41',NULL,NULL,1),(358,72,3,NULL,NULL,'2025-10-10 10:29:41','2025-10-10 10:29:41',NULL,NULL,1),(359,72,4,NULL,NULL,'2025-10-10 10:29:41','2025-10-10 10:29:41',NULL,NULL,1),(360,72,5,NULL,NULL,'2025-10-10 10:29:41','2025-10-10 10:29:41',NULL,NULL,1),(361,73,1,NULL,NULL,'2025-10-10 10:34:33','2025-10-10 10:34:33',NULL,NULL,1),(362,73,2,NULL,NULL,'2025-10-10 10:34:33','2025-10-10 10:34:33',NULL,NULL,1),(363,73,3,NULL,NULL,'2025-10-10 10:34:33','2025-10-10 10:34:33',NULL,NULL,1),(364,73,4,NULL,NULL,'2025-10-10 10:34:33','2025-10-10 10:34:33',NULL,NULL,1),(365,73,5,NULL,NULL,'2025-10-10 10:34:33','2025-10-10 10:34:33',NULL,NULL,1),(366,74,1,NULL,NULL,'2025-10-10 10:37:19','2025-10-10 10:37:19',NULL,NULL,1),(367,74,2,NULL,NULL,'2025-10-10 10:37:19','2025-10-10 10:37:19',NULL,NULL,1),(368,74,3,NULL,NULL,'2025-10-10 10:37:19','2025-10-10 10:37:19',NULL,NULL,1),(369,74,4,NULL,NULL,'2025-10-10 10:37:19','2025-10-10 10:37:19',NULL,NULL,1),(370,74,5,NULL,NULL,'2025-10-10 10:37:19','2025-10-10 10:37:19',NULL,NULL,1),(371,75,1,NULL,NULL,'2025-10-10 10:38:56','2025-10-10 10:38:56',NULL,NULL,1),(372,75,2,NULL,NULL,'2025-10-10 10:38:56','2025-10-10 10:38:56',NULL,NULL,1),(373,75,3,NULL,NULL,'2025-10-10 10:38:56','2025-10-10 10:38:56',NULL,NULL,1),(374,75,4,NULL,NULL,'2025-10-10 10:38:56','2025-10-10 10:38:56',NULL,NULL,1),(375,75,5,NULL,NULL,'2025-10-10 10:38:56','2025-10-10 10:38:56',NULL,NULL,1),(376,76,1,NULL,NULL,'2025-10-10 10:41:19','2025-10-10 10:41:19',NULL,NULL,1),(377,76,2,NULL,NULL,'2025-10-10 10:41:19','2025-10-10 10:41:19',NULL,NULL,1),(378,76,3,NULL,NULL,'2025-10-10 10:41:19','2025-10-10 10:41:19',NULL,NULL,1),(379,76,4,NULL,NULL,'2025-10-10 10:41:19','2025-10-10 10:41:19',NULL,NULL,1),(380,76,5,NULL,NULL,'2025-10-10 10:41:19','2025-10-10 10:41:19',NULL,NULL,1),(381,77,1,NULL,NULL,'2025-10-10 11:04:17','2025-10-10 11:04:17',NULL,NULL,1),(382,77,2,NULL,NULL,'2025-10-10 11:04:17','2025-10-10 11:04:17',NULL,NULL,1),(383,77,3,NULL,NULL,'2025-10-10 11:04:17','2025-10-10 11:04:17',NULL,NULL,1),(384,77,4,NULL,NULL,'2025-10-10 11:04:17','2025-10-10 11:04:17',NULL,NULL,1),(385,77,5,NULL,NULL,'2025-10-10 11:04:17','2025-10-10 11:04:17',NULL,NULL,1),(386,78,1,NULL,NULL,'2025-10-10 12:46:54','2025-10-10 12:46:54',NULL,NULL,1),(387,78,2,NULL,NULL,'2025-10-10 12:46:54','2025-10-10 12:46:54',NULL,NULL,1),(388,78,3,NULL,NULL,'2025-10-10 12:46:54','2025-10-10 12:46:54',NULL,NULL,1),(389,78,4,NULL,NULL,'2025-10-10 12:46:54','2025-10-10 12:46:54',NULL,NULL,1),(390,78,5,NULL,NULL,'2025-10-10 12:46:54','2025-10-10 12:46:54',NULL,NULL,1),(391,79,1,NULL,NULL,'2025-10-10 12:58:34','2025-10-10 12:58:34',NULL,NULL,1),(392,79,2,NULL,NULL,'2025-10-10 12:58:34','2025-10-10 12:58:34',NULL,NULL,1),(393,79,3,NULL,NULL,'2025-10-10 12:58:34','2025-10-10 12:58:34',NULL,NULL,1),(394,79,4,NULL,NULL,'2025-10-10 12:58:34','2025-10-10 12:58:34',NULL,NULL,1),(395,79,5,NULL,NULL,'2025-10-10 12:58:34','2025-10-10 12:58:34',NULL,NULL,1),(396,80,1,NULL,NULL,'2025-10-13 18:11:12','2025-10-13 18:11:12',NULL,NULL,1),(397,80,2,NULL,NULL,'2025-10-13 18:11:12','2025-10-13 18:11:12',NULL,NULL,1),(398,80,3,NULL,NULL,'2025-10-13 18:11:12','2025-10-13 18:11:12',NULL,NULL,1),(399,80,4,NULL,NULL,'2025-10-13 18:11:12','2025-10-13 18:11:12',NULL,NULL,1),(400,80,5,NULL,NULL,'2025-10-13 18:11:12','2025-10-13 18:11:12',NULL,NULL,1),(401,81,1,NULL,NULL,'2025-10-13 18:13:48','2025-10-13 18:13:48',NULL,NULL,1),(402,81,2,NULL,NULL,'2025-10-13 18:13:48','2025-10-13 18:13:48',NULL,NULL,1),(403,81,3,NULL,NULL,'2025-10-13 18:13:48','2025-10-13 18:13:48',NULL,NULL,1),(404,81,4,NULL,NULL,'2025-10-13 18:13:48','2025-10-13 18:13:48',NULL,NULL,1),(405,81,5,NULL,NULL,'2025-10-13 18:13:48','2025-10-13 18:13:48',NULL,NULL,1),(406,82,1,NULL,NULL,'2025-10-14 08:43:58','2025-10-14 08:43:58',NULL,NULL,1),(407,82,2,NULL,NULL,'2025-10-14 08:43:58','2025-10-14 08:43:58',NULL,NULL,1),(408,82,3,NULL,NULL,'2025-10-14 08:43:58','2025-10-14 08:43:58',NULL,NULL,1),(409,82,4,NULL,NULL,'2025-10-14 08:43:58','2025-10-14 08:43:58',NULL,NULL,1),(410,82,5,NULL,NULL,'2025-10-14 08:43:58','2025-10-14 08:43:58',NULL,NULL,1),(411,83,1,NULL,NULL,'2025-10-14 10:14:23','2025-10-14 10:14:23',NULL,NULL,1),(412,83,2,NULL,NULL,'2025-10-14 10:14:23','2025-10-14 10:14:23',NULL,NULL,1),(413,83,3,NULL,NULL,'2025-10-14 10:14:23','2025-10-14 10:14:23',NULL,NULL,1),(414,83,4,NULL,NULL,'2025-10-14 10:14:23','2025-10-14 10:14:23',NULL,NULL,1),(415,83,5,NULL,NULL,'2025-10-14 10:14:23','2025-10-14 10:14:23',NULL,NULL,1),(416,84,1,NULL,NULL,'2025-10-14 10:22:07','2025-10-14 10:22:07',NULL,NULL,1),(417,84,2,NULL,NULL,'2025-10-14 10:22:07','2025-10-14 10:22:07',NULL,NULL,1),(418,84,3,NULL,NULL,'2025-10-14 10:22:07','2025-10-14 10:22:07',NULL,NULL,1),(419,84,4,NULL,NULL,'2025-10-14 10:22:07','2025-10-14 10:22:07',NULL,NULL,1),(420,84,5,NULL,NULL,'2025-10-14 10:22:07','2025-10-14 10:22:07',NULL,NULL,1),(421,85,1,NULL,NULL,'2025-10-14 10:27:45','2025-10-14 10:27:45',NULL,NULL,1),(422,85,2,NULL,NULL,'2025-10-14 10:27:45','2025-10-14 10:27:45',NULL,NULL,1),(423,85,3,NULL,NULL,'2025-10-14 10:27:45','2025-10-14 10:27:45',NULL,NULL,1),(424,85,4,NULL,NULL,'2025-10-14 10:27:45','2025-10-14 10:27:45',NULL,NULL,1),(425,85,5,NULL,NULL,'2025-10-14 10:27:45','2025-10-14 10:27:45',NULL,NULL,1),(426,86,1,NULL,NULL,'2025-10-14 11:33:15','2025-10-14 11:33:15',NULL,NULL,1),(427,86,2,NULL,NULL,'2025-10-14 11:33:15','2025-10-14 11:33:15',NULL,NULL,1),(428,86,3,NULL,NULL,'2025-10-14 11:33:15','2025-10-14 11:33:15',NULL,NULL,1),(429,86,4,NULL,NULL,'2025-10-14 11:33:15','2025-10-14 11:33:15',NULL,NULL,1),(430,86,5,NULL,NULL,'2025-10-14 11:33:15','2025-10-14 11:33:15',NULL,NULL,1),(431,87,1,NULL,NULL,'2025-10-22 19:41:26','2025-10-22 19:41:26',NULL,NULL,1),(432,87,2,NULL,NULL,'2025-10-22 19:41:26','2025-10-22 19:41:26',NULL,NULL,1),(433,87,3,NULL,NULL,'2025-10-22 19:41:26','2025-10-22 19:41:26',NULL,NULL,1),(434,87,4,NULL,NULL,'2025-10-22 19:41:26','2025-10-22 19:41:26',NULL,NULL,1),(435,87,5,NULL,NULL,'2025-10-22 19:41:26','2025-10-22 19:41:26',NULL,NULL,1),(436,88,1,NULL,NULL,'2025-10-27 14:57:53','2025-10-27 14:57:53',NULL,NULL,1),(437,88,2,NULL,NULL,'2025-10-27 14:57:53','2025-10-27 14:57:53',NULL,NULL,1),(438,88,3,NULL,NULL,'2025-10-27 14:57:53','2025-10-27 14:57:53',NULL,NULL,1),(439,88,4,NULL,NULL,'2025-10-27 14:57:53','2025-10-27 14:57:53',NULL,NULL,1),(440,88,5,NULL,NULL,'2025-10-27 14:57:53','2025-10-27 14:57:53',NULL,NULL,1),(441,89,1,NULL,NULL,'2025-11-18 10:04:10','2025-11-18 10:04:10',NULL,NULL,1),(442,89,2,NULL,NULL,'2025-11-18 10:04:10','2025-11-18 10:04:10',NULL,NULL,1),(443,89,3,NULL,NULL,'2025-11-18 10:04:10','2025-11-18 10:04:10',NULL,NULL,1),(444,89,4,NULL,NULL,'2025-11-18 10:04:10','2025-11-18 10:04:10',NULL,NULL,1),(445,89,5,NULL,NULL,'2025-11-18 10:04:10','2025-11-18 10:04:10',NULL,NULL,1),(446,90,1,NULL,NULL,'2025-11-18 12:32:37','2025-11-18 12:32:37',NULL,NULL,1),(447,90,2,NULL,NULL,'2025-11-18 12:32:37','2025-11-18 12:32:37',NULL,NULL,1),(448,90,3,NULL,NULL,'2025-11-18 12:32:37','2025-11-18 12:32:37',NULL,NULL,1),(449,90,4,NULL,NULL,'2025-11-18 12:32:37','2025-11-18 12:32:37',NULL,NULL,1),(450,90,5,NULL,NULL,'2025-11-18 12:32:37','2025-11-18 12:32:37',NULL,NULL,1),(451,91,1,NULL,NULL,'2025-11-18 15:27:30','2025-11-18 15:27:30',NULL,NULL,1),(452,91,2,NULL,NULL,'2025-11-18 15:27:30','2025-11-18 15:27:30',NULL,NULL,1),(453,91,3,NULL,NULL,'2025-11-18 15:27:30','2025-11-18 15:27:30',NULL,NULL,1),(454,91,4,NULL,NULL,'2025-11-18 15:27:30','2025-11-18 15:27:30',NULL,NULL,1),(455,91,5,NULL,NULL,'2025-11-18 15:27:30','2025-11-18 15:27:30',NULL,NULL,1),(456,92,1,NULL,NULL,'2025-12-02 08:18:05','2025-12-02 08:18:05',NULL,NULL,1),(457,92,2,NULL,NULL,'2025-12-02 08:18:06','2025-12-02 08:18:06',NULL,NULL,1),(458,92,3,NULL,NULL,'2025-12-02 08:18:06','2025-12-02 08:18:06',NULL,NULL,1),(459,92,4,NULL,NULL,'2025-12-02 08:18:06','2025-12-02 08:18:06',NULL,NULL,1),(460,92,5,NULL,NULL,'2025-12-02 08:18:06','2025-12-02 08:18:06',NULL,NULL,1),(461,93,1,NULL,NULL,'2026-03-06 16:33:22','2026-03-06 16:33:22',NULL,NULL,1),(462,93,2,NULL,NULL,'2026-03-06 16:33:22','2026-03-06 16:33:22',NULL,NULL,1),(463,93,3,NULL,NULL,'2026-03-06 16:33:22','2026-03-06 16:33:22',NULL,NULL,1),(464,93,4,NULL,NULL,'2026-03-06 16:33:22','2026-03-06 16:33:22',NULL,NULL,1),(465,93,5,NULL,NULL,'2026-03-06 16:33:22','2026-03-06 16:33:22',NULL,NULL,1);

--
-- Table structure for table `profit_details`
--

CREATE TABLE `profit_details` (
  `id` bigint(20) unsigned NOT NULL AUTO_INCREMENT,
  `voucher_id` bigint(20) unsigned NOT NULL,
  `product_id` bigint(20) unsigned NOT NULL,
  `currency_id` bigint(20) unsigned NOT NULL,
  `cost` double NOT NULL,
  `priceWithoutTax` double NOT NULL,
  `priceWithTax` double NOT NULL,
  `quantity` double NOT NULL,
  `total_cost` double NOT NULL,
  `subtotal` double NOT NULL,
  `total` double NOT NULL,
  `profit_subtotal` double NOT NULL,
  `profit_total` double NOT NULL,
  `percentage_subtotal` double NOT NULL,
  `percentage_total` double NOT NULL,
  `creation_user` varchar(191) DEFAULT NULL,
  `modification_user` varchar(191) DEFAULT NULL,
  `created_at` timestamp NULL DEFAULT NULL,
  `updated_at` timestamp NULL DEFAULT NULL,
  `deleted_at` timestamp NULL DEFAULT NULL,
  `elimination_user` varchar(191) DEFAULT NULL,
  `status` int(11) NOT NULL DEFAULT 1 COMMENT '0 deleted, 1 active, 2 inactive',
  PRIMARY KEY (`id`),
  KEY `profit_details_voucher_id_foreign` (`voucher_id`),
  KEY `profit_details_product_id_foreign` (`product_id`),
  KEY `profit_details_currency_id_foreign` (`currency_id`),
  CONSTRAINT `profit_details_currency_id_foreign` FOREIGN KEY (`currency_id`) REFERENCES `currencies` (`id`),
  CONSTRAINT `profit_details_product_id_foreign` FOREIGN KEY (`product_id`) REFERENCES `products` (`id`),
  CONSTRAINT `profit_details_voucher_id_foreign` FOREIGN KEY (`voucher_id`) REFERENCES `vouchers` (`id`)
) ENGINE=InnoDB AUTO_INCREMENT=21 DEFAULT CHARSET=utf8mb4 COLLATE=utf8mb4_unicode_ci;

--
-- Dumping data for table `profit_details`
--

INSERT INTO `profit_details` VALUES (1,2,2,1,8.2,10.08,11.89,1,8.2,10.08,11.89,1.88,3.69,22.93,45,NULL,NULL,'2025-09-15 16:58:08','2025-09-15 16:58:08',NULL,NULL,1),(2,2,3,1,11,13.52,15.95,1,11,13.52,15.95,2.52,4.95,22.91,45,NULL,NULL,'2025-09-15 16:58:08','2025-09-15 16:58:08',NULL,NULL,1),(3,2,4,1,13,15.97,18.85,1,13,15.97,18.85,2.97,5.85,22.85,45,NULL,NULL,'2025-09-15 16:58:08','2025-09-15 16:58:08',NULL,NULL,1),(4,2,5,1,28,34.41,40.6,1,28,34.41,40.6,6.41,12.6,22.89,45,NULL,NULL,'2025-09-15 16:58:08','2025-09-15 16:58:08',NULL,NULL,1),(5,2,6,1,50,61.44,72.5,1,50,61.44,72.5,11.44,22.5,22.88,45,NULL,NULL,'2025-09-15 16:58:08','2025-09-15 16:58:08',NULL,NULL,1),(6,2,26,1,45,59.11,69.75,1,45,59.11,69.75,14.11,24.75,31.36,55,NULL,NULL,'2025-09-15 16:58:08','2025-09-15 16:58:08',NULL,NULL,1),(7,2,27,1,56,73.56,86.8,1,56,73.56,86.8,17.56,30.8,31.36,55,NULL,NULL,'2025-09-15 16:58:08','2025-09-15 16:58:08',NULL,NULL,1),(8,2,28,1,66,86.69,102.3,1,66,86.69,102.3,20.69,36.3,31.35,55,NULL,NULL,'2025-09-15 16:58:08','2025-09-15 16:58:08',NULL,NULL,1),(9,2,29,1,90,118.22,139.5,1,90,118.22,139.5,28.22,49.5,31.36,55,NULL,NULL,'2025-09-15 16:58:08','2025-09-15 16:58:08',NULL,NULL,1),(10,2,7,1,14,18.39,21.7,1,14,18.39,21.7,4.39,7.7,31.36,55,NULL,NULL,'2025-09-15 16:58:08','2025-09-15 16:58:08',NULL,NULL,1),(11,2,8,1,17,22.33,26.35,1,17,22.33,26.35,5.33,9.35,31.35,55,NULL,NULL,'2025-09-15 16:58:08','2025-09-15 16:58:08',NULL,NULL,1),(12,2,9,1,26,34.15,40.3,1,26,34.15,40.3,8.15,14.3,31.35,55,NULL,NULL,'2025-09-15 16:58:08','2025-09-15 16:58:08',NULL,NULL,1),(13,2,10,1,28,36.78,43.4,1,28,36.78,43.4,8.78,15.4,31.36,55,NULL,NULL,'2025-09-15 16:58:08','2025-09-15 16:58:08',NULL,NULL,1),(14,2,11,1,33,43.35,51.15,1,33,43.35,51.15,10.35,18.15,31.36,55,NULL,NULL,'2025-09-15 16:58:08','2025-09-15 16:58:08',NULL,NULL,1),(15,2,20,1,7,9.79,11.55,1,7,9.79,11.55,2.79,4.55,39.86,65,NULL,NULL,'2025-09-15 16:58:08','2025-09-15 16:58:08',NULL,NULL,1),(16,2,21,1,7.5,10.49,12.38,1,7.5,10.49,12.38,2.99,4.88,39.87,65.07,NULL,NULL,'2025-09-15 16:58:08','2025-09-15 16:58:08',NULL,NULL,1),(17,2,22,1,9,0.85,1,1,9,0.85,1,-8.15,-8,-90.56,-88.89,NULL,NULL,'2025-09-15 16:58:08','2025-09-15 16:58:08',NULL,NULL,1),(18,2,23,1,11.5,0.85,1,1,11.5,0.85,1,-10.65,-10.5,-92.61,-91.3,NULL,NULL,'2025-09-15 16:58:08','2025-09-15 16:58:08',NULL,NULL,1),(19,2,24,1,13.5,0.85,1,1,13.5,0.85,1,-12.65,-12.5,-93.7,-92.59,NULL,NULL,'2025-09-15 16:58:08','2025-09-15 16:58:08',NULL,NULL,1),(20,2,25,1,15.5,0.85,1,1,15.5,0.85,1,-14.65,-14.5,-94.52,-93.55,NULL,NULL,'2025-09-15 16:58:08','2025-09-15 16:58:08',NULL,NULL,1);

--
-- Table structure for table `provinces`
--

CREATE TABLE `provinces` (
  `id` varchar(6) NOT NULL,
  `name` varchar(191) NOT NULL,
  `department_id` varchar(6) NOT NULL,
  PRIMARY KEY (`id`),
  KEY `provinces_department_id_foreign` (`department_id`),
  CONSTRAINT `provinces_department_id_foreign` FOREIGN KEY (`department_id`) REFERENCES `departments` (`id`)
) ENGINE=InnoDB DEFAULT CHARSET=utf8mb4 COLLATE=utf8mb4_unicode_ci;

--
-- Dumping data for table `provinces`
--

INSERT INTO `provinces` VALUES ('010100','CHACHAPOYAS','010000'),('010200','BAGUA','010000'),('010300','BONGARA','010000'),('010400','CONDORCANQUI','010000'),('010500','LUYA','010000'),('010600','RODRIGUEZ DE MENDOZA','010000'),('010700','UTCUBAMBA','010000'),('020100','HUARAZ','020000'),('020200','AIJA','020000'),('020300','ANTONIO RAYMONDI','020000'),('020400','ASUNCION','020000'),('020500','BOLOGNESI','020000'),('020600','CARHUAZ','020000'),('020700','CARLOS FERMIN FITZCARRALD','020000'),('020800','CASMA','020000'),('020900','CORONGO','020000'),('021000','HUARI','020000'),('021100','HUARMEY','020000'),('021200','HUAYLAS','020000'),('021300','MARISCAL LUZURIAGA','020000'),('021400','OCROS','020000'),('021500','PALLASCA','020000'),('021600','POMABAMBA','020000'),('021700','RECUAY','020000'),('021800','SANTA','020000'),('021900','SIHUAS','020000'),('022000','YUNGAY','020000'),('030100','ABANCAY','030000'),('030200','ANDAHUAYLAS','030000'),('030300','ANTABAMBA','030000'),('030400','AYMARAES','030000'),('030500','COTABAMBAS','030000'),('030600','CHINCHEROS','030000'),('030700','GRAU','030000'),('040100','AREQUIPA','040000'),('040200','CAMANA','040000'),('040300','CARAVELI','040000'),('040400','CASTILLA','040000'),('040500','CAYLLOMA','040000'),('040600','CONDESUYOS','040000'),('040700','ISLAY','040000'),('040800','LA UNION','040000'),('050100','HUAMANGA','050000'),('050200','CANGALLO','050000'),('050300','HUANCA SANCOS','050000'),('050400','HUANTA','050000'),('050500','LA MAR','050000'),('050600','LUCANAS','050000'),('050700','PARINACOCHAS','050000'),('050800','PAUCAR DEL SARA SARA','050000'),('050900','SUCRE','050000'),('051000','VICTOR FAJARDO','050000'),('051100','VILCAS HUAMAN','050000'),('060100','CAJAMARCA','060000'),('060200','CAJABAMBA','060000'),('060300','CELENDIN','060000'),('060400','CHOTA','060000'),('060500','CONTUMAZA','060000'),('060600','CUTERVO','060000'),('060700','HUALGAYOC','060000'),('060800','JAEN','060000'),('060900','SAN IGNACIO','060000'),('061000','SAN MARCOS','060000'),('061100','SAN MIGUEL','060000'),('061200','SAN PABLO','060000'),('061300','SANTA CRUZ','060000'),('070100','CALLAO','070000'),('080100','CUSCO','080000'),('080200','ACOMAYO','080000'),('080300','ANTA','080000'),('080400','CALCA','080000'),('080500','CANAS','080000'),('080600','CANCHIS','080000'),('080700','CHUMBIVILCAS','080000'),('080800','ESPINAR','080000'),('080900','LA CONVENCION','080000'),('081000','PARURO','080000'),('081100','PAUCARTAMBO','080000'),('081200','QUISPICANCHI','080000'),('081300','URUBAMBA','080000'),('090100','HUANCAVELICA','090000'),('090200','ACOBAMBA','090000'),('090300','ANGARAES','090000'),('090400','CASTROVIRREYNA','090000'),('090500','CHURCAMPA','090000'),('090600','HUAYTARA','090000'),('090700','TAYACAJA','090000'),('100100','HUANUCO','100000'),('100200','AMBO','100000'),('100300','DOS DE MAYO','100000'),('100400','HUACAYBAMBA','100000'),('100500','HUAMALIES','100000'),('100600','LEONCIO PRADO','100000'),('100700','MARAÑON','100000'),('100800','PACHITEA','100000'),('100900','PUERTO INCA','100000'),('101000','LAURICOCHA','100000'),('101100','YAROWILCA','100000'),('110100','ICA','110000'),('110200','CHINCHA','110000'),('110300','NAZCA','110000'),('110400','PALPA','110000'),('110500','PISCO','110000'),('120100','HUANCAYO','120000'),('120200','CONCEPCION','120000'),('120300','CHANCHAMAYO','120000'),('120400','JAUJA','120000'),('120500','JUNIN','120000'),('120600','SATIPO','120000'),('120700','TARMA','120000'),('120800','YAULI','120000'),('120900','CHUPACA','120000'),('130100','TRUJILLO','130000'),('130200','ASCOPE','130000'),('130300','BOLIVAR','130000'),('130400','CHEPEN','130000'),('130500','JULCAN','130000'),('130600','OTUZCO','130000'),('130700','PACASMAYO','130000'),('130800','PATAZ','130000'),('130900','SANCHEZ CARRION','130000'),('131000','SANTIAGO DE CHUCO','130000'),('131100','GRAN CHIMU','130000'),('131200','VIRU','130000'),('140100','CHICLAYO','140000'),('140200','FERREÑAFE','140000'),('140300','LAMBAYEQUE','140000'),('150100','LIMA','150000'),('150200','BARRANCA','150000'),('150300','CAJATAMBO','150000'),('150400','CANTA','150000'),('150500','CAÑETE','150000'),('150600','HUARAL','150000'),('150700','HUAROCHIRI','150000'),('150800','HUAURA','150000'),('150900','OYON','150000'),('151000','YAUYOS','150000'),('160100','MAYNAS','160000'),('160200','ALTO AMAZONAS','160000'),('160300','LORETO','160000'),('160400','MARISCAL RAMON CASTILLA','160000'),('160500','REQUENA','160000'),('160600','UCAYALI','160000'),('160700','DATEM DEL MARAÑON','160000'),('170100','TAMBOPATA','170000'),('170200','MANU','170000'),('170300','TAHUAMANU','170000'),('180100','MARISCAL NIETO','180000'),('180200','GENERAL SANCHEZ CERRO','180000'),('180300','ILO','180000'),('190100','PASCO','190000'),('190200','DANIEL ALCIDES CARRION','190000'),('190300','OXAPAMPA','190000'),('200100','PIURA','200000'),('200200','AYABACA','200000'),('200300','HUANCABAMBA','200000'),('200400','MORROPON','200000'),('200500','PAITA','200000'),('200600','SULLANA','200000'),('200700','TALARA','200000'),('200800','SECHURA','200000'),('210100','PUNO','210000'),('210200','AZANGARO','210000'),('210300','CARABAYA','210000'),('210400','CHUCUITO','210000'),('210500','EL COLLAO','210000'),('210600','HUANCANE','210000'),('210700','LAMPA','210000'),('210800','MELGAR','210000'),('210900','MOHO','210000'),('211000','SAN ANTONIO DE PUTINA','210000'),('211100','SAN ROMAN','210000'),('211200','SANDIA','210000'),('211300','YUNGUYO','210000'),('220100','MOYOBAMBA','220000'),('220200','BELLAVISTA','220000'),('220300','EL DORADO','220000'),('220400','HUALLAGA','220000'),('220500','LAMAS','220000'),('220600','MARISCAL CACERES','220000'),('220700','PICOTA','220000'),('220800','RIOJA','220000'),('220900','SAN MARTIN','220000'),('221000','TOCACHE','220000'),('230100','TACNA','230000'),('230200','CANDARAVE','230000'),('230300','JORGE BASADRE','230000'),('230400','TARATA','230000'),('240100','TUMBES','240000'),('240200','CONTRALMIRANTE VILLAR','240000'),('240300','ZARUMILLA','240000'),('250100','CORONEL PORTILLO','250000'),('250200','ATALAYA','250000'),('250300','PADRE ABAD','250000'),('250400','PURUS','250000');

--
-- Table structure for table `quotas`
--

CREATE TABLE `quotas` (
  `id` bigint(20) unsigned NOT NULL AUTO_INCREMENT,
  `amount` double NOT NULL,
  `date` date NOT NULL,
  `type_document` enum('budget','voucher') NOT NULL,
  `document_id` bigint(20) unsigned NOT NULL,
  PRIMARY KEY (`id`)
) ENGINE=InnoDB AUTO_INCREMENT=5 DEFAULT CHARSET=utf8mb4 COLLATE=utf8mb4_unicode_ci;

--
-- Dumping data for table `quotas`
--

INSERT INTO `quotas` VALUES (2,2000,'2026-01-18','budget',215),(4,4475,'2026-04-25','budget',587);

--
-- Table structure for table `role`
--

CREATE TABLE `role` (
  `id` bigint(20) unsigned NOT NULL AUTO_INCREMENT,
  `name` varchar(191) DEFAULT NULL,
  `description` varchar(191) DEFAULT NULL,
  `creation_user` varchar(191) DEFAULT NULL,
  `modification_user` varchar(191) DEFAULT NULL,
  `created_at` timestamp NULL DEFAULT NULL,
  `updated_at` timestamp NULL DEFAULT NULL,
  `deleted_at` timestamp NULL DEFAULT NULL,
  `elimination_user` varchar(191) DEFAULT NULL,
  `status` int(11) NOT NULL DEFAULT 1 COMMENT '0 deleted, 1 active, 2 inactive',
  PRIMARY KEY (`id`)
) ENGINE=InnoDB AUTO_INCREMENT=4 DEFAULT CHARSET=utf8mb4 COLLATE=utf8mb4_unicode_ci;

--
-- Dumping data for table `role`
--

INSERT INTO `role` VALUES (1,'Administrador','',NULL,NULL,NULL,NULL,NULL,NULL,1),(2,'Vendedor','',NULL,NULL,NULL,NULL,NULL,NULL,1),(3,'Vendedor-restringido',NULL,NULL,NULL,NULL,NULL,NULL,NULL,1);

--
-- Table structure for table `series`
--

CREATE TABLE `series` (
  `id` bigint(20) unsigned NOT NULL AUTO_INCREMENT,
  `voucher_type_id` bigint(20) unsigned NOT NULL,
  `value` varchar(191) DEFAULT NULL,
  PRIMARY KEY (`id`),
  UNIQUE KEY `series_voucher_type_id_unique` (`voucher_type_id`),
  CONSTRAINT `series_voucher_type_id_foreign` FOREIGN KEY (`voucher_type_id`) REFERENCES `voucher_types` (`id`)
) ENGINE=InnoDB AUTO_INCREMENT=4 DEFAULT CHARSET=utf8mb4 COLLATE=utf8mb4_unicode_ci;

--
-- Dumping data for table `series`
--

INSERT INTO `series` VALUES (1,1,NULL),(2,2,NULL),(3,3,NULL);

--
-- Table structure for table `sessions`
--

CREATE TABLE `sessions` (
  `id` varchar(191) NOT NULL,
  `user_id` bigint(20) unsigned DEFAULT NULL,
  `ip_address` varchar(45) DEFAULT NULL,
  `user_agent` text DEFAULT NULL,
  `payload` longtext NOT NULL,
  `last_activity` int(11) NOT NULL,
  PRIMARY KEY (`id`),
  KEY `sessions_user_id_index` (`user_id`),
  KEY `sessions_last_activity_index` (`last_activity`)
) ENGINE=InnoDB DEFAULT CHARSET=utf8mb4 COLLATE=utf8mb4_unicode_ci;

--
-- Dumping data for table `sessions`
--

INSERT INTO `sessions` VALUES ('1kgGPBO3W6g5oWll8ypbQcELIwkRcbLDjdBXbzY6',NULL,'43.112.127.153','Mozilla/5.0 (Windows NT 10.0; Win64; x64) AppleWebKit/537.36 (KHTML, like Gecko) Chrome/131.0.0.0 Safari/537.36','YTozOntzOjY6Il90b2tlbiI7czo0MDoiWEtFRFoxM3Q0M29KVVJ0OXBqZHdCV2VwUklVRWoxU1VCSE8zUTU3SCI7czo5OiJfcHJldmlvdXMiO2E6MTp7czozOiJ1cmwiO3M6MjE6Imh0dHBzOi8vNDUuNzYuMjMzLjEyNCI7fXM6NjoiX2ZsYXNoIjthOjI6e3M6Mzoib2xkIjthOjA6e31zOjM6Im5ldyI7YTowOnt9fX0=',1775413748),('2vLxobb3FvhIRv4EGMzvDJ95NMvcun02tyK6a61r',NULL,'87.251.64.73','Mozilla/5.0 (Windows NT 10.0; Win64; x64; rv:71.0) Gecko/20100101 Firefox/71.0','YTozOntzOjY6Il90b2tlbiI7czo0MDoicnMxTUNJTDl5ajRQWHNhUng2VGg0N2FUVXR5ajE2T2VHd2ludnlZZyI7czo5OiJfcHJldmlvdXMiO2E6MTp7czozOiJ1cmwiO3M6MjE6Imh0dHBzOi8vNDUuNzYuMjMzLjEyNCI7fXM6NjoiX2ZsYXNoIjthOjI6e3M6Mzoib2xkIjthOjA6e31zOjM6Im5ldyI7YTowOnt9fX0=',1775419976),('42LpuDryWxyHAKMVDPbTNIuIr8aQZPPt92njDwzN',NULL,'172.105.82.111','Mozilla/5.0 (Macintosh; Intel Mac OS X 10_15_7) AppleWebKit/537.36 (KHTML, like Gecko) Chrome/141.0.0.0 Safari/537.36','YTozOntzOjY6Il90b2tlbiI7czo0MDoiczU4MEFJVzZmOTZ3QkhPOWJiS1JJZ1RRem1HR3hDZnlVbG9RUm5uUCI7czo5OiJfcHJldmlvdXMiO2E6MTp7czozOiJ1cmwiO3M6MzM6Imh0dHA6Ly80NS43Ni4yMzMuMTI0L3B1YmxpYy9sb2dpbiI7fXM6NjoiX2ZsYXNoIjthOjI6e3M6Mzoib2xkIjthOjA6e31zOjM6Im5ldyI7YTowOnt9fX0=',1775451698),('684slNrpnX6w9GjVJoAhyrArwGJPc5qzU8bL3fIb',NULL,'43.133.75.233','Go-http-client/1.1','YTo0OntzOjY6Il90b2tlbiI7czo0MDoiVTRod21vblpmTjVHN3NRUk04T2d2Qkc3ZlRvVUJKRXozeXJMRzg2eCI7czozOiJ1cmwiO2E6MTp7czo4OiJpbnRlbmRlZCI7czozMToiaHR0cHM6Ly80NS43Ni4yMzMuMTI0L2Rhc2hib2FyZCI7fXM6OToiX3ByZXZpb3VzIjthOjE6e3M6MzoidXJsIjtzOjMxOiJodHRwczovLzQ1Ljc2LjIzMy4xMjQvZGFzaGJvYXJkIjt9czo2OiJfZmxhc2giO2E6Mjp7czozOiJvbGQiO2E6MDp7fXM6MzoibmV3IjthOjA6e319fQ==',1775419210),('7kx7PJexBkf18BAKpZ9Pbed3kor8aQzuolU9Os5x',NULL,'213.32.122.82','Mozilla/5.0 (Windows NT 6.1) AppleWebKit/537.36 (KHTML, like Gecko) Chrome/41.0.2228.0 Safari/537.36','YTozOntzOjY6Il90b2tlbiI7czo0MDoiQlJlSDI4VEtZOEZKVzdYN1YyUmZEclhxVnJ2dHRaYnRmMFFwOTlwaCI7czo5OiJfcHJldmlvdXMiO2E6MTp7czozOiJ1cmwiO3M6Mjc6Imh0dHBzOi8vNDUuNzYuMjMzLjEyNC9sb2dpbiI7fXM6NjoiX2ZsYXNoIjthOjI6e3M6Mzoib2xkIjthOjA6e31zOjM6Im5ldyI7YTowOnt9fX0=',1775452887),('A1iDKay73IeQ8bvGQ5Yw5N75NP6aE6UPwCfbk2gb',NULL,'45.156.129.133','Mozilla/5.0 AppleWebKit/537.36 (KHTML, like Gecko) Chrome/123.0.6312.86 Safari/537.36','YTozOntzOjY6Il90b2tlbiI7czo0MDoiTk1sM1lJQXFoeGtHZ1dFOUdZN1dUd1JhWjhyMmtjYmRwTVhXOE1tZiI7czo5OiJfcHJldmlvdXMiO2E6MTp7czozOiJ1cmwiO3M6MjE6Imh0dHBzOi8vNDUuNzYuMjMzLjEyNCI7fXM6NjoiX2ZsYXNoIjthOjI6e3M6Mzoib2xkIjthOjA6e31zOjM6Im5ldyI7YTowOnt9fX0=',1775436836),('b6zgQ0onpHJNDR4sAR5vsrxpN0tfQpCMwzzw7QtV',NULL,'18.221.126.14','Mozilla/5.0 (Windows NT 10.0; Win64; x64) AppleWebKit/537.36','YTozOntzOjY6Il90b2tlbiI7czo0MDoicW43SmVHVk1MUURJTUViRnZ3RFJmS1VxeWJuZm9TYms4TE11WnpmZiI7czo5OiJfcHJldmlvdXMiO2E6MTp7czozOiJ1cmwiO3M6MzE6Imh0dHBzOi8vd3d3LmFwcC5hcmFzYWltcG9ydC5jb20iO31zOjY6Il9mbGFzaCI7YToyOntzOjM6Im9sZCI7YTowOnt9czozOiJuZXciO2E6MDp7fX19',1775436118),('BfCupLe2AaYm8sUOUgH3U63K57KoIco7BKfSlRYE',NULL,'172.105.82.111','Mozilla/5.0 (Macintosh; Intel Mac OS X 10_15_7) AppleWebKit/537.36 (KHTML, like Gecko) Chrome/141.0.0.0 Safari/537.36','YTozOntzOjY6Il90b2tlbiI7czo0MDoiV0xqZXBRN2J5SERNY0RidFoyNjdBcGJ3V1NHcng1WXNYdnRxM1Z4WSI7czo5OiJfcHJldmlvdXMiO2E6MTp7czozOiJ1cmwiO3M6Mjc6Imh0dHA6Ly80NS43Ni4yMzMuMTI0L3B1YmxpYyI7fXM6NjoiX2ZsYXNoIjthOjI6e3M6Mzoib2xkIjthOjA6e31zOjM6Im5ldyI7YTowOnt9fX0=',1775422893),('BGXpvZSjHrc0AvrHB4xyReKXc2bOXYkKY5prp7Vf',NULL,'185.198.27.111','libredtail-http','YTozOntzOjY6Il90b2tlbiI7czo0MDoidjNQYk50dnp1UDF2SFBHa0JuRW1xaVFrNk1OMEl1MUNQZUZ4VHQ4ZCI7czo5OiJfcHJldmlvdXMiO2E6MTp7czozOiJ1cmwiO3M6MTUzOiJodHRwOi8vNDUuNzYuMjMzLjEyNC9wdWJsaWMvaW5kZXgucGhwP2Z1bmN0aW9uPWNhbGxfdXNlcl9mdW5jX2FycmF5JnM9JTJGaW5kZXglMkYlNUN0aGluayU1Q2FwcCUyRmludm9rZWZ1bmN0aW9uJnZhcnMlNUIwJTVEPW1kNSZ2YXJzJTVCMSU1RCU1QjAlNUQ9SGVsbG8iO31zOjY6Il9mbGFzaCI7YToyOntzOjM6Im9sZCI7YTowOnt9czozOiJuZXciO2E6MDp7fX19',1775449673),('BWVMeDM5IsF0hkxHCmbOuQwIVhHkcBwDBAMsEhVo',NULL,'65.49.1.55','Mozilla/5.0 (Windows NT 10.0; Win64; x64) AppleWebKit/537.36 (KHTML, like Gecko) Chrome/120.0.0.0 Safari/537.36','YTozOntzOjY6Il90b2tlbiI7czo0MDoiZVdpM1Zoc0FOeW9CeTZwMldIS1h5dlpwa2hPMDJvYkxpQ1hEMVZDNSI7czo5OiJfcHJldmlvdXMiO2E6MTp7czozOiJ1cmwiO3M6MjE6Imh0dHBzOi8vNDUuNzYuMjMzLjEyNCI7fXM6NjoiX2ZsYXNoIjthOjI6e3M6Mzoib2xkIjthOjA6e31zOjM6Im5ldyI7YTowOnt9fX0=',1775451955),('CREKgMkDdReiEm3oEPgE5nS9sMqPynRQnXCZPYbv',NULL,'66.132.195.110','Mozilla/5.0 (compatible; CensysInspect/1.1; +https://about.censys.io/)','YTozOntzOjY6Il90b2tlbiI7czo0MDoiempnWThadXRoWVQ4VENPamFBNXE3UzBFS2tqVnhra0FlRmlQS1lLTyI7czo5OiJfcHJldmlvdXMiO2E6MTp7czozOiJ1cmwiO3M6Mjc6Imh0dHBzOi8vNDUuNzYuMjMzLjEyNC9sb2dpbiI7fXM6NjoiX2ZsYXNoIjthOjI6e3M6Mzoib2xkIjthOjA6e31zOjM6Im5ldyI7YTowOnt9fX0=',1775444223),('D3ywDnYN2hF4kFTTKSTb3MC3dWCB4bLHdn98sQMF',NULL,'65.49.1.63','Mozilla/5.0 (Macintosh; Intel Mac OS X 10_15_7) AppleWebKit/605.1.15 (KHTML, like Gecko) Version/17.6 Safari/605.1.15','YTozOntzOjY6Il90b2tlbiI7czo0MDoiUlQwT0RmWm9SWm11UnhIdUNyV252bzZ4d2dIVDZvZ3FBWDUzZ2E3USI7czo5OiJfcHJldmlvdXMiO2E6MTp7czozOiJ1cmwiO3M6MjE6Imh0dHBzOi8vNDUuNzYuMjMzLjEyNCI7fXM6NjoiX2ZsYXNoIjthOjI6e3M6Mzoib2xkIjthOjA6e31zOjM6Im5ldyI7YTowOnt9fX0=',1775452076),('DnnKVd9CiptvDvOy6cO8XXpyZLZ6B9AcV7s9mYLG',NULL,'213.232.204.83','libredtail-http','YTozOntzOjY6Il90b2tlbiI7czo0MDoiRVVSdEVJYUdwZURQZEVIMVQwMDVYeW1RQzZydERmNEFGWlhhb3JySiI7czo5OiJfcHJldmlvdXMiO2E6MTp7czozOiJ1cmwiO3M6MTUzOiJodHRwOi8vNDUuNzYuMjMzLjEyNC9wdWJsaWMvaW5kZXgucGhwP2Z1bmN0aW9uPWNhbGxfdXNlcl9mdW5jX2FycmF5JnM9JTJGaW5kZXglMkYlNUN0aGluayU1Q2FwcCUyRmludm9rZWZ1bmN0aW9uJnZhcnMlNUIwJTVEPW1kNSZ2YXJzJTVCMSU1RCU1QjAlNUQ9SGVsbG8iO31zOjY6Il9mbGFzaCI7YToyOntzOjM6Im9sZCI7YTowOnt9czozOiJuZXciO2E6MDp7fX19',1775411958),('eaUTUG4mbJ8gAN5HZM7vyqp8DQYtp0z7jW9oPYGK',NULL,'213.209.159.175','Mozilla/5.0 (Linux; U; Android 4.0.4; en-gb; GT-P3100 Build/IMM76D) AppleWebKit/534.30 (KHTML, like Gecko) Version/4.0 Safari/534.30','YTozOntzOjY6Il90b2tlbiI7czo0MDoiSUxGQVRjUXJ4TjZCNk8yUXVCcEdPWUdQU1h4TUZnQkdBRUczS2owZyI7czo5OiJfcHJldmlvdXMiO2E6MTp7czozOiJ1cmwiO3M6MzQ6Imh0dHBzOi8vNDUuNzYuMjMzLjEyNC8/Zm9ybWF0PWpzb24iO31zOjY6Il9mbGFzaCI7YToyOntzOjM6Im9sZCI7YTowOnt9czozOiJuZXciO2E6MDp7fX19',1775414094),('eCRlYZ5I1vucoIbDt5jF2hXvgrFiFy6H2EPE5dsq',NULL,'43.112.127.153','Mozilla/5.0 (Windows NT 10.0; Win64; x64) AppleWebKit/537.36 (KHTML, like Gecko) Chrome/131.0.0.0 Safari/537.36','YTozOntzOjY6Il90b2tlbiI7czo0MDoidWZZaG9KTU9tdUtjRVpJSE13NlowdWowTGtWZTJVVHU1aFhxRWdOdSI7czo5OiJfcHJldmlvdXMiO2E6MTp7czozOiJ1cmwiO3M6Mjc6Imh0dHBzOi8vNDUuNzYuMjMzLjEyNC9sb2dpbiI7fXM6NjoiX2ZsYXNoIjthOjI6e3M6Mzoib2xkIjthOjA6e31zOjM6Im5ldyI7YTowOnt9fX0=',1775413748),('EMdHWb1TO2Um8JPWlMmHvnFOBWm1cfItpj4pRrv4',NULL,'172.105.82.111','Mozilla/5.0 (Macintosh; Intel Mac OS X 10_15_7) AppleWebKit/537.36 (KHTML, like Gecko) Chrome/141.0.0.0 Safari/537.36','YTo0OntzOjY6Il90b2tlbiI7czo0MDoiVEpTQXZ2b2REdGRicjdkd0ZJRFNXNlJtelhCZDFQeDBjeWZ4S1lKbiI7czozOiJ1cmwiO2E6MTp7czo4OiJpbnRlbmRlZCI7czozNzoiaHR0cDovLzQ1Ljc2LjIzMy4xMjQvcHVibGljL2Rhc2hib2FyZCI7fXM6OToiX3ByZXZpb3VzIjthOjE6e3M6MzoidXJsIjtzOjM3OiJodHRwOi8vNDUuNzYuMjMzLjEyNC9wdWJsaWMvZGFzaGJvYXJkIjt9czo2OiJfZmxhc2giO2E6Mjp7czozOiJvbGQiO2E6MDp7fXM6MzoibmV3IjthOjA6e319fQ==',1775451698),('EOoOjNeLC3QTjy4Fy2xJBf79YXtROuM44II9o80W',NULL,'43.133.75.233','Go-http-client/1.1','YTozOntzOjY6Il90b2tlbiI7czo0MDoiSmhySTRjaVNVY3oxZmVYMnh3b0hBZmhMR0VTR2YyYkVMZW14Uk5VOSI7czo5OiJfcHJldmlvdXMiO2E6MTp7czozOiJ1cmwiO3M6MjE6Imh0dHBzOi8vNDUuNzYuMjMzLjEyNCI7fXM6NjoiX2ZsYXNoIjthOjI6e3M6Mzoib2xkIjthOjA6e31zOjM6Im5ldyI7YTowOnt9fX0=',1775419210),('Ev5SZpEUVHRxFPMGX96midf4mFz67A0fnArzfVTo',NULL,'64.71.171.102','Go-http-client/1.1','YTozOntzOjY6Il90b2tlbiI7czo0MDoibTRhM3M0eFhVeWVmSTVFMEEwYkw1bGdxNTFhTWROakMyN1F1bkpIcCI7czo5OiJfcHJldmlvdXMiO2E6MTp7czozOiJ1cmwiO3M6Mjc6Imh0dHBzOi8vNDUuNzYuMjMzLjEyNC9sb2dpbiI7fXM6NjoiX2ZsYXNoIjthOjI6e3M6Mzoib2xkIjthOjA6e31zOjM6Im5ldyI7YTowOnt9fX0=',1775417130),('FhtYNK90BtGWJxCD1ROEVWtUWzusqLO7KFDKp4Dc',NULL,'43.112.127.131','Mozilla/5.0 (Windows NT 10.0; Win64; x64) AppleWebKit/537.36 (KHTML, like Gecko) Chrome/131.0.0.0 Safari/537.36','YToyOntzOjY6Il90b2tlbiI7czo0MDoidnFiWE1iclNCWVowVzJDdDlsTVhhb0RvVlZxb0J3WUk3TXNOOFVHYyI7czo2OiJfZmxhc2giO2E6Mjp7czozOiJvbGQiO2E6MDp7fXM6MzoibmV3IjthOjA6e319fQ==',1775442914),('fTCV5ycQYTXwg7sVsPz1S02dU5bMkKt5o7bbsXDu',NULL,'213.32.122.82','Mozilla/5.0 (Windows NT 6.1) AppleWebKit/537.36 (KHTML, like Gecko) Chrome/41.0.2228.0 Safari/537.36','YTo0OntzOjY6Il90b2tlbiI7czo0MDoiYWFweDBlNDd1Rkd6cmhGTHM2aGZUUENQRjZzM2hCU21JVU9pcjdMRCI7czozOiJ1cmwiO2E6MTp7czo4OiJpbnRlbmRlZCI7czozMToiaHR0cHM6Ly80NS43Ni4yMzMuMTI0L2Rhc2hib2FyZCI7fXM6OToiX3ByZXZpb3VzIjthOjE6e3M6MzoidXJsIjtzOjMxOiJodHRwczovLzQ1Ljc2LjIzMy4xMjQvZGFzaGJvYXJkIjt9czo2OiJfZmxhc2giO2E6Mjp7czozOiJvbGQiO2E6MDp7fXM6MzoibmV3IjthOjA6e319fQ==',1775452886),('fWtujxCAfGuJNYRa8ADRhryYt541uf9g50mOBAMk',NULL,'66.132.195.110','Mozilla/5.0 (compatible; CensysInspect/1.1; +https://about.censys.io/)','YTo0OntzOjY6Il90b2tlbiI7czo0MDoiNVNOV1Q4NU1xc045WnBXWkFGRXVFcGNySllNNUR3d0lKZ3hrTWFxMSI7czozOiJ1cmwiO2E6MTp7czo4OiJpbnRlbmRlZCI7czozMToiaHR0cHM6Ly80NS43Ni4yMzMuMTI0L2Rhc2hib2FyZCI7fXM6OToiX3ByZXZpb3VzIjthOjE6e3M6MzoidXJsIjtzOjMxOiJodHRwczovLzQ1Ljc2LjIzMy4xMjQvZGFzaGJvYXJkIjt9czo2OiJfZmxhc2giO2E6Mjp7czozOiJvbGQiO2E6MDp7fXM6MzoibmV3IjthOjA6e319fQ==',1775444223),('g8Ytln8lU4tUSVB6K4XCwyGhPpS3cNhLM4QVwIEz',NULL,'45.139.104.147','python-requests/2.32.5','YTo0OntzOjY6Il90b2tlbiI7czo0MDoidXRXUk9zWWlwdjVJYnRjUERTR2FnRFh1OWJta3h4bGtsVkhPQmowViI7czo5OiJfcHJldmlvdXMiO2E6MTp7czozOiJ1cmwiO3M6MzM6Imh0dHBzOi8vYXBwLmFyYXNhaW1wb3J0LmNvbS9sb2dpbiI7fXM6NjoiX2ZsYXNoIjthOjI6e3M6Mzoib2xkIjthOjA6e31zOjM6Im5ldyI7YTowOnt9fXM6MzoidXJsIjthOjE6e3M6ODoiaW50ZW5kZWQiO3M6Mzc6Imh0dHBzOi8vYXBwLmFyYXNhaW1wb3J0LmNvbS9kYXNoYm9hcmQiO319',1775451074),('GvbigznuFUquV9KhxrdUvW7Igfb50kNQbp8VjFbt',NULL,'66.132.195.86','Mozilla/5.0 (compatible; CensysInspect/1.1; +https://about.censys.io/)','YTozOntzOjY6Il90b2tlbiI7czo0MDoib3BYeXVlZFROSVVJTzc0SldxZDJwVVpRdlB2YkhoTnVrb0hucTRIWiI7czo5OiJfcHJldmlvdXMiO2E6MTp7czozOiJ1cmwiO3M6Mjc6Imh0dHBzOi8vNDUuNzYuMjMzLjEyNC9sb2dpbiI7fXM6NjoiX2ZsYXNoIjthOjI6e3M6Mzoib2xkIjthOjA6e31zOjM6Im5ldyI7YTowOnt9fX0=',1775444365),('gzfFyH1kw4R3I5LQg0kKwp9cam5RZLl5XpVGAbjb',NULL,'192.253.248.169','Mozilla/5.0 (Android; Mobile; rv:22.0) Gecko/22.0 Firefox/22.0','YTozOntzOjY6Il90b2tlbiI7czo0MDoiM1ZxT3Q5bTlxQ3U0QTRxWlZmRGdqdjNMTkdHc2w1UExjaXlWOERSYyI7czo5OiJfcHJldmlvdXMiO2E6MTp7czozOiJ1cmwiO3M6MzE6Imh0dHBzOi8vNDUuNzYuMjMzLjEyNC8/dXJsPS5lbnYiO31zOjY6Il9mbGFzaCI7YToyOntzOjM6Im9sZCI7YTowOnt9czozOiJuZXciO2E6MDp7fX19',1775426911),('HjfCbEySG2aMkjH7RG8CgJ0lvctEoc1SwP3CL0ug',NULL,'18.221.126.14','Mozilla/5.0 (Windows NT 10.0; Win64; x64) AppleWebKit/537.36','YTozOntzOjY6Il90b2tlbiI7czo0MDoidWt5VkpsczZkZTVGaXQ4ZFBtdTdnS29rSmJad1IxSk5HUENkYVRzZCI7czo5OiJfcHJldmlvdXMiO2E6MTp7czozOiJ1cmwiO3M6MzE6Imh0dHBzOi8vd3d3LmFwcC5hcmFzYWltcG9ydC5jb20iO31zOjY6Il9mbGFzaCI7YToyOntzOjM6Im9sZCI7YTowOnt9czozOiJuZXciO2E6MDp7fX19',1775436132),('I0kPzAqKt7qC0AnN6U7Iw4pAjlGnIdwYb9bLMn8P',NULL,'192.253.248.169','Mozilla/5.0 (X11; U; Linux i686; pl; rv:1.8.1) Gecko/20061003 Firefox/2.0 Ubuntu','YTozOntzOjY6Il90b2tlbiI7czo0MDoiaFZOZXBJUlZnYmIxVUhObmFKRzFKMDRkeWlTcmFSRXpJUEh4WXFraSI7czo5OiJfcHJldmlvdXMiO2E6MTp7czozOiJ1cmwiO3M6MzM6Imh0dHBzOi8vNDUuNzYuMjMzLjEyNC8/cGhwaW5mbz0tMSI7fXM6NjoiX2ZsYXNoIjthOjI6e3M6Mzoib2xkIjthOjA6e31zOjM6Im5ldyI7YTowOnt9fX0=',1775426909),('jEjuJo4maIsK7egBSfFx7o1HrnvHn84AtsmSPfOG',NULL,'35.203.211.131','Hello from Palo Alto Networks, find out more about our scans in https://docs-cortex.paloaltonetworks.com/r/1/Cortex-Xpanse/Scanning-activity','YTo0OntzOjY6Il90b2tlbiI7czo0MDoidm9LaE9IcGx4RlY5Tm56ekhYcGtXaU1XdFQ4VW1ycERWaHhGSXltSSI7czozOiJ1cmwiO2E6MTp7czo4OiJpbnRlbmRlZCI7czozMToiaHR0cHM6Ly80NS43Ni4yMzMuMTI0L2Rhc2hib2FyZCI7fXM6OToiX3ByZXZpb3VzIjthOjE6e3M6MzoidXJsIjtzOjMxOiJodHRwczovLzQ1Ljc2LjIzMy4xMjQvZGFzaGJvYXJkIjt9czo2OiJfZmxhc2giO2E6Mjp7czozOiJvbGQiO2E6MDp7fXM6MzoibmV3IjthOjA6e319fQ==',1775423284),('K5LHSbydxGhGHySrUNJau8j18AB9zDb7eUxXQr1I',NULL,'65.49.1.63','Mozilla/5.0 (Macintosh; Intel Mac OS X 10_15_7) AppleWebKit/605.1.15 (KHTML, like Gecko) Version/17.6 Safari/605.1.15','YTo0OntzOjY6Il90b2tlbiI7czo0MDoic0JoMzAwaDV3eHFRT05kdXFROTZ5SGF5cnFyaXZ5M1JEaXBlVkFmbyI7czozOiJ1cmwiO2E6MTp7czo4OiJpbnRlbmRlZCI7czozMToiaHR0cHM6Ly80NS43Ni4yMzMuMTI0L2Rhc2hib2FyZCI7fXM6OToiX3ByZXZpb3VzIjthOjE6e3M6MzoidXJsIjtzOjMxOiJodHRwczovLzQ1Ljc2LjIzMy4xMjQvZGFzaGJvYXJkIjt9czo2OiJfZmxhc2giO2E6Mjp7czozOiJvbGQiO2E6MDp7fXM6MzoibmV3IjthOjA6e319fQ==',1775452077),('kq0KgRBpD3ceal9uDkYyRKnW1dS4VV9BCa1sWZwj',NULL,'172.105.128.13','Mozilla/5.0 (Macintosh; Intel Mac OS X 13_1) AppleWebKit/537.36 (KHTML, like Gecko) Chrome/108.0.0.0 Safari/537.36','YTozOntzOjY6Il90b2tlbiI7czo0MDoiTWVrRENQcXpXdG01TW84eUUxS3FzV1ZTY3VBakVyR1JDV1gxV082YyI7czo5OiJfcHJldmlvdXMiO2E6MTp7czozOiJ1cmwiO3M6MjE6Imh0dHBzOi8vNDUuNzYuMjMzLjEyNCI7fXM6NjoiX2ZsYXNoIjthOjI6e3M6Mzoib2xkIjthOjA6e31zOjM6Im5ldyI7YTowOnt9fX0=',1775443518),('kTVP9VHzPCbgbVFiMMcxwig69UfW6uP5wdxSut6m',NULL,'65.49.1.52','Mozilla/5.0 (Windows NT 10.0; Win64; x64) AppleWebKit/537.36 (KHTML, like Gecko) Chrome/120.0.0.0 Safari/537.36','YTozOntzOjY6Il90b2tlbiI7czo0MDoicDltSVUyTVpMaWsxNHNTdElQYTR6eG1pcGh0Q0pDU3VRd3VtcEVGYiI7czo5OiJfcHJldmlvdXMiO2E6MTp7czozOiJ1cmwiO3M6MjE6Imh0dHBzOi8vNDUuNzYuMjMzLjEyNCI7fXM6NjoiX2ZsYXNoIjthOjI6e3M6Mzoib2xkIjthOjA6e31zOjM6Im5ldyI7YTowOnt9fX0=',1775451391),('kXejhgpQagJGZvdQVxVSaPFTDYorNr9w2mXctcF2',NULL,'185.198.27.111','libredtail-http','YTozOntzOjY6Il90b2tlbiI7czo0MDoiaXpWbHdmbE1qaWpnaGtFMFY3M0xiVWd4cFhNUXFkeGtMdU1udkpWaiI7czo5OiJfcHJldmlvdXMiO2E6MTp7czozOiJ1cmwiO3M6MTUzOiJodHRwOi8vNDUuNzYuMjMzLjEyNC9wdWJsaWMvaW5kZXgucGhwP2Z1bmN0aW9uPWNhbGxfdXNlcl9mdW5jX2FycmF5JnM9JTJGaW5kZXglMkYlNUN0aGluayU1Q2FwcCUyRmludm9rZWZ1bmN0aW9uJnZhcnMlNUIwJTVEPW1kNSZ2YXJzJTVCMSU1RCU1QjAlNUQ9SGVsbG8iO31zOjY6Il9mbGFzaCI7YToyOntzOjM6Im9sZCI7YTowOnt9czozOiJuZXciO2E6MDp7fX19',1775449672),('L8KnJbkQ6JM9BbRvZWmCUcWCl2x2aqRFm7OY7TbF',NULL,'43.112.127.131','Mozilla/5.0 (Windows NT 10.0; Win64; x64) AppleWebKit/537.36 (KHTML, like Gecko) Chrome/131.0.0.0 Safari/537.36','YTo0OntzOjY6Il90b2tlbiI7czo0MDoiQ1A0ZGw3M1l2YzJ5TTNRUTM0WDdldzhUcXRFVFR5M1o2VGEyMHdtQiI7czozOiJ1cmwiO2E6MTp7czo4OiJpbnRlbmRlZCI7czozMToiaHR0cHM6Ly80NS43Ni4yMzMuMTI0L2Rhc2hib2FyZCI7fXM6OToiX3ByZXZpb3VzIjthOjE6e3M6MzoidXJsIjtzOjMxOiJodHRwczovLzQ1Ljc2LjIzMy4xMjQvZGFzaGJvYXJkIjt9czo2OiJfZmxhc2giO2E6Mjp7czozOiJvbGQiO2E6MDp7fXM6MzoibmV3IjthOjA6e319fQ==',1775442916),('LrKbZX6jhMjMtMEhLXdQAZy84k7wTlY0HuiHTzRm',NULL,'64.71.171.102','Go-http-client/1.1','YTo0OntzOjY6Il90b2tlbiI7czo0MDoiajI0RHhPaXd4NVVoR0lKQWVUSTlnN3Z3ckdpNkFIT2tjNFN4UnFoZiI7czozOiJ1cmwiO2E6MTp7czo4OiJpbnRlbmRlZCI7czozMToiaHR0cHM6Ly80NS43Ni4yMzMuMTI0L2Rhc2hib2FyZCI7fXM6OToiX3ByZXZpb3VzIjthOjE6e3M6MzoidXJsIjtzOjMxOiJodHRwczovLzQ1Ljc2LjIzMy4xMjQvZGFzaGJvYXJkIjt9czo2OiJfZmxhc2giO2E6Mjp7czozOiJvbGQiO2E6MDp7fXM6MzoibmV3IjthOjA6e319fQ==',1775417130),('M9R2ZSKaW63vMLDW8YrPRMK7UZCuvDSCsrlVh7Wo',NULL,'64.71.171.102','Go-http-client/1.1','YTozOntzOjY6Il90b2tlbiI7czo0MDoiRDR1czdGSlBKck1BSkFtckdMOGVBNjFNTHpIR01pVDlhZHhJTWNVZCI7czo5OiJfcHJldmlvdXMiO2E6MTp7czozOiJ1cmwiO3M6MjE6Imh0dHBzOi8vNDUuNzYuMjMzLjEyNCI7fXM6NjoiX2ZsYXNoIjthOjI6e3M6Mzoib2xkIjthOjA6e31zOjM6Im5ldyI7YTowOnt9fX0=',1775417130),('mpATLewYZYrJfexWtO2G10L6rJ7AT4TJlkgqWxJT',NULL,'172.105.82.111','Mozilla/5.0 (Macintosh; Intel Mac OS X 10_15_7) AppleWebKit/537.36 (KHTML, like Gecko) Chrome/141.0.0.0 Safari/537.36','YTozOntzOjY6Il90b2tlbiI7czo0MDoiNDA0RWJLemUzSkVEMGZick5QZkVyUTE4WjB5bEFucUdLZUxtbGRUZSI7czo5OiJfcHJldmlvdXMiO2E6MTp7czozOiJ1cmwiO3M6MzM6Imh0dHA6Ly80NS43Ni4yMzMuMTI0L3B1YmxpYy9sb2dpbiI7fXM6NjoiX2ZsYXNoIjthOjI6e3M6Mzoib2xkIjthOjA6e31zOjM6Im5ldyI7YTowOnt9fX0=',1775422893),('mRrKrZGlyXDARxBx5VLbuICkSzUMFQUMnygFVYDk',NULL,'45.156.129.133','Mozilla/5.0 AppleWebKit/537.36 (KHTML, like Gecko) Chrome/123.0.6312.86 Safari/537.36','YTo0OntzOjY6Il90b2tlbiI7czo0MDoicFVUbGtsN1lLaEFGVkF3UEhzc0xnSzRwbFBQa3JpYk1BbkdlZXpZeSI7czozOiJ1cmwiO2E6MTp7czo4OiJpbnRlbmRlZCI7czozMToiaHR0cHM6Ly80NS43Ni4yMzMuMTI0L2Rhc2hib2FyZCI7fXM6OToiX3ByZXZpb3VzIjthOjE6e3M6MzoidXJsIjtzOjMxOiJodHRwczovLzQ1Ljc2LjIzMy4xMjQvZGFzaGJvYXJkIjt9czo2OiJfZmxhc2giO2E6Mjp7czozOiJvbGQiO2E6MDp7fXM6MzoibmV3IjthOjA6e319fQ==',1775436836),('mv4wCaWorO1vcle9Kua8J9Nk0Byf0dyPsVzVUiId',NULL,'43.112.127.153','Mozilla/5.0 (Windows NT 10.0; Win64; x64) AppleWebKit/537.36 (KHTML, like Gecko) Chrome/131.0.0.0 Safari/537.36','YTo0OntzOjY6Il90b2tlbiI7czo0MDoiWXRZS3FPYlY0WmY2akxmQlNldW1RYU11ZnJQR2RUM0lyVW0zT2twbyI7czozOiJ1cmwiO2E6MTp7czo4OiJpbnRlbmRlZCI7czozMToiaHR0cHM6Ly80NS43Ni4yMzMuMTI0L2Rhc2hib2FyZCI7fXM6OToiX3ByZXZpb3VzIjthOjE6e3M6MzoidXJsIjtzOjMxOiJodHRwczovLzQ1Ljc2LjIzMy4xMjQvZGFzaGJvYXJkIjt9czo2OiJfZmxhc2giO2E6Mjp7czozOiJvbGQiO2E6MDp7fXM6MzoibmV3IjthOjA6e319fQ==',1775413748),('NihuRlQApl1PcS7wnCGGf8ReLUySddljpDN6LvBL',NULL,'66.228.53.174','Mozilla/5.0 (Macintosh; Intel Mac OS X 13_1) AppleWebKit/537.36 (KHTML, like Gecko) Chrome/108.0.0.0 Safari/537.36','YTo0OntzOjY6Il90b2tlbiI7czo0MDoid2JzbmNWU2haMDhEamxSeGpIN1B0bzVWaXIzWnlSZlBJOW5TbmRIRSI7czozOiJ1cmwiO2E6MTp7czo4OiJpbnRlbmRlZCI7czozMToiaHR0cHM6Ly80NS43Ni4yMzMuMTI0L2Rhc2hib2FyZCI7fXM6OToiX3ByZXZpb3VzIjthOjE6e3M6MzoidXJsIjtzOjMxOiJodHRwczovLzQ1Ljc2LjIzMy4xMjQvZGFzaGJvYXJkIjt9czo2OiJfZmxhc2giO2E6Mjp7czozOiJvbGQiO2E6MDp7fXM6MzoibmV3IjthOjA6e319fQ==',1775446071),('p4viDKqtUo1GruKEzzSC2rJLPj4j1vaVSjcpFy3Y',NULL,'213.209.159.175','Mozilla/5.0 (Windows; U; Windows NT 5.1; en-US; rv:1.9.1b4pre) Gecko/20090401 Firefox/3.5b4pre','YTozOntzOjY6Il90b2tlbiI7czo0MDoia3NjRndaVXlWWk5LcTFHN2ZmeFVhR2RJZllmODZuVHJmQU5pTEVqZyI7czo5OiJfcHJldmlvdXMiO2E6MTp7czozOiJ1cmwiO3M6MzM6Imh0dHBzOi8vNDUuNzYuMjMzLjEyNC8/cGhwaW5mbz0tMSI7fXM6NjoiX2ZsYXNoIjthOjI6e3M6Mzoib2xkIjthOjA6e31zOjM6Im5ldyI7YTowOnt9fX0=',1775414081),('pEWJueA9SqZbRRnP5ER9gI5jwiFKEyF9e61xXJAA',NULL,'65.49.1.52','Mozilla/5.0 (Macintosh; Intel Mac OS X 10_15_7) AppleWebKit/605.1.15 (KHTML, like Gecko) Version/17.4.1 Safari/605.6.24','YTo0OntzOjY6Il90b2tlbiI7czo0MDoiQkROZGJMMWVwN1ZkclVRQnY3d1FLQ1J6OXVKeW9XODUzRm1hWFB6SCI7czozOiJ1cmwiO2E6MTp7czo4OiJpbnRlbmRlZCI7czozMToiaHR0cHM6Ly80NS43Ni4yMzMuMTI0L2Rhc2hib2FyZCI7fXM6OToiX3ByZXZpb3VzIjthOjE6e3M6MzoidXJsIjtzOjMxOiJodHRwczovLzQ1Ljc2LjIzMy4xMjQvZGFzaGJvYXJkIjt9czo2OiJfZmxhc2giO2E6Mjp7czozOiJvbGQiO2E6MDp7fXM6MzoibmV3IjthOjA6e319fQ==',1775452201),('qEcCSQDguEIwK9SZQa0VCRNaTjcAG4NHEzLY0n4f',NULL,'18.221.126.14','Mozilla/5.0 (Windows NT 10.0; Win64; x64) AppleWebKit/537.36','YTozOntzOjY6Il90b2tlbiI7czo0MDoiV3ViMzQzN3dNVjJHaFpxVnZrbVlHcm5tT0ZoM1BWVW5GUEtQTURGeSI7czo5OiJfcHJldmlvdXMiO2E6MTp7czozOiJ1cmwiO3M6Mjc6Imh0dHBzOi8vYXBwLmFyYXNhaW1wb3J0LmNvbSI7fXM6NjoiX2ZsYXNoIjthOjI6e3M6Mzoib2xkIjthOjA6e31zOjM6Im5ldyI7YTowOnt9fX0=',1775436118),('rILH5xMF0aU3vxt41eZwGRl04qVGYhNPUj6Yrt4U',NULL,'178.128.160.143','Mozilla/5.0 (X11; Linux x86_64) AppleWebKit/537.36 (KHTML, like Gecko) Chrome/142.0.0.0 Safari/537.36','YTo0OntzOjY6Il90b2tlbiI7czo0MDoiVTRaQ2ZaUnp5TnhTY2l4YUtiYnhpMEl2SzNTa0ZGeTYyZmpnNFNPNSI7czo5OiJfcHJldmlvdXMiO2E6MTp7czozOiJ1cmwiO3M6Mjc6Imh0dHBzOi8vNDUuNzYuMjMzLjEyNC9sb2dpbiI7fXM6NjoiX2ZsYXNoIjthOjI6e3M6Mzoib2xkIjthOjA6e31zOjM6Im5ldyI7YTowOnt9fXM6MzoidXJsIjthOjE6e3M6ODoiaW50ZW5kZWQiO3M6MzE6Imh0dHBzOi8vNDUuNzYuMjMzLjEyNC9kYXNoYm9hcmQiO319',1775413382),('ROjan1gBgFsUYsVafChSNrUr1C5JtxjZwtF3fc19',NULL,'35.203.211.131','Hello from Palo Alto Networks, find out more about our scans in https://docs-cortex.paloaltonetworks.com/r/1/Cortex-Xpanse/Scanning-activity','YTozOntzOjY6Il90b2tlbiI7czo0MDoiUmZENTIyQnRhNzcxdDdHUTFpQkVFTG1mTncwejRkMktaS29SeDdIZiI7czo5OiJfcHJldmlvdXMiO2E6MTp7czozOiJ1cmwiO3M6Mjc6Imh0dHBzOi8vNDUuNzYuMjMzLjEyNC9sb2dpbiI7fXM6NjoiX2ZsYXNoIjthOjI6e3M6Mzoib2xkIjthOjA6e31zOjM6Im5ldyI7YTowOnt9fX0=',1775423284),('rsaHFF5YmxcaO274zIiUuNFvnBhnB2PaWIE7XDrX',NULL,'103.141.47.82','Mozilla/5.0 (Windows NT 10.0; Win64; x64) AppleWebKit/537.36 (KHTML, like Gecko) Chrome/146.0.0.0 Safari/537.36','YTo0OntzOjY6Il90b2tlbiI7czo0MDoicUdqcmpkbXFNTDZ0dUlYbjdtVEtaMVNoanN5cWRtVDFsVmtuV2NJZSI7czo5OiJfcHJldmlvdXMiO2E6MTp7czozOiJ1cmwiO3M6MzM6Imh0dHA6Ly80NS43Ni4yMzMuMTI0L3B1YmxpYy9sb2dpbiI7fXM6NjoiX2ZsYXNoIjthOjI6e3M6Mzoib2xkIjthOjA6e31zOjM6Im5ldyI7YTowOnt9fXM6MzoidXJsIjthOjE6e3M6ODoiaW50ZW5kZWQiO3M6Mzc6Imh0dHA6Ly80NS43Ni4yMzMuMTI0L3B1YmxpYy9kYXNoYm9hcmQiO319',1775418254),('s1qJIMdAoPvXLszwlDbsU6SbJPidDIJEuHT9cwPc',NULL,'213.232.204.83','libredtail-http','YTozOntzOjY6Il90b2tlbiI7czo0MDoiQXFhMkZEM3NLdW5iSjlwb2I1cU1kUGVzdXhiRHhRQjhMaG1LY1hyOSI7czo5OiJfcHJldmlvdXMiO2E6MTp7czozOiJ1cmwiO3M6MTUzOiJodHRwOi8vNDUuNzYuMjMzLjEyNC9wdWJsaWMvaW5kZXgucGhwP2Z1bmN0aW9uPWNhbGxfdXNlcl9mdW5jX2FycmF5JnM9JTJGaW5kZXglMkYlNUN0aGluayU1Q2FwcCUyRmludm9rZWZ1bmN0aW9uJnZhcnMlNUIwJTVEPW1kNSZ2YXJzJTVCMSU1RCU1QjAlNUQ9SGVsbG8iO31zOjY6Il9mbGFzaCI7YToyOntzOjM6Im9sZCI7YTowOnt9czozOiJuZXciO2E6MDp7fX19',1775411962),('u4qwLP3Wr03QLQBjaoM76REsgX3vdqAuQqctEv15',NULL,'35.203.211.131','Hello from Palo Alto Networks, find out more about our scans in https://docs-cortex.paloaltonetworks.com/r/1/Cortex-Xpanse/Scanning-activity','YTozOntzOjY6Il90b2tlbiI7czo0MDoidTM0Z3VFN1loZlhwWE81Z2lMZ2xNTHdmT1dDWUN6Q3NyOXlwN2lLMCI7czo5OiJfcHJldmlvdXMiO2E6MTp7czozOiJ1cmwiO3M6MjE6Imh0dHBzOi8vNDUuNzYuMjMzLjEyNCI7fXM6NjoiX2ZsYXNoIjthOjI6e3M6Mzoib2xkIjthOjA6e31zOjM6Im5ldyI7YTowOnt9fX0=',1775423283),('UkOLKe0b87Y1pGXI4YArOUPlkVTwCp5laSZ4pzcP',NULL,'65.49.1.63','Mozilla/5.0 (Macintosh; Intel Mac OS X 10_15_7) AppleWebKit/605.1.15 (KHTML, like Gecko) Version/17.6 Safari/605.1.15','YTozOntzOjY6Il90b2tlbiI7czo0MDoicGVNZXdwbHFrdU1CT1FiRWx1bzc4ejkwaTlQRURRZkdlTjl5aUJ3ayI7czo5OiJfcHJldmlvdXMiO2E6MTp7czozOiJ1cmwiO3M6Mjc6Imh0dHBzOi8vNDUuNzYuMjMzLjEyNC9sb2dpbiI7fXM6NjoiX2ZsYXNoIjthOjI6e3M6Mzoib2xkIjthOjA6e31zOjM6Im5ldyI7YTowOnt9fX0=',1775452077),('Va9EsBbcdQHYweF6B3PDfyNRlTkMKG9c7QVVe6FD',NULL,'43.133.75.233','Go-http-client/1.1','YTozOntzOjY6Il90b2tlbiI7czo0MDoiVG54STNUVEtOdkg4bG43Y3NMc0VXcEhOZUZBMlFoR29KakFRb09aQyI7czo5OiJfcHJldmlvdXMiO2E6MTp7czozOiJ1cmwiO3M6Mjc6Imh0dHBzOi8vNDUuNzYuMjMzLjEyNC9sb2dpbiI7fXM6NjoiX2ZsYXNoIjthOjI6e3M6Mzoib2xkIjthOjA6e31zOjM6Im5ldyI7YTowOnt9fX0=',1775419210),('VvgZHXt2dW5T48SVwzrFw1aNGSdAh2lyQQWal348',NULL,'18.221.126.14','Mozilla/5.0 (Windows NT 10.0; Win64; x64) AppleWebKit/537.36','YTo0OntzOjY6Il90b2tlbiI7czo0MDoidkhwdnR4QWNjTFV4c21MT3dvdGV0NXFWYUxQRDJHanFoY1ZMUVZRbyI7czozOiJ1cmwiO2E6MTp7czo4OiJpbnRlbmRlZCI7czo0MToiaHR0cHM6Ly93d3cuYXBwLmFyYXNhaW1wb3J0LmNvbS9kYXNoYm9hcmQiO31zOjk6Il9wcmV2aW91cyI7YToxOntzOjM6InVybCI7czo0MToiaHR0cHM6Ly93d3cuYXBwLmFyYXNhaW1wb3J0LmNvbS9kYXNoYm9hcmQiO31zOjY6Il9mbGFzaCI7YToyOntzOjM6Im9sZCI7YTowOnt9czozOiJuZXciO2E6MDp7fX19',1775436126),('vx7ZY1w3eMPGQR9KRTkes5hZMWeHjQk0LIjeLD4D',NULL,'172.105.82.111','Mozilla/5.0 (Macintosh; Intel Mac OS X 10_15_7) AppleWebKit/537.36 (KHTML, like Gecko) Chrome/141.0.0.0 Safari/537.36','YTo0OntzOjY6Il90b2tlbiI7czo0MDoiYWRIeURXeUFLZklGUjRyeHZrRDB5RUZVMDBZZG9kRlMwYmVielBPYiI7czozOiJ1cmwiO2E6MTp7czo4OiJpbnRlbmRlZCI7czozNzoiaHR0cDovLzQ1Ljc2LjIzMy4xMjQvcHVibGljL2Rhc2hib2FyZCI7fXM6OToiX3ByZXZpb3VzIjthOjE6e3M6MzoidXJsIjtzOjM3OiJodHRwOi8vNDUuNzYuMjMzLjEyNC9wdWJsaWMvZGFzaGJvYXJkIjt9czo2OiJfZmxhc2giO2E6Mjp7czozOiJvbGQiO2E6MDp7fXM6MzoibmV3IjthOjA6e319fQ==',1775422893),('wnTiGuoZznpeV8NRcBpFoZrR5TDgZAxKj1crMrrU',NULL,'45.156.129.133','Mozilla/5.0 AppleWebKit/537.36 (KHTML, like Gecko) Chrome/123.0.6312.86 Safari/537.36','YTozOntzOjY6Il90b2tlbiI7czo0MDoiQVdEZU11RFpqTmgycFgwNlNDU0NNRFhBTGplTHQxNXhUamRhTmJpSCI7czo5OiJfcHJldmlvdXMiO2E6MTp7czozOiJ1cmwiO3M6Mjc6Imh0dHBzOi8vNDUuNzYuMjMzLjEyNC9sb2dpbiI7fXM6NjoiX2ZsYXNoIjthOjI6e3M6Mzoib2xkIjthOjA6e31zOjM6Im5ldyI7YTowOnt9fX0=',1775436836),('X8H5xybVDlaesygKchENQ2ckfOGpAmiKFnU6KiOT',2,'38.25.13.238','Mozilla/5.0 (Windows NT 10.0; Win64; x64) AppleWebKit/537.36 (KHTML, like Gecko) Chrome/146.0.0.0 Safari/537.36','YTo1OntzOjY6Il90b2tlbiI7czo0MDoiRFF0aXhNb2d4U2U4cThXaGRHSmxVYUR5VXJrZlVzTUNCY1JTVGNNMCI7czo1MDoibG9naW5fd2ViXzU5YmEzNmFkZGMyYjJmOTQwMTU4MGYwMTRjN2Y1OGVhNGUzMDk4OWQiO2k6MjtzOjk6Il9wcmV2aW91cyI7YToxOntzOjM6InVybCI7czozNzoiaHR0cHM6Ly9hcHAuYXJhc2FpbXBvcnQuY29tL2Rhc2hib2FyZCI7fXM6NjoiX2ZsYXNoIjthOjI6e3M6Mzoib2xkIjthOjA6e31zOjM6Im5ldyI7YTowOnt9fXM6MjE6InBhc3N3b3JkX2hhc2hfc2FuY3R1bSI7czo2MDoiJDJ5JDEyJFZoUWdKdTQ1TEsuT1F4NUwyZ1NSOC52RjNsdlJIQ2lHTjU5UFVPaDV1TjNOS2kxcGYxYkVDIjt9',1775446370),('xavfXjqYI7lc3NRdyTrAvGupEBy1xEwf9vbBjL35',NULL,'172.105.128.13','Mozilla/5.0 (Macintosh; Intel Mac OS X 13_1) AppleWebKit/537.36 (KHTML, like Gecko) Chrome/108.0.0.0 Safari/537.36','YTo0OntzOjY6Il90b2tlbiI7czo0MDoiWFBDMlB3cVhXeGJjejUwUThPRFdERDdXVlhZSXNHb0VhM3l6RGZ6ZSI7czozOiJ1cmwiO2E6MTp7czo4OiJpbnRlbmRlZCI7czozMToiaHR0cHM6Ly80NS43Ni4yMzMuMTI0L2Rhc2hib2FyZCI7fXM6OToiX3ByZXZpb3VzIjthOjE6e3M6MzoidXJsIjtzOjMxOiJodHRwczovLzQ1Ljc2LjIzMy4xMjQvZGFzaGJvYXJkIjt9czo2OiJfZmxhc2giO2E6Mjp7czozOiJvbGQiO2E6MDp7fXM6MzoibmV3IjthOjA6e319fQ==',1775443518),('XBCDsvQQTInhcPizUq2U0KnIXAVHjN9vlnS1yAdC',NULL,'213.32.122.82','Mozilla/5.0 (Windows NT 6.1) AppleWebKit/537.36 (KHTML, like Gecko) Chrome/41.0.2228.0 Safari/537.36','YTozOntzOjY6Il90b2tlbiI7czo0MDoibHZyUXVUN0o4YTVEZDU5b3oyajZHT2l3d3JxSmwxcHVJZ3FXcnRmayI7czo5OiJfcHJldmlvdXMiO2E6MTp7czozOiJ1cmwiO3M6MjE6Imh0dHBzOi8vNDUuNzYuMjMzLjEyNCI7fXM6NjoiX2ZsYXNoIjthOjI6e3M6Mzoib2xkIjthOjA6e31zOjM6Im5ldyI7YTowOnt9fX0=',1775452886),('Xi4430HZ4AVd5LY4MWA8gDsYeB7ipC8Trhw7LYU3',NULL,'18.221.126.14','Mozilla/5.0 (Windows NT 10.0; Win64; x64) AppleWebKit/537.36','YTo0OntzOjY6Il90b2tlbiI7czo0MDoiQXJwVWI4ejZFTzRJQkU4bnA2c29FNlJJVk5EV1phelkxb0Rqa0x4dCI7czozOiJ1cmwiO2E6MTp7czo4OiJpbnRlbmRlZCI7czozNzoiaHR0cHM6Ly9hcHAuYXJhc2FpbXBvcnQuY29tL2Rhc2hib2FyZCI7fXM6OToiX3ByZXZpb3VzIjthOjE6e3M6MzoidXJsIjtzOjM3OiJodHRwczovL2FwcC5hcmFzYWltcG9ydC5jb20vZGFzaGJvYXJkIjt9czo2OiJfZmxhc2giO2E6Mjp7czozOiJvbGQiO2E6MDp7fXM6MzoibmV3IjthOjA6e319fQ==',1775436124),('y3Suojzuujbp70dtviBT14KUWFvoyy580ULltyfB',NULL,'172.105.82.111','Mozilla/5.0 (Macintosh; Intel Mac OS X 10_15_7) AppleWebKit/537.36 (KHTML, like Gecko) Chrome/141.0.0.0 Safari/537.36','YTozOntzOjY6Il90b2tlbiI7czo0MDoiMDh3SnYxV29QRkxmSTZ6cVYxTXlpQXlINEFQRm9iNUFGUWFzaTIwaCI7czo5OiJfcHJldmlvdXMiO2E6MTp7czozOiJ1cmwiO3M6Mjc6Imh0dHA6Ly80NS43Ni4yMzMuMTI0L3B1YmxpYyI7fXM6NjoiX2ZsYXNoIjthOjI6e3M6Mzoib2xkIjthOjA6e31zOjM6Im5ldyI7YTowOnt9fX0=',1775451698),('yb3m84vfDfOB9RJzRurD2K0n2qvCJLgz1yHcQsZw',NULL,'66.228.53.174','Mozilla/5.0 (Macintosh; Intel Mac OS X 13_1) AppleWebKit/537.36 (KHTML, like Gecko) Chrome/108.0.0.0 Safari/537.36','YTozOntzOjY6Il90b2tlbiI7czo0MDoiMlQ0eklLVUhLcm1QaW1SaTJZSzliV1pSSFpCR2lVbVVCNEM1a1N1TiI7czo5OiJfcHJldmlvdXMiO2E6MTp7czozOiJ1cmwiO3M6MjE6Imh0dHBzOi8vNDUuNzYuMjMzLjEyNCI7fXM6NjoiX2ZsYXNoIjthOjI6e3M6Mzoib2xkIjthOjA6e31zOjM6Im5ldyI7YTowOnt9fX0=',1775446071),('YGpAHUXQBKGynKZdJjET2rf5NkZPhU5DAerwCR5T',NULL,'18.221.126.14','Mozilla/5.0 (Windows NT 10.0; Win64; x64) AppleWebKit/537.36','YTozOntzOjY6Il90b2tlbiI7czo0MDoiQUZEc0lyVUYzYVFXTDBTOVBOcEQwd2VIZ3pXZGpNcHFXQktVa1JUUyI7czo5OiJfcHJldmlvdXMiO2E6MTp7czozOiJ1cmwiO3M6Mjc6Imh0dHBzOi8vYXBwLmFyYXNhaW1wb3J0LmNvbSI7fXM6NjoiX2ZsYXNoIjthOjI6e3M6Mzoib2xkIjthOjA6e31zOjM6Im5ldyI7YTowOnt9fX0=',1775436130),('yyMucWut7p2c7gt9RZbqPc1Ykl892laIOtPBirZI',NULL,'66.132.195.110','Mozilla/5.0 (compatible; CensysInspect/1.1; +https://about.censys.io/)','YTozOntzOjY6Il90b2tlbiI7czo0MDoiQ2RLQzRjUWhhc212bUFaaGRtTXZnUVBCbkU5OTd0SWMxclp4RGJ1TiI7czo5OiJfcHJldmlvdXMiO2E6MTp7czozOiJ1cmwiO3M6MjE6Imh0dHBzOi8vNDUuNzYuMjMzLjEyNCI7fXM6NjoiX2ZsYXNoIjthOjI6e3M6Mzoib2xkIjthOjA6e31zOjM6Im5ldyI7YTowOnt9fX0=',1775444222),('ZInuLA2pIoeVPfwmn0arlhQDLCcOQ9vgghpp8gap',NULL,'74.7.227.10','Mozilla/5.0 AppleWebKit/537.36 (KHTML, like Gecko; compatible; GPTBot/1.3; +https://openai.com/gptbot)','YTo0OntzOjY6Il90b2tlbiI7czo0MDoiaVZSODNzaEVGMlVhZXJ4UWlCdXlsR0Z4cVV4WlRGMFA0dERwVGxDbSI7czo5OiJfcHJldmlvdXMiO2E6MTp7czozOiJ1cmwiO3M6Mzc6Imh0dHBzOi8vd3d3LmFwcC5hcmFzYWltcG9ydC5jb20vbG9naW4iO31zOjY6Il9mbGFzaCI7YToyOntzOjM6Im9sZCI7YTowOnt9czozOiJuZXciO2E6MDp7fX1zOjM6InVybCI7YToxOntzOjg6ImludGVuZGVkIjtzOjQxOiJodHRwczovL3d3dy5hcHAuYXJhc2FpbXBvcnQuY29tL2Rhc2hib2FyZCI7fX0=',1775437330),('ZVEl391c7sgWQcgz48UbrjQaziAwdpk41AGL1hnn',NULL,'104.152.52.100','curl/7.61.1','YTozOntzOjY6Il90b2tlbiI7czo0MDoid2ZxanhKUWZpaWVZRVU4TEtvN3FOcHVqMm16OU56Yk5sTmJhazRXbyI7czo5OiJfcHJldmlvdXMiO2E6MTp7czozOiJ1cmwiO3M6MjE6Imh0dHBzOi8vNDUuNzYuMjMzLjEyNCI7fXM6NjoiX2ZsYXNoIjthOjI6e3M6Mzoib2xkIjthOjA6e31zOjM6Im5ldyI7YTowOnt9fX0=',1775435255);

--
-- Table structure for table `statement_of_accounts`
--

CREATE TABLE `statement_of_accounts` (
  `id` bigint(20) unsigned NOT NULL AUTO_INCREMENT,
  `person_id` bigint(20) unsigned NOT NULL COMMENT 'client or provider',
  `voucher_id` bigint(20) unsigned NOT NULL,
  `type_transaction` enum('sales','purchases') NOT NULL,
  `total` double NOT NULL,
  `issue_date` date NOT NULL,
  `payment_status` double NOT NULL DEFAULT 0 COMMENT '0: pending, 1: paid',
  `creation_user` varchar(191) DEFAULT NULL,
  `modification_user` varchar(191) DEFAULT NULL,
  `created_at` timestamp NULL DEFAULT NULL,
  `updated_at` timestamp NULL DEFAULT NULL,
  `deleted_at` timestamp NULL DEFAULT NULL,
  `elimination_user` varchar(191) DEFAULT NULL,
  `status` int(11) NOT NULL DEFAULT 1 COMMENT '0 deleted, 1 active, 2 inactive',
  PRIMARY KEY (`id`),
  KEY `statement_of_accounts_person_id_foreign` (`person_id`),
  KEY `statement_of_accounts_voucher_id_foreign` (`voucher_id`),
  CONSTRAINT `statement_of_accounts_person_id_foreign` FOREIGN KEY (`person_id`) REFERENCES `people` (`id`),
  CONSTRAINT `statement_of_accounts_voucher_id_foreign` FOREIGN KEY (`voucher_id`) REFERENCES `vouchers` (`id`)
) ENGINE=InnoDB DEFAULT CHARSET=utf8mb4 COLLATE=utf8mb4_unicode_ci;

--
-- Dumping data for table `statement_of_accounts`
--


--
-- Table structure for table `team_invitations`
--

CREATE TABLE `team_invitations` (
  `id` bigint(20) unsigned NOT NULL AUTO_INCREMENT,
  `team_id` bigint(20) unsigned NOT NULL,
  `email` varchar(191) NOT NULL,
  `role` varchar(191) DEFAULT NULL,
  `created_at` timestamp NULL DEFAULT NULL,
  `updated_at` timestamp NULL DEFAULT NULL,
  PRIMARY KEY (`id`),
  UNIQUE KEY `team_invitations_team_id_email_unique` (`team_id`,`email`),
  CONSTRAINT `team_invitations_team_id_foreign` FOREIGN KEY (`team_id`) REFERENCES `teams` (`id`) ON DELETE CASCADE
) ENGINE=InnoDB DEFAULT CHARSET=utf8mb4 COLLATE=utf8mb4_unicode_ci;

--
-- Dumping data for table `team_invitations`
--


--
-- Table structure for table `team_user`
--

CREATE TABLE `team_user` (
  `id` bigint(20) unsigned NOT NULL AUTO_INCREMENT,
  `team_id` bigint(20) unsigned NOT NULL,
  `user_id` bigint(20) unsigned NOT NULL,
  `role` varchar(191) DEFAULT NULL,
  `created_at` timestamp NULL DEFAULT NULL,
  `updated_at` timestamp NULL DEFAULT NULL,
  PRIMARY KEY (`id`),
  UNIQUE KEY `team_user_team_id_user_id_unique` (`team_id`,`user_id`)
) ENGINE=InnoDB DEFAULT CHARSET=utf8mb4 COLLATE=utf8mb4_unicode_ci;

--
-- Dumping data for table `team_user`
--


--
-- Table structure for table `teams`
--

CREATE TABLE `teams` (
  `id` bigint(20) unsigned NOT NULL AUTO_INCREMENT,
  `user_id` bigint(20) unsigned NOT NULL,
  `name` varchar(191) NOT NULL,
  `personal_team` tinyint(1) NOT NULL,
  `created_at` timestamp NULL DEFAULT NULL,
  `updated_at` timestamp NULL DEFAULT NULL,
  PRIMARY KEY (`id`),
  KEY `teams_user_id_index` (`user_id`)
) ENGINE=InnoDB AUTO_INCREMENT=11 DEFAULT CHARSET=utf8mb4 COLLATE=utf8mb4_unicode_ci;

--
-- Dumping data for table `teams`
--

INSERT INTO `teams` VALUES (1,1,'a\'s Team',1,'2025-02-20 11:29:58','2025-02-20 11:29:58'),(2,2,'Rildo\'s Team',1,'2025-02-20 11:34:24','2025-02-20 11:34:24'),(3,3,'SHEYLA\'s Team',1,'2025-02-20 17:17:35','2025-02-20 17:17:35'),(4,4,'Luis\'s Team',1,'2025-02-20 17:22:17','2025-02-20 17:22:17'),(5,5,'a\'s Team',1,'2025-03-18 18:07:30','2025-03-18 18:07:30'),(6,6,'JOHN\'s Team',1,'2025-09-15 17:12:06','2025-09-15 17:12:06'),(7,7,'Alickson\'s Team',1,'2025-11-12 16:52:39','2025-11-12 16:52:39'),(8,8,'contabilidad\'s Team',1,'2026-02-11 12:47:12','2026-02-11 12:47:12'),(9,9,'julio\'s Team',1,'2026-02-25 10:38:56','2026-02-25 10:38:56'),(10,10,'pruebas\'s Team',1,'2026-03-19 10:53:36','2026-03-19 10:53:36');

--
-- Table structure for table `transaction_details`
--

CREATE TABLE `transaction_details` (
  `id` bigint(20) unsigned NOT NULL AUTO_INCREMENT,
  `statement_of_account_id` bigint(20) unsigned NOT NULL,
  `transaction_id` bigint(20) unsigned NOT NULL,
  `type_transaction` enum('sales','purchases') NOT NULL,
  `total` double NOT NULL,
  `description` varchar(191) DEFAULT NULL,
  `descriptionAutomatic` text NOT NULL,
  `issue_date` date NOT NULL,
  `creation_user` varchar(191) DEFAULT NULL,
  `modification_user` varchar(191) DEFAULT NULL,
  `created_at` timestamp NULL DEFAULT NULL,
  `updated_at` timestamp NULL DEFAULT NULL,
  `deleted_at` timestamp NULL DEFAULT NULL,
  `elimination_user` varchar(191) DEFAULT NULL,
  `status` int(11) NOT NULL DEFAULT 1 COMMENT '0 deleted, 1 active, 2 inactive',
  PRIMARY KEY (`id`),
  KEY `transaction_details_statement_of_account_id_foreign` (`statement_of_account_id`),
  KEY `transaction_details_transaction_id_foreign` (`transaction_id`),
  CONSTRAINT `transaction_details_statement_of_account_id_foreign` FOREIGN KEY (`statement_of_account_id`) REFERENCES `statement_of_accounts` (`id`),
  CONSTRAINT `transaction_details_transaction_id_foreign` FOREIGN KEY (`transaction_id`) REFERENCES `transactions` (`id`)
) ENGINE=InnoDB DEFAULT CHARSET=utf8mb4 COLLATE=utf8mb4_unicode_ci;

--
-- Dumping data for table `transaction_details`
--


--
-- Table structure for table `transactions`
--

CREATE TABLE `transactions` (
  `id` bigint(20) unsigned NOT NULL AUTO_INCREMENT,
  `person_id` bigint(20) unsigned NOT NULL COMMENT 'client or provider',
  `currency_id` bigint(20) unsigned NOT NULL,
  `type_transaction` enum('sales','purchases') NOT NULL,
  `total` double NOT NULL,
  `description` varchar(191) DEFAULT NULL,
  `descriptionAutomatic` text NOT NULL,
  `issue_date` date NOT NULL,
  `creation_user` varchar(191) DEFAULT NULL,
  `modification_user` varchar(191) DEFAULT NULL,
  `created_at` timestamp NULL DEFAULT NULL,
  `updated_at` timestamp NULL DEFAULT NULL,
  `deleted_at` timestamp NULL DEFAULT NULL,
  `elimination_user` varchar(191) DEFAULT NULL,
  `status` int(11) NOT NULL DEFAULT 1 COMMENT '0 deleted, 1 active, 2 inactive',
  PRIMARY KEY (`id`),
  KEY `transactions_person_id_foreign` (`person_id`),
  KEY `transactions_currency_id_foreign` (`currency_id`),
  CONSTRAINT `transactions_currency_id_foreign` FOREIGN KEY (`currency_id`) REFERENCES `currencies` (`id`),
  CONSTRAINT `transactions_person_id_foreign` FOREIGN KEY (`person_id`) REFERENCES `people` (`id`)
) ENGINE=InnoDB DEFAULT CHARSET=utf8mb4 COLLATE=utf8mb4_unicode_ci;

--
-- Dumping data for table `transactions`
--


--
-- Table structure for table `unit_of_measure`
--

CREATE TABLE `unit_of_measure` (
  `id` bigint(20) unsigned NOT NULL AUTO_INCREMENT,
  `code` varchar(191) DEFAULT NULL,
  `description` varchar(191) DEFAULT NULL,
  PRIMARY KEY (`id`)
) ENGINE=InnoDB AUTO_INCREMENT=63 DEFAULT CHARSET=utf8mb4 COLLATE=utf8mb4_unicode_ci;

--
-- Dumping data for table `unit_of_measure`
--

INSERT INTO `unit_of_measure` VALUES (1,'BJ','BALDE'),(2,'BLL','BARRILES'),(3,'4A','BOBINAS'),(4,'BG','BOLSA'),(5,'BO','BOTELLAS'),(6,'BX','CAJAS'),(7,'CT','CARTONES'),(8,'CMK','CENTIMETRO CUADRADO'),(9,'CMQ','CENTIMETRO CUBICO'),(10,'CMT','CENTIMETRO LINEAL'),(11,'CEN','CIENTO DE UNIDADES'),(12,'CY','CILINDRO'),(13,'CJ','CONOS'),(14,'DZN','DOCENA'),(15,'DZP','DOCENA POR 10**6'),(16,'BE','FARDO'),(17,'GLI','GALON INGLES (4,545956L)'),(18,'GRM','GRAMO'),(19,'GRO','GRUESA'),(20,'HLT','HELECTROLITO'),(21,'LEF','HOJA'),(22,'SET','JUEGO'),(23,'KGM','KILOGRAMO'),(24,'KTM','KILOMETRO'),(25,'KWH','KILOVATIO HORA'),(26,'KT','KIT'),(27,'CA','LATAS'),(28,'LBR','LIBRAS'),(29,'LTR','LITROS'),(30,'MWH','MEGAWHAT HORA'),(31,'MTR','METRO'),(32,'MTK','METRO CUADRADO'),(33,'MTQ','METRO CUBICO'),(34,'MGM','MILIGRAMOS'),(35,'MLT','MILILITRO'),(36,'MMT','MILIMETRO'),(37,'MMK','MILIMETRO CUADRADO'),(38,'MMQ','MILIMETRO CUBICO'),(39,'MLL','MILLARES'),(40,'MU','MILLON DE UNIDADES'),(41,'ONZ','ONZAS'),(42,'PF','PALETAS'),(43,'PK','PAQUETE'),(44,'PR','PAR'),(45,'FOT','PIES'),(46,'FTK','PIES CUADRADOS'),(47,'FTQ','PIES CUBICOS'),(48,'C62','PIEZAS'),(49,'PG','PLACAS'),(50,'ST','PLIEGO'),(51,'INH','PULGADAS'),(52,'RM','RESMA'),(53,'DR','TAMBOR'),(54,'STN','TONELADA CORTA'),(55,'LTN','TONELADA LARGA'),(56,'TNE','TONELADAS'),(57,'TU','TUBOS'),(58,'NIU','UNIDAD (BIENES)'),(59,'ZZ','UNIDAD (SERVICIOS)'),(60,'GLL','US GALON (3,7843 L)'),(61,'YRD','YARDA'),(62,'YDK','YARDA CUADRADA');

--
-- Table structure for table `user_role`
--

CREATE TABLE `user_role` (
  `id` bigint(20) unsigned NOT NULL AUTO_INCREMENT,
  `user_id` bigint(20) unsigned NOT NULL,
  `role_id` bigint(20) unsigned NOT NULL,
  `creation_user` varchar(191) DEFAULT NULL,
  `modification_user` varchar(191) DEFAULT NULL,
  `created_at` timestamp NULL DEFAULT NULL,
  `updated_at` timestamp NULL DEFAULT NULL,
  `deleted_at` timestamp NULL DEFAULT NULL,
  `elimination_user` varchar(191) DEFAULT NULL,
  `status` int(11) NOT NULL DEFAULT 1 COMMENT '0 deleted, 1 active, 2 inactive',
  PRIMARY KEY (`id`),
  KEY `user_role_user_id_foreign` (`user_id`),
  KEY `user_role_role_id_foreign` (`role_id`),
  CONSTRAINT `user_role_role_id_foreign` FOREIGN KEY (`role_id`) REFERENCES `role` (`id`) ON DELETE CASCADE,
  CONSTRAINT `user_role_user_id_foreign` FOREIGN KEY (`user_id`) REFERENCES `users` (`id`) ON DELETE CASCADE
) ENGINE=InnoDB AUTO_INCREMENT=9 DEFAULT CHARSET=utf8mb4 COLLATE=utf8mb4_unicode_ci;

--
-- Dumping data for table `user_role`
--

INSERT INTO `user_role` VALUES (1,1,1,NULL,NULL,NULL,NULL,NULL,NULL,1),(2,2,1,NULL,NULL,NULL,NULL,NULL,NULL,1),(3,3,1,NULL,NULL,NULL,NULL,NULL,NULL,1),(4,4,1,NULL,NULL,NULL,NULL,NULL,NULL,1),(5,5,1,NULL,NULL,NULL,NULL,NULL,NULL,1),(6,6,2,NULL,NULL,NULL,NULL,NULL,NULL,1),(7,7,3,NULL,NULL,NULL,NULL,NULL,NULL,1),(8,9,3,NULL,NULL,NULL,NULL,NULL,NULL,1);

--
-- Table structure for table `voucher_detail`
--

CREATE TABLE `voucher_detail` (
  `id` bigint(20) unsigned NOT NULL AUTO_INCREMENT,
  `voucher_id` bigint(20) unsigned NOT NULL,
  `type` varchar(191) NOT NULL,
  `product_id` bigint(20) unsigned NOT NULL,
  `cost` double DEFAULT NULL,
  `priceWithoutTax` double NOT NULL,
  `priceWithTax` double NOT NULL,
  `subtotal` double NOT NULL,
  `total` double NOT NULL,
  `quantity` double NOT NULL,
  `igv` varchar(191) NOT NULL,
  `unit_of_measure_id` bigint(20) unsigned NOT NULL,
  `creation_user` varchar(191) DEFAULT NULL,
  `modification_user` varchar(191) DEFAULT NULL,
  `created_at` timestamp NULL DEFAULT NULL,
  `updated_at` timestamp NULL DEFAULT NULL,
  `deleted_at` timestamp NULL DEFAULT NULL,
  `elimination_user` varchar(191) DEFAULT NULL,
  `status` int(11) NOT NULL DEFAULT 1 COMMENT '0 deleted, 1 active, 2 inactive',
  PRIMARY KEY (`id`),
  KEY `voucher_detail_voucher_id_foreign` (`voucher_id`),
  KEY `voucher_detail_product_id_foreign` (`product_id`),
  KEY `voucher_detail_unit_of_measure_id_foreign` (`unit_of_measure_id`),
  CONSTRAINT `voucher_detail_product_id_foreign` FOREIGN KEY (`product_id`) REFERENCES `products` (`id`),
  CONSTRAINT `voucher_detail_unit_of_measure_id_foreign` FOREIGN KEY (`unit_of_measure_id`) REFERENCES `unit_of_measure` (`id`),
  CONSTRAINT `voucher_detail_voucher_id_foreign` FOREIGN KEY (`voucher_id`) REFERENCES `vouchers` (`id`)
) ENGINE=InnoDB AUTO_INCREMENT=21 DEFAULT CHARSET=utf8mb4 COLLATE=utf8mb4_unicode_ci;

--
-- Dumping data for table `voucher_detail`
--

INSERT INTO `voucher_detail` VALUES (1,2,'product',2,8.2,10.08,11.89,10.08,11.89,1,'18',14,NULL,NULL,'2025-09-15 16:58:08','2025-09-15 16:58:08',NULL,NULL,1),(2,2,'product',3,11,13.52,15.95,13.52,15.95,1,'18',14,NULL,NULL,'2025-09-15 16:58:08','2025-09-15 16:58:08',NULL,NULL,1),(3,2,'product',4,13,15.97,18.85,15.97,18.85,1,'18',14,NULL,NULL,'2025-09-15 16:58:08','2025-09-15 16:58:08',NULL,NULL,1),(4,2,'product',5,28,34.41,40.6,34.41,40.6,1,'18',14,NULL,NULL,'2025-09-15 16:58:08','2025-09-15 16:58:08',NULL,NULL,1),(5,2,'product',6,50,61.44,72.5,61.44,72.5,1,'18',14,NULL,NULL,'2025-09-15 16:58:08','2025-09-15 16:58:08',NULL,NULL,1),(6,2,'product',26,45,59.11,69.75,59.11,69.75,1,'18',11,NULL,NULL,'2025-09-15 16:58:08','2025-09-15 16:58:08',NULL,NULL,1),(7,2,'product',27,56,73.56,86.8,73.56,86.8,1,'18',11,NULL,NULL,'2025-09-15 16:58:08','2025-09-15 16:58:08',NULL,NULL,1),(8,2,'product',28,66,86.69,102.3,86.69,102.3,1,'18',11,NULL,NULL,'2025-09-15 16:58:08','2025-09-15 16:58:08',NULL,NULL,1),(9,2,'product',29,90,118.22,139.5,118.22,139.5,1,'18',11,NULL,NULL,'2025-09-15 16:58:08','2025-09-15 16:58:08',NULL,NULL,1),(10,2,'product',7,14,18.39,21.7,18.39,21.7,1,'18',14,NULL,NULL,'2025-09-15 16:58:08','2025-09-15 16:58:08',NULL,NULL,1),(11,2,'product',8,17,22.33,26.35,22.33,26.35,1,'18',14,NULL,NULL,'2025-09-15 16:58:08','2025-09-15 16:58:08',NULL,NULL,1),(12,2,'product',9,26,34.15,40.3,34.15,40.3,1,'18',14,NULL,NULL,'2025-09-15 16:58:08','2025-09-15 16:58:08',NULL,NULL,1),(13,2,'product',10,28,36.78,43.4,36.78,43.4,1,'18',14,NULL,NULL,'2025-09-15 16:58:08','2025-09-15 16:58:08',NULL,NULL,1),(14,2,'product',11,33,43.35,51.15,43.35,51.15,1,'18',14,NULL,NULL,'2025-09-15 16:58:08','2025-09-15 16:58:08',NULL,NULL,1),(15,2,'product',20,7,9.79,11.55,9.79,11.55,1,'18',58,NULL,NULL,'2025-09-15 16:58:08','2025-09-15 16:58:08',NULL,NULL,1),(16,2,'product',21,7.5,10.49,12.38,10.49,12.38,1,'18',58,NULL,NULL,'2025-09-15 16:58:08','2025-09-15 16:58:08',NULL,NULL,1),(17,2,'product',22,9,0.85,1,0.85,1,1,'18',58,NULL,NULL,'2025-09-15 16:58:08','2025-09-15 16:58:08',NULL,NULL,1),(18,2,'product',23,11.5,0.85,1,0.85,1,1,'18',58,NULL,NULL,'2025-09-15 16:58:08','2025-09-15 16:58:08',NULL,NULL,1),(19,2,'product',24,13.5,0.85,1,0.85,1,1,'18',58,NULL,NULL,'2025-09-15 16:58:08','2025-09-15 16:58:08',NULL,NULL,1),(20,2,'product',25,15.5,0.85,1,0.85,1,1,'18',58,NULL,NULL,'2025-09-15 16:58:08','2025-09-15 16:58:08',NULL,NULL,1);

--
-- Table structure for table `voucher_types`
--

CREATE TABLE `voucher_types` (
  `id` bigint(20) unsigned NOT NULL AUTO_INCREMENT,
  `name` varchar(191) NOT NULL,
  `description` varchar(191) DEFAULT NULL,
  PRIMARY KEY (`id`)
) ENGINE=InnoDB AUTO_INCREMENT=4 DEFAULT CHARSET=utf8mb4 COLLATE=utf8mb4_unicode_ci;

--
-- Dumping data for table `voucher_types`
--

INSERT INTO `voucher_types` VALUES (1,'Factura',NULL),(2,'Boleta',NULL),(3,'Cotización',NULL);

--
-- Table structure for table `vouchers`
--

CREATE TABLE `vouchers` (
  `id` bigint(20) unsigned NOT NULL AUTO_INCREMENT,
  `number` varchar(191) NOT NULL,
  `currency_id` bigint(20) unsigned NOT NULL,
  `budget_id` bigint(20) unsigned DEFAULT NULL,
  `issue_date` date NOT NULL,
  `person_id` bigint(20) unsigned NOT NULL COMMENT 'client or provider',
  `people_role_id` bigint(20) unsigned NOT NULL COMMENT 'employee',
  `warehouse_id` bigint(20) unsigned NOT NULL,
  `voucher_type_id` bigint(20) unsigned NOT NULL,
  `discounts` double DEFAULT NULL,
  `typeDiscount` varchar(191) DEFAULT NULL,
  `paymentType` enum('counted','credit') NOT NULL,
  `type_transaction` enum('sales','purchases') NOT NULL,
  `subtotal` double NOT NULL,
  `igv` double NOT NULL,
  `total` double NOT NULL,
  `observations` text DEFAULT NULL,
  `creation_user` varchar(191) DEFAULT NULL,
  `modification_user` varchar(191) DEFAULT NULL,
  `created_at` timestamp NULL DEFAULT NULL,
  `updated_at` timestamp NULL DEFAULT NULL,
  `deleted_at` timestamp NULL DEFAULT NULL,
  `elimination_user` varchar(191) DEFAULT NULL,
  `status` int(11) NOT NULL DEFAULT 1 COMMENT '0 deleted, 1 active, 2 inactive',
  PRIMARY KEY (`id`),
  KEY `vouchers_budget_id_foreign` (`budget_id`),
  KEY `vouchers_currency_id_foreign` (`currency_id`),
  KEY `vouchers_person_id_foreign` (`person_id`),
  KEY `vouchers_people_role_id_foreign` (`people_role_id`),
  KEY `vouchers_warehouse_id_foreign` (`warehouse_id`),
  KEY `vouchers_voucher_type_id_foreign` (`voucher_type_id`),
  CONSTRAINT `vouchers_budget_id_foreign` FOREIGN KEY (`budget_id`) REFERENCES `budgets` (`id`),
  CONSTRAINT `vouchers_currency_id_foreign` FOREIGN KEY (`currency_id`) REFERENCES `currencies` (`id`),
  CONSTRAINT `vouchers_people_role_id_foreign` FOREIGN KEY (`people_role_id`) REFERENCES `people_role` (`id`),
  CONSTRAINT `vouchers_person_id_foreign` FOREIGN KEY (`person_id`) REFERENCES `people` (`id`),
  CONSTRAINT `vouchers_voucher_type_id_foreign` FOREIGN KEY (`voucher_type_id`) REFERENCES `voucher_types` (`id`),
  CONSTRAINT `vouchers_warehouse_id_foreign` FOREIGN KEY (`warehouse_id`) REFERENCES `warehouse` (`id`)
) ENGINE=InnoDB AUTO_INCREMENT=3 DEFAULT CHARSET=utf8mb4 COLLATE=utf8mb4_unicode_ci;

--
-- Dumping data for table `vouchers`
--

INSERT INTO `vouchers` VALUES (2,'F001-0001',1,2,'2025-03-25',7,2,1,1,NULL,'%','counted','sales',651.68,117.29,768.97,'TRANSPORTE JAVIER',NULL,NULL,'2025-09-15 16:58:08','2025-09-15 17:08:09','2025-09-15 17:08:09',NULL,0);

--
-- Table structure for table `warehouse`
--

CREATE TABLE `warehouse` (
  `id` bigint(20) unsigned NOT NULL AUTO_INCREMENT,
  `name` varchar(191) DEFAULT NULL,
  `description` varchar(191) DEFAULT NULL,
  `establishment_id` bigint(20) unsigned NOT NULL,
  `ubigeo` varchar(6) DEFAULT NULL,
  `creation_user` varchar(191) DEFAULT NULL,
  `modification_user` varchar(191) DEFAULT NULL,
  `created_at` timestamp NULL DEFAULT NULL,
  `updated_at` timestamp NULL DEFAULT NULL,
  `deleted_at` timestamp NULL DEFAULT NULL,
  `elimination_user` varchar(191) DEFAULT NULL,
  `status` int(11) NOT NULL DEFAULT 1 COMMENT '0 deleted, 1 active, 2 inactive',
  PRIMARY KEY (`id`),
  KEY `warehouse_establishment_id_foreign` (`establishment_id`),
  KEY `warehouse_ubigeo_foreign` (`ubigeo`),
  CONSTRAINT `warehouse_establishment_id_foreign` FOREIGN KEY (`establishment_id`) REFERENCES `establishment` (`id`),
  CONSTRAINT `warehouse_ubigeo_foreign` FOREIGN KEY (`ubigeo`) REFERENCES `districts` (`id`)
) ENGINE=InnoDB AUTO_INCREMENT=2 DEFAULT CHARSET=utf8mb4 COLLATE=utf8mb4_unicode_ci;

--
-- Dumping data for table `warehouse`
--

INSERT INTO `warehouse` VALUES (1,'VILLA MARIA DEL TRIUNFO',' MZA. 46 LOTE. 4 A.H. CESAR VALLEJO LIMA - LIMA - VILLA MARIA DEL TRIUNFO',1,'150143',NULL,NULL,NULL,NULL,NULL,NULL,1);

--
-- Table structure for table `warehouse_detail`
--

CREATE TABLE `warehouse_detail` (
  `id` bigint(20) unsigned NOT NULL AUTO_INCREMENT,
  `product_id` bigint(20) unsigned NOT NULL,
  `warehouse_id` bigint(20) unsigned NOT NULL,
  `stock` double NOT NULL,
  `created_at` timestamp NULL DEFAULT NULL,
  `updated_at` timestamp NULL DEFAULT NULL,
  PRIMARY KEY (`id`),
  KEY `warehouse_detail_product_id_foreign` (`product_id`),
  KEY `warehouse_detail_warehouse_id_foreign` (`warehouse_id`),
  CONSTRAINT `warehouse_detail_product_id_foreign` FOREIGN KEY (`product_id`) REFERENCES `products` (`id`),
  CONSTRAINT `warehouse_detail_warehouse_id_foreign` FOREIGN KEY (`warehouse_id`) REFERENCES `warehouse` (`id`)
) ENGINE=InnoDB AUTO_INCREMENT=1456 DEFAULT CHARSET=utf8mb4 COLLATE=utf8mb4_unicode_ci;

--
-- Dumping data for table `warehouse_detail`
--

INSERT INTO `warehouse_detail` VALUES (1,1,1,5,'2025-02-20 11:54:24','2025-02-20 11:54:24'),(2,2,1,39,'2025-03-21 18:07:16','2025-10-14 18:55:26'),(3,3,1,67,'2025-03-21 18:11:55','2025-10-14 18:55:26'),(4,4,1,42,'2025-03-21 21:24:09','2025-10-14 18:55:26'),(5,5,1,25,'2025-03-21 21:25:54','2025-10-14 18:55:26'),(6,6,1,15,'2025-03-21 21:27:17','2025-10-14 18:55:26'),(7,7,1,0,'2025-03-21 21:30:08','2025-10-14 18:55:26'),(8,8,1,1,'2025-03-21 21:31:20','2025-10-14 18:55:26'),(9,9,1,0,'2025-03-21 21:32:20','2025-10-14 18:55:26'),(10,10,1,1,'2025-03-21 21:33:30','2025-10-14 18:55:26'),(11,11,1,0,'2025-03-21 21:35:07','2025-10-14 18:55:26'),(12,12,1,0,'2025-03-21 21:37:06','2025-10-14 18:55:26'),(13,13,1,0,'2025-03-21 21:37:55','2025-10-14 18:55:26'),(14,14,1,0,'2025-03-21 21:39:34','2025-10-14 18:55:26'),(15,15,1,0,'2025-03-21 21:41:22','2025-10-14 18:55:26'),(16,16,1,0,'2025-03-21 21:53:20','2025-10-14 18:55:26'),(17,17,1,0,'2025-03-21 21:54:59','2025-10-14 18:55:26'),(18,18,1,0,'2025-03-21 21:56:32','2025-10-14 18:55:26'),(19,19,1,0,'2025-03-21 22:00:05','2025-10-14 18:55:26'),(20,20,1,0,'2025-03-21 22:01:17','2025-10-14 18:55:26'),(21,21,1,0,'2025-03-21 22:03:50','2025-10-14 18:55:26'),(22,22,1,0,'2025-03-21 22:05:21','2025-10-14 18:55:26'),(23,23,1,0,'2025-03-21 22:06:19','2025-10-14 18:55:26'),(24,24,1,1,'2025-03-21 22:07:32','2025-10-14 18:55:26'),(25,25,1,0,'2025-03-21 22:09:25','2025-10-14 18:55:26'),(26,26,1,0,'2025-03-21 22:17:42','2025-10-14 18:55:26'),(27,27,1,0,'2025-03-21 22:20:01','2025-10-14 18:55:26'),(28,28,1,1,'2025-03-21 22:21:14','2025-10-14 18:55:26'),(29,29,1,1,'2025-03-21 22:22:03','2025-10-14 18:55:26'),(30,30,1,26,'2025-03-21 22:27:16','2025-10-14 18:55:26'),(31,31,1,41,'2025-03-21 22:29:03','2025-10-14 18:55:26'),(32,32,1,12,'2025-03-21 22:30:33','2025-10-14 18:55:26'),(33,33,1,0,'2025-03-21 22:31:43','2025-10-14 18:55:26'),(34,34,1,0,'2025-03-21 22:32:34','2025-10-14 18:55:26'),(35,35,1,15,'2025-03-21 22:33:27','2025-10-14 18:55:26'),(36,36,1,0,'2025-03-21 22:53:13','2025-03-21 22:53:13'),(37,37,1,0,'2025-03-21 22:53:51','2025-03-21 22:53:51'),(38,38,1,0,'2025-03-21 22:54:46','2025-03-21 22:54:46'),(39,39,1,0,'2025-03-21 22:55:34','2025-03-21 22:55:34'),(40,40,1,0,'2025-03-21 22:56:46','2025-03-21 22:56:46'),(41,41,1,0,'2025-03-21 23:02:00','2025-03-21 23:02:00'),(42,42,1,0,'2025-03-21 23:02:39','2025-03-21 23:02:39'),(43,43,1,0,'2025-03-21 23:03:14','2025-03-21 23:03:14'),(44,44,1,0,'2025-03-21 23:10:46','2025-10-14 18:55:26'),(45,45,1,49,'2025-03-21 23:11:52','2025-10-14 18:55:26'),(46,46,1,41,'2025-03-21 23:13:21','2025-10-14 18:55:26'),(47,47,1,35,'2025-03-21 23:14:13','2025-10-14 18:55:26'),(48,48,1,17,'2025-03-21 23:15:00','2025-10-14 18:55:26'),(49,49,1,9,'2025-03-21 23:16:18','2025-10-14 18:55:26'),(50,50,1,12,'2025-03-21 23:17:20','2025-10-14 18:55:26'),(51,51,1,14,'2025-03-21 23:18:06','2025-10-14 18:55:26'),(52,52,1,0,'2025-03-21 23:22:02','2025-10-14 18:55:26'),(53,53,1,21,'2025-03-21 23:23:39','2025-10-14 18:55:26'),(54,54,1,47,'2025-03-21 23:24:49','2025-10-14 18:55:26'),(55,55,1,28,'2025-03-21 23:25:42','2025-10-14 18:55:26'),(56,56,1,32,'2025-03-21 23:26:31','2025-10-14 18:55:26'),(57,57,1,16,'2025-03-21 23:28:52','2025-10-14 18:55:26'),(58,58,1,19,'2025-03-21 23:32:20','2025-10-14 18:55:26'),(59,59,1,19,'2025-03-21 23:33:13','2025-10-14 18:55:26'),(60,60,1,29,'2025-03-21 23:45:38','2025-10-14 18:55:24'),(61,61,1,91.92,'2025-03-21 23:46:27','2025-10-14 18:55:24'),(62,62,1,67,'2025-03-21 23:47:44','2025-10-14 18:55:24'),(63,63,1,23,'2025-03-21 23:48:40','2025-10-14 18:55:24'),(64,64,1,5,'2025-03-21 23:50:21','2025-10-14 18:55:24'),(65,65,1,5,'2025-03-21 23:51:04','2025-10-14 18:55:24'),(66,66,1,12,'2025-03-21 23:52:23','2025-10-14 18:55:24'),(67,67,1,39,'2025-03-21 23:53:21','2025-10-14 18:55:24'),(68,68,1,50,'2025-03-21 23:54:52','2025-10-17 16:45:53'),(69,69,1,36,'2025-03-21 23:56:01','2025-10-14 18:55:24'),(70,70,1,4,'2025-03-21 23:57:51','2025-10-14 18:55:24'),(71,71,1,12,'2025-03-21 23:58:41','2025-10-14 18:55:24'),(72,72,1,6,'2025-03-22 00:01:42','2025-10-14 18:55:24'),(73,73,1,8,'2025-03-22 00:02:53','2025-10-14 18:55:24'),(74,74,1,2,'2025-03-22 00:04:11','2025-10-14 18:55:24'),(75,75,1,3,'2025-03-22 00:05:03','2025-10-14 18:55:24'),(76,76,1,3,'2025-03-22 00:06:18','2025-10-14 18:55:24'),(77,77,1,7,'2025-03-22 00:07:10','2025-10-14 18:55:24'),(78,78,1,0,'2025-03-22 00:07:58','2025-10-14 18:55:24'),(79,79,1,3.5,'2025-03-22 00:09:21','2025-10-14 18:55:24'),(80,80,1,3.5,'2025-03-22 00:10:13','2025-10-14 18:55:24'),(81,81,1,6,'2025-03-22 00:12:15','2025-10-14 18:55:24'),(82,82,1,5,'2025-03-22 00:13:49','2025-10-14 18:55:24'),(83,83,1,3,'2025-03-22 00:14:30','2025-10-14 18:55:24'),(84,84,1,2,'2025-03-22 00:15:39','2025-10-14 18:55:24'),(85,85,1,3,'2025-03-22 00:16:26','2025-10-14 18:55:24'),(86,86,1,12,'2025-03-22 00:17:22','2025-10-14 18:55:24'),(87,87,1,0,'2025-03-22 00:18:14','2025-10-14 18:55:24'),(88,88,1,16.5,'2025-03-22 00:19:11','2025-10-14 18:55:24'),(89,89,1,11,'2025-03-22 00:19:53','2025-10-14 18:55:24'),(90,90,1,0,'2025-03-22 00:21:48','2025-10-14 18:55:24'),(91,91,1,0,'2025-03-22 00:22:32','2025-10-14 18:55:24'),(92,92,1,0,'2025-03-22 00:23:03','2025-10-14 18:55:24'),(93,93,1,16,'2025-03-22 00:23:42','2025-10-14 18:55:24'),(94,94,1,8.5,'2025-03-22 00:24:27','2025-10-14 18:55:24'),(95,95,1,2,'2025-03-22 00:25:41','2025-10-14 18:55:24'),(96,96,1,37,'2025-03-22 00:28:18','2025-10-14 18:55:24'),(97,97,1,47,'2025-03-22 00:29:25','2025-10-14 18:55:24'),(98,98,1,39,'2025-03-22 00:30:43','2025-10-14 18:55:24'),(99,99,1,28,'2025-03-22 00:31:26','2025-10-14 18:55:24'),(100,100,1,27,'2025-03-22 00:32:30','2025-10-14 18:55:24'),(101,101,1,0,'2025-03-22 00:33:41','2025-10-14 18:55:24'),(102,102,1,3,'2025-03-22 00:34:36','2025-10-14 18:55:24'),(103,103,1,11,'2025-03-22 00:35:39','2025-10-14 18:55:24'),(104,104,1,11,'2025-03-22 00:36:44','2025-10-14 18:55:24'),(105,105,1,5,'2025-03-22 00:37:32','2025-10-14 18:55:24'),(106,106,1,5,'2025-03-22 00:38:24','2025-10-14 18:55:24'),(107,107,1,0,'2025-03-22 00:39:15','2025-10-14 18:55:24'),(108,108,1,0,'2025-03-22 00:40:01','2025-10-14 18:55:24'),(109,109,1,0,'2025-03-22 00:40:43','2025-10-14 18:55:24'),(110,110,1,0,'2025-03-22 00:42:53','2025-10-14 18:55:24'),(111,111,1,78,'2025-03-22 07:27:36','2025-10-14 18:55:24'),(112,112,1,66,'2025-03-22 07:28:33','2025-10-14 18:55:24'),(113,113,1,37,'2025-03-22 07:29:47','2025-10-14 18:55:25'),(114,114,1,86.082,'2025-03-22 07:31:05','2025-10-14 18:55:25'),(115,115,1,58,'2025-03-22 07:33:12','2025-10-14 18:55:25'),(116,116,1,7,'2025-03-22 07:34:13','2025-10-14 18:55:25'),(117,117,1,0.995,'2025-03-22 07:35:09','2025-10-14 18:55:25'),(118,118,1,2,'2025-03-22 07:36:05','2025-10-14 18:55:25'),(119,119,1,2,'2025-03-22 07:37:04','2025-10-14 18:55:25'),(120,120,1,0,'2025-03-22 07:37:42','2025-10-14 18:55:25'),(121,121,1,0.5,'2025-03-22 07:38:16','2025-10-14 18:55:25'),(122,122,1,4.5,'2025-03-22 07:38:58','2025-10-14 18:55:25'),(123,123,1,0,'2025-03-22 07:44:14','2025-10-14 18:55:25'),(124,124,1,6,'2025-03-22 07:49:11','2025-10-14 18:55:25'),(125,125,1,2,'2025-03-22 07:49:48','2025-10-14 18:55:25'),(126,126,1,0,'2025-03-22 07:50:19','2025-10-14 18:55:25'),(127,127,1,0,'2025-03-22 07:51:01','2025-10-14 18:55:25'),(128,128,1,0,'2025-03-22 07:54:28','2025-10-14 18:55:25'),(129,129,1,42.5,'2025-03-22 07:55:07','2025-10-14 18:55:25'),(130,130,1,0,'2025-03-22 07:57:23','2025-10-14 18:55:25'),(131,131,1,0,'2025-03-22 08:07:24','2025-10-14 18:55:25'),(132,132,1,10,'2025-03-22 08:08:12','2025-10-14 18:55:25'),(133,133,1,2,'2025-03-22 08:21:22','2025-10-14 18:55:25'),(134,134,1,0,'2025-03-22 08:23:10','2025-10-14 18:55:25'),(135,135,1,12,'2025-03-22 08:24:02','2025-10-14 18:55:25'),(136,136,1,3,'2025-03-22 08:25:40','2025-10-14 18:55:25'),(137,137,1,593,'2025-03-22 08:51:50','2025-10-14 18:55:27'),(138,138,1,332,'2025-03-22 08:54:20','2025-10-14 18:55:27'),(139,139,1,162,'2025-03-22 08:55:35','2025-10-14 18:55:27'),(140,140,1,176,'2025-03-22 08:56:41','2025-10-14 18:55:27'),(141,141,1,147,'2025-03-22 08:58:07','2025-10-14 18:55:27'),(142,142,1,40,'2025-03-22 08:59:09','2025-10-14 18:55:27'),(143,143,1,6,'2025-03-22 09:02:35','2025-10-14 18:55:27'),(144,144,1,7,'2025-03-22 09:03:18','2025-10-14 18:55:27'),(145,145,1,4,'2025-03-22 09:05:48','2025-10-14 18:55:27'),(146,146,1,8,'2025-03-22 09:06:41','2025-10-14 18:55:27'),(147,147,1,7,'2025-03-22 09:07:30','2025-10-14 18:55:27'),(148,148,1,3,'2025-03-22 09:08:14','2025-10-14 18:55:27'),(149,149,1,5,'2025-03-22 09:11:33','2025-10-14 18:55:27'),(150,150,1,4,'2025-03-22 09:12:12','2025-10-14 18:55:27'),(151,151,1,4,'2025-03-22 09:13:04','2025-10-14 18:55:27'),(152,152,1,9,'2025-03-22 09:13:45','2025-10-14 18:55:27'),(153,153,1,0,'2025-03-22 10:37:47','2025-10-14 18:55:26'),(154,154,1,0,'2025-03-22 10:38:33','2025-10-14 18:55:26'),(155,155,1,0,'2025-03-22 10:39:05','2025-10-14 18:55:26'),(156,156,1,0,'2025-03-22 10:39:39','2025-10-14 18:55:26'),(157,157,1,0,'2025-03-22 10:41:15','2025-10-14 18:55:26'),(158,158,1,0,'2025-03-22 10:41:51','2025-10-14 18:55:26'),(159,159,1,0,'2025-03-22 10:42:44','2025-10-14 18:55:26'),(160,160,1,0,'2025-03-22 10:43:21','2025-10-14 18:55:26'),(161,161,1,0,'2025-03-22 10:43:55','2025-10-14 18:55:26'),(162,162,1,0,'2025-03-22 10:44:32','2025-10-14 18:55:26'),(163,163,1,0,'2025-03-22 10:45:12','2025-10-14 18:55:26'),(164,164,1,0,'2025-03-22 10:46:03','2025-10-14 18:55:26'),(165,165,1,0,'2025-03-22 10:46:41','2025-10-14 18:55:26'),(166,166,1,0,'2025-03-22 10:47:16','2025-10-14 18:55:26'),(167,167,1,0,'2025-03-22 10:48:04','2025-10-14 18:55:26'),(168,168,1,0,'2025-03-22 10:48:53','2025-10-14 18:55:26'),(169,169,1,0,'2025-03-22 10:49:31','2025-10-14 18:55:26'),(170,170,1,0,'2025-03-22 11:42:25','2025-10-14 18:55:26'),(171,171,1,0,'2025-03-22 11:43:02','2025-10-14 18:55:26'),(172,172,1,0,'2025-03-22 11:43:47','2025-10-14 18:55:26'),(173,173,1,0,'2025-03-22 11:44:27','2025-10-14 18:55:26'),(174,174,1,0,'2025-03-22 11:45:21','2025-10-14 18:55:26'),(175,175,1,0,'2025-03-22 11:46:04','2025-03-22 11:46:04'),(176,176,1,0,'2025-03-22 11:47:11','2025-03-22 11:47:11'),(177,177,1,0,'2025-03-22 11:47:43','2025-10-14 18:55:26'),(178,178,1,0,'2025-03-22 11:48:16','2025-10-14 18:55:26'),(179,179,1,0,'2025-03-22 11:48:55','2025-10-14 18:55:26'),(180,180,1,0,'2025-03-22 11:49:30','2025-10-14 18:55:26'),(181,181,1,0,'2025-03-22 11:57:05','2025-10-14 18:55:26'),(182,182,1,0,'2025-03-22 11:58:16','2025-10-14 18:55:26'),(183,183,1,0,'2025-03-22 11:58:56','2025-10-14 18:55:26'),(184,184,1,0,'2025-03-22 11:59:31','2025-10-14 18:55:26'),(185,185,1,0,'2025-03-22 12:00:10','2025-10-14 18:55:26'),(186,186,1,0,'2025-03-22 12:00:51','2025-10-14 18:55:26'),(187,187,1,0,'2025-03-22 12:01:37','2025-10-14 18:55:26'),(188,188,1,0,'2025-03-22 12:03:20','2025-10-14 18:55:26'),(189,189,1,0,'2025-03-22 12:13:15','2025-10-14 18:55:26'),(190,190,1,0,'2025-03-22 12:16:54','2025-10-14 18:55:26'),(191,191,1,0,'2025-03-22 12:17:33','2025-10-14 18:55:26'),(192,192,1,0,'2025-03-22 12:18:30','2025-10-14 18:55:26'),(193,193,1,0,'2025-03-22 12:19:09','2025-03-22 12:19:09'),(194,194,1,0,'2025-03-22 12:24:52','2025-10-14 18:55:26'),(195,195,1,0,'2025-03-22 12:25:29','2025-10-14 18:55:26'),(196,196,1,0,'2025-03-22 12:26:01','2025-10-14 18:55:26'),(197,197,1,0,'2025-03-22 12:26:38','2025-10-14 18:55:26'),(198,198,1,0,'2025-03-22 12:27:26','2025-10-14 18:55:26'),(199,199,1,0,'2025-03-22 12:28:42','2025-10-14 18:55:26'),(200,200,1,0,'2025-03-22 12:30:11','2025-10-14 18:55:26'),(201,201,1,0,'2025-03-22 12:30:51','2025-10-14 18:55:26'),(202,202,1,0,'2025-03-22 12:31:28','2025-10-14 18:55:26'),(203,203,1,0,'2025-03-22 12:32:30','2025-10-14 18:55:26'),(204,204,1,0,'2025-03-22 12:33:09','2025-10-14 18:55:26'),(205,205,1,0,'2025-03-22 12:55:56','2025-10-14 18:55:26'),(206,206,1,0,'2025-03-22 12:56:40','2025-10-14 18:55:26'),(207,207,1,0,'2025-03-22 12:57:26','2025-10-14 18:55:26'),(208,208,1,0,'2025-03-22 12:58:06','2025-10-14 18:55:26'),(209,209,1,0,'2025-03-22 12:59:44','2025-10-14 18:55:26'),(210,210,1,0,'2025-03-22 13:02:08','2025-10-14 18:55:26'),(211,211,1,0,'2025-03-22 13:02:39','2025-10-14 18:55:26'),(212,212,1,0,'2025-03-22 13:03:29','2025-10-14 18:55:26'),(213,213,1,0,'2025-03-22 13:04:31','2025-10-14 18:55:26'),(214,214,1,0,'2025-03-22 13:05:11','2025-10-14 18:55:26'),(215,215,1,0,'2025-03-22 13:05:47','2025-10-14 18:55:26'),(216,216,1,0,'2025-03-22 13:06:25','2025-10-14 18:55:26'),(217,217,1,0,'2025-03-22 13:07:05','2025-10-14 18:55:26'),(218,218,1,0,'2025-03-22 13:08:06','2025-10-14 18:55:26'),(219,219,1,0,'2025-03-22 13:08:43','2025-10-14 18:55:26'),(220,220,1,0,'2025-03-22 13:09:48','2025-10-14 18:55:26'),(221,221,1,0,'2025-03-22 13:12:12','2025-10-14 18:55:26'),(222,222,1,0,'2025-03-22 13:12:45','2025-10-14 18:55:26'),(223,223,1,0,'2025-03-22 13:13:17','2025-10-14 18:55:26'),(224,224,1,0,'2025-03-22 13:13:51','2025-10-14 18:55:26'),(225,225,1,0,'2025-03-22 13:14:21','2025-10-14 18:55:26'),(226,226,1,0,'2025-03-22 13:14:49','2025-10-14 18:55:26'),(227,227,1,0,'2025-03-22 13:15:21','2025-10-14 18:55:26'),(228,228,1,0,'2025-03-22 13:15:52','2025-10-14 18:55:26'),(229,229,1,0,'2025-03-22 13:16:25','2025-10-14 18:55:26'),(230,230,1,0,'2025-03-22 13:17:36','2025-10-14 18:55:26'),(231,231,1,0,'2025-03-22 13:18:36','2025-10-14 18:55:26'),(232,232,1,0,'2025-03-22 13:19:11','2025-10-14 18:55:26'),(233,233,1,0,'2025-03-22 13:19:59','2025-10-14 18:55:26'),(234,234,1,0,'2025-03-22 13:21:00','2025-10-14 18:55:26'),(235,235,1,0,'2025-03-22 13:21:40','2025-10-14 18:55:26'),(236,236,1,0,'2025-03-22 13:22:11','2025-10-14 18:55:26'),(237,237,1,0,'2025-03-22 13:25:44','2025-10-14 18:55:26'),(238,238,1,0,'2025-03-22 13:26:38','2025-10-14 18:55:26'),(239,239,1,0,'2025-03-22 13:27:08','2025-10-14 18:55:26'),(240,240,1,0,'2025-03-22 13:27:39','2025-10-14 18:55:26'),(241,241,1,0,'2025-03-22 13:28:14','2025-10-14 18:55:26'),(242,242,1,0,'2025-03-22 13:28:48','2025-10-14 18:55:26'),(243,243,1,0,'2025-03-22 13:29:26','2025-10-14 18:55:26'),(244,244,1,0,'2025-03-22 13:30:00','2025-10-14 18:55:26'),(245,245,1,0,'2025-03-22 13:30:33','2025-10-14 18:55:26'),(246,246,1,0,'2025-03-22 13:31:09','2025-10-14 18:55:26'),(247,247,1,0,'2025-03-22 13:31:42','2025-10-14 18:55:26'),(248,248,1,0,'2025-03-22 21:39:41','2025-10-14 18:55:26'),(249,249,1,0,'2025-03-22 21:40:18','2025-10-14 18:55:26'),(250,250,1,0,'2025-03-22 21:40:49','2025-10-14 18:55:26'),(251,251,1,0,'2025-03-22 21:41:34','2025-10-14 18:55:26'),(252,252,1,0,'2025-03-22 21:42:11','2025-10-14 18:55:26'),(253,253,1,0,'2025-03-22 21:43:10','2025-10-14 18:55:26'),(254,254,1,0,'2025-03-22 21:43:44','2025-10-14 18:55:26'),(255,255,1,0,'2025-03-22 21:44:42','2025-10-14 18:55:26'),(256,256,1,5,'2025-03-22 21:45:15','2025-10-14 18:55:26'),(257,257,1,0,'2025-03-22 21:45:48','2025-10-14 18:55:26'),(258,258,1,0,'2025-03-22 21:46:44','2025-10-14 18:55:26'),(259,259,1,3,'2025-03-22 21:47:17','2025-10-14 18:55:26'),(260,260,1,0,'2025-03-22 21:47:47','2025-03-22 21:47:47'),(261,261,1,4,'2025-03-22 21:48:20','2025-10-14 18:55:26'),(262,262,1,0,'2025-03-22 21:48:51','2025-10-14 18:55:26'),(263,263,1,0,'2025-03-22 21:49:23','2025-10-14 18:55:26'),(264,264,1,0,'2025-03-22 21:50:03','2025-10-14 18:55:26'),(265,265,1,6,'2025-03-22 21:50:34','2025-10-14 18:55:26'),(266,266,1,0,'2025-03-22 21:51:09','2025-10-14 18:55:26'),(267,267,1,0,'2025-03-22 21:51:43','2025-10-14 18:55:26'),(268,268,1,0,'2025-03-22 21:52:14','2025-10-14 18:55:26'),(269,269,1,0,'2025-03-22 21:52:47','2025-10-14 18:55:26'),(270,270,1,0,'2025-03-22 21:53:15','2025-10-14 18:55:26'),(271,271,1,0,'2025-03-22 21:53:44','2025-10-14 18:55:26'),(272,272,1,0,'2025-03-22 21:54:17','2025-10-14 18:55:26'),(273,273,1,0,'2025-03-22 21:54:52','2025-10-14 18:55:26'),(274,274,1,0,'2025-03-22 21:55:25','2025-10-14 18:55:26'),(275,275,1,0,'2025-03-22 21:56:20','2025-10-14 18:55:26'),(276,276,1,0,'2025-03-22 21:57:23','2025-10-14 18:55:26'),(277,277,1,0,'2025-03-22 21:57:50','2025-10-14 18:55:26'),(278,278,1,0,'2025-03-22 21:58:43','2025-10-14 18:55:26'),(279,279,1,0,'2025-03-22 21:59:37','2025-10-14 18:55:26'),(280,280,1,0,'2025-03-22 22:00:12','2025-10-14 18:55:26'),(281,281,1,0,'2025-03-22 22:00:49','2025-10-14 18:55:26'),(282,282,1,0,'2025-03-22 22:01:31','2025-10-14 18:55:26'),(283,283,1,0,'2025-03-22 22:02:12','2025-10-14 18:55:26'),(284,284,1,0,'2025-03-22 22:03:18','2025-10-14 18:55:26'),(285,285,1,0,'2025-03-23 11:13:10','2025-10-14 18:55:26'),(286,286,1,8,'2025-03-23 11:13:46','2025-10-14 18:55:26'),(287,287,1,6,'2025-03-23 11:14:18','2025-10-14 18:55:26'),(288,288,1,10,'2025-03-23 11:14:53','2025-10-14 18:55:26'),(289,289,1,6,'2025-03-23 11:15:23','2025-10-14 18:55:26'),(290,290,1,0,'2025-03-23 11:15:55','2025-10-14 18:55:26'),(291,291,1,0,'2025-03-23 11:17:04','2025-10-14 18:55:26'),(292,292,1,0,'2025-03-23 11:17:46','2025-10-14 18:55:26'),(293,293,1,0,'2025-03-23 11:18:19','2025-10-14 18:55:26'),(294,294,1,0,'2025-03-23 11:18:54','2025-10-14 18:55:26'),(295,295,1,0,'2025-03-23 11:19:26','2025-10-14 18:55:26'),(296,296,1,0,'2025-03-23 11:20:03','2025-10-14 18:55:26'),(297,297,1,0,'2025-03-23 11:23:57','2025-10-14 18:55:26'),(298,298,1,0,'2025-03-23 11:24:29','2025-10-14 18:55:26'),(299,299,1,0,'2025-03-23 11:25:02','2025-10-14 18:55:26'),(300,300,1,2,'2025-03-23 11:25:35','2025-10-14 18:55:26'),(301,301,1,1,'2025-03-23 11:29:48','2025-10-14 18:55:28'),(302,302,1,1,'2025-03-23 11:30:23','2025-10-14 18:55:28'),(303,303,1,1,'2025-03-23 11:31:01','2025-10-14 18:55:28'),(304,304,1,1,'2025-03-23 11:31:40','2025-10-14 18:55:28'),(305,305,1,1,'2025-03-23 11:32:10','2025-10-14 18:55:28'),(306,306,1,1,'2025-03-23 11:32:41','2025-10-14 18:55:28'),(307,307,1,0,'2025-03-23 11:33:16','2025-10-14 18:55:26'),(308,308,1,0,'2025-03-23 11:33:58','2025-10-14 18:55:26'),(309,309,1,0,'2025-03-23 11:34:31','2025-10-14 18:55:26'),(310,310,1,37,'2025-03-23 11:39:58','2025-10-14 18:55:26'),(311,311,1,24,'2025-03-23 11:40:37','2025-10-14 18:55:26'),(312,312,1,0,'2025-03-23 11:41:17','2025-10-14 18:55:26'),(313,313,1,12,'2025-03-23 11:44:27','2025-10-14 18:55:26'),(314,314,1,66,'2025-03-23 11:45:15','2025-10-14 18:55:26'),(315,315,1,0,'2025-03-23 11:46:14','2025-10-14 18:55:26'),(316,316,1,0,'2025-03-23 11:46:56','2025-10-14 18:55:26'),(317,317,1,0,'2025-03-23 11:59:27','2025-10-14 18:55:26'),(318,318,1,0,'2025-03-23 12:00:02','2025-10-14 18:55:26'),(319,319,1,624,'2025-03-23 12:00:32','2025-10-14 18:55:26'),(320,320,1,538,'2025-03-23 12:01:09','2025-10-14 18:55:26'),(321,321,1,244,'2025-03-23 12:01:40','2025-10-14 18:55:26'),(322,322,1,58,'2025-03-23 12:02:11','2025-10-14 18:55:26'),(323,323,1,27,'2025-03-23 12:12:23','2025-10-14 18:55:26'),(324,324,1,28,'2025-03-23 12:13:22','2025-10-14 18:55:26'),(325,325,1,20,'2025-03-23 12:14:11','2025-10-14 18:55:26'),(326,326,1,33,'2025-03-23 12:14:54','2025-10-14 18:55:26'),(327,327,1,19,'2025-03-23 12:15:57','2025-10-14 18:55:26'),(328,328,1,32,'2025-03-23 12:22:11','2025-10-14 18:55:26'),(329,329,1,36,'2025-03-23 12:23:02','2025-10-14 18:55:26'),(330,330,1,22,'2025-03-23 12:24:29','2025-10-14 18:55:26'),(331,331,1,26.5,'2025-03-23 12:25:15','2025-10-14 18:55:26'),(332,332,1,0,'2025-03-23 12:25:50','2025-10-14 18:55:26'),(333,333,1,30,'2025-03-23 12:31:48','2025-10-14 18:55:26'),(334,334,1,35,'2025-03-23 12:32:26','2025-10-14 18:55:26'),(335,335,1,35,'2025-03-23 12:33:10','2025-10-14 18:55:26'),(336,336,1,34,'2025-03-23 12:33:53','2025-10-14 18:55:26'),(337,337,1,0,'2025-03-23 12:34:45','2025-10-14 18:55:26'),(338,338,1,0,'2025-03-23 12:35:21','2025-10-14 18:55:26'),(339,339,1,0,'2025-03-23 12:44:18','2025-10-14 18:55:26'),(340,340,1,0,'2025-03-23 12:44:55','2025-10-14 18:55:26'),(341,341,1,0,'2025-03-23 12:45:30','2025-10-14 18:55:26'),(342,342,1,4,'2025-03-23 12:46:12','2025-10-14 18:55:26'),(343,343,1,0,'2025-03-23 12:52:47','2025-10-14 18:55:26'),(344,344,1,0,'2025-03-23 12:53:53','2025-10-14 18:55:26'),(345,345,1,0,'2025-03-23 12:54:29','2025-10-14 18:55:26'),(346,346,1,0,'2025-03-23 12:57:06','2025-10-14 18:55:26'),(347,347,1,0,'2025-03-23 13:01:21','2025-10-14 18:55:26'),(348,348,1,0,'2025-03-23 13:04:11','2025-10-14 18:55:26'),(349,349,1,0,'2025-03-23 13:04:45','2025-10-14 18:55:26'),(350,350,1,0,'2025-03-23 13:05:33','2025-10-14 18:55:26'),(351,351,1,699,'2025-03-23 13:06:07','2025-10-14 18:55:26'),(352,352,1,288,'2025-03-23 13:06:42','2025-10-14 18:55:26'),(353,353,1,0,'2025-03-23 13:07:12','2025-10-14 18:55:26'),(354,354,1,0,'2025-03-23 13:48:19','2025-10-14 18:55:26'),(355,355,1,0,'2025-03-23 13:48:54','2025-10-14 18:55:26'),(356,356,1,0,'2025-03-23 13:49:22','2025-10-14 18:55:26'),(357,357,1,0,'2025-03-23 13:49:51','2025-10-14 18:55:26'),(358,358,1,0,'2025-03-23 13:53:09','2025-10-14 18:55:26'),(359,359,1,0,'2025-03-23 14:10:28','2025-10-14 18:55:26'),(360,360,1,9,'2025-03-23 14:11:45','2025-10-14 18:55:26'),(361,361,1,17,'2025-03-23 14:12:28','2025-10-14 18:55:26'),(362,362,1,15,'2025-03-23 14:13:39','2025-10-14 18:55:26'),(363,363,1,3.5,'2025-03-23 14:14:24','2025-10-14 18:55:26'),(364,364,1,10,'2025-03-23 14:15:06','2025-10-14 18:55:26'),(365,365,1,5,'2025-03-23 14:19:12','2025-10-14 18:55:26'),(366,366,1,0,'2025-03-23 14:19:58','2025-03-23 14:19:58'),(367,367,1,0,'2025-03-23 14:33:31','2025-10-14 18:55:26'),(368,368,1,0,'2025-03-23 14:34:03','2025-10-14 18:55:26'),(369,369,1,0,'2025-03-23 14:34:34','2025-10-14 18:55:26'),(370,370,1,0,'2025-03-23 14:50:35','2025-10-14 18:55:26'),(371,371,1,0,'2025-03-23 14:51:30','2025-10-14 18:55:26'),(372,372,1,0,'2025-03-23 14:52:06','2025-10-14 18:55:26'),(373,373,1,0,'2025-03-23 14:53:02','2025-10-14 18:55:26'),(374,374,1,0,'2025-03-23 14:53:55','2025-03-23 14:53:55'),(375,375,1,0,'2025-03-23 14:54:57','2025-10-14 18:55:26'),(376,376,1,0,'2025-03-23 14:55:26','2025-10-14 18:55:26'),(377,377,1,0,'2025-03-23 14:56:55','2025-10-14 18:55:26'),(378,378,1,47,'2025-03-23 16:51:04','2025-10-14 18:55:26'),(379,379,1,49,'2025-03-23 16:51:52','2025-10-14 18:55:26'),(380,380,1,92,'2025-03-23 16:52:26','2025-10-14 18:55:26'),(381,381,1,11,'2025-03-23 16:52:55','2025-10-14 18:55:26'),(382,382,1,38,'2025-03-23 16:53:28','2025-10-14 18:55:26'),(383,383,1,75,'2025-03-23 16:54:00','2025-10-14 18:55:26'),(384,384,1,17,'2025-03-23 16:55:00','2025-10-14 18:55:26'),(385,385,1,0,'2025-03-23 16:57:21','2025-10-14 18:55:26'),(386,386,1,38,'2025-03-23 16:58:03','2025-10-14 18:55:26'),(387,387,1,44.5,'2025-03-23 16:58:47','2025-10-14 18:55:26'),(388,388,1,78,'2025-03-23 16:59:23','2025-10-14 18:55:26'),(389,389,1,108.5,'2025-03-23 16:59:55','2025-10-14 18:55:26'),(390,390,1,100,'2025-03-23 17:00:25','2025-10-14 18:55:26'),(391,391,1,54,'2025-03-23 17:01:13','2025-10-14 18:55:26'),(392,392,1,0,'2025-03-23 17:02:48','2025-10-14 18:55:26'),(393,393,1,0,'2025-03-23 17:03:16','2025-10-14 18:55:26'),(394,394,1,0,'2025-03-23 17:03:43','2025-10-14 18:55:26'),(395,395,1,0,'2025-03-23 17:04:11','2025-10-14 18:55:26'),(396,396,1,0,'2025-03-23 17:04:34','2025-10-14 18:55:26'),(397,397,1,0,'2025-03-23 17:05:48','2025-10-14 18:55:27'),(398,398,1,18,'2025-03-23 17:06:19','2025-10-14 18:55:27'),(399,399,1,0,'2025-03-23 17:10:05','2025-10-14 18:55:26'),(400,400,1,0,'2025-03-23 17:10:38','2025-10-14 18:55:26'),(401,401,1,0,'2025-03-23 17:11:09','2025-10-14 18:55:26'),(402,402,1,0,'2025-03-23 17:11:39','2025-10-14 18:55:26'),(403,403,1,0,'2025-03-23 17:12:10','2025-10-14 18:55:26'),(404,404,1,0,'2025-03-23 17:12:46','2025-10-14 18:55:26'),(405,405,1,0,'2025-03-23 17:27:38','2025-10-14 18:55:26'),(406,406,1,50,'2025-03-23 17:28:13','2025-10-14 18:55:26'),(407,407,1,0,'2025-03-23 17:28:57','2025-10-14 18:55:26'),(408,408,1,0,'2025-03-23 17:30:00','2025-10-14 18:55:26'),(409,409,1,0,'2025-03-23 17:30:52','2025-10-14 18:55:26'),(410,410,1,0,'2025-03-23 17:31:29','2025-10-14 18:55:26'),(411,411,1,0,'2025-03-23 17:32:40','2025-10-14 18:55:26'),(412,412,1,84,'2025-03-23 17:33:31','2025-10-14 18:55:26'),(413,413,1,0,'2025-03-23 17:34:03','2025-10-14 18:55:26'),(414,414,1,94,'2025-03-23 17:34:44','2025-10-14 18:55:26'),(415,415,1,0,'2025-03-23 17:35:47','2025-10-14 18:55:26'),(416,416,1,0,'2025-03-23 17:36:22','2025-10-14 18:55:26'),(417,417,1,0,'2025-03-23 17:37:16','2025-10-14 18:55:26'),(418,418,1,0,'2025-03-23 17:37:51','2025-10-14 18:55:26'),(419,419,1,0,'2025-03-23 17:38:30','2025-10-14 18:55:26'),(420,420,1,0,'2025-03-23 17:39:05','2025-10-14 18:55:26'),(421,421,1,0,'2025-03-23 17:40:09','2025-10-14 18:55:26'),(422,422,1,0,'2025-03-23 17:40:38','2025-10-14 18:55:26'),(423,423,1,0,'2025-03-23 17:41:08','2025-10-14 18:55:26'),(424,424,1,0,'2025-03-23 17:41:42','2025-10-14 18:55:26'),(425,425,1,0,'2025-03-23 17:42:12','2025-10-14 18:55:26'),(426,426,1,0,'2025-03-23 17:43:26','2025-10-14 18:55:26'),(427,427,1,0,'2025-03-23 17:43:59','2025-10-14 18:55:26'),(428,428,1,0,'2025-03-23 17:44:50','2025-10-14 18:55:27'),(429,429,1,0,'2025-03-23 17:45:45','2025-10-14 18:55:27'),(430,430,1,0,'2025-03-23 17:46:42','2025-10-14 18:55:27'),(431,431,1,0,'2025-03-23 17:47:14','2025-10-14 18:55:27'),(432,432,1,0,'2025-03-23 17:47:42','2025-10-14 18:55:27'),(433,433,1,0,'2025-03-23 17:48:23','2025-10-14 18:55:27'),(434,434,1,0,'2025-03-23 17:48:53','2025-10-14 18:55:27'),(435,435,1,0,'2025-03-23 17:49:28','2025-10-14 18:55:27'),(436,436,1,0,'2025-03-23 17:50:05','2025-10-14 18:55:27'),(437,437,1,0,'2025-03-23 17:50:37','2025-10-14 18:55:27'),(438,438,1,0,'2025-03-23 17:53:23','2025-10-14 18:55:27'),(439,439,1,0,'2025-03-23 17:53:52','2025-10-14 18:55:27'),(440,440,1,0,'2025-03-23 17:54:36','2025-10-14 18:55:27'),(441,441,1,0,'2025-03-23 17:56:12','2025-10-14 18:55:27'),(442,442,1,0,'2025-03-23 17:56:44','2025-10-14 18:55:27'),(443,443,1,0,'2025-03-23 17:57:32','2025-10-14 18:55:27'),(444,444,1,0,'2025-03-23 17:58:35','2025-10-14 18:55:27'),(445,445,1,0,'2025-03-23 17:59:30','2025-10-14 18:55:27'),(446,446,1,0,'2025-03-23 18:00:01','2025-10-14 18:55:27'),(447,447,1,0,'2025-03-24 12:03:15','2025-10-14 18:55:27'),(448,448,1,0,'2025-03-24 12:06:11','2025-10-14 18:55:27'),(449,449,1,490,'2025-03-24 12:08:04','2025-10-14 18:55:27'),(450,450,1,190,'2025-03-24 12:08:41','2025-10-14 18:55:27'),(451,451,1,0,'2025-03-24 12:09:16','2025-10-14 18:55:27'),(452,452,1,330,'2025-03-24 12:29:12','2025-10-14 18:55:27'),(453,453,1,960,'2025-03-24 12:29:46','2025-10-14 18:55:27'),(454,454,1,470,'2025-03-24 12:30:18','2025-10-14 18:55:27'),(455,455,1,110,'2025-03-24 12:30:48','2025-10-14 18:55:27'),(456,456,1,990,'2025-03-24 12:31:19','2025-10-14 18:55:27'),(457,457,1,310,'2025-03-24 12:31:54','2025-10-14 18:55:27'),(458,458,1,430,'2025-03-24 12:32:25','2025-10-14 18:55:27'),(459,459,1,0,'2025-03-24 12:32:57','2025-10-14 18:55:27'),(460,460,1,0,'2025-03-24 12:33:34','2025-10-14 18:55:27'),(461,461,1,0,'2025-03-24 12:34:04','2025-10-14 18:55:27'),(462,462,1,1490,'2025-03-24 12:34:33','2025-10-14 18:55:27'),(463,463,1,100,'2025-03-24 12:35:01','2025-10-14 18:55:27'),(464,464,1,0,'2025-03-24 12:35:28','2025-10-14 18:55:27'),(465,465,1,0,'2025-03-24 12:36:02','2025-10-14 18:55:27'),(466,466,1,480,'2025-03-24 12:36:40','2025-10-14 18:55:27'),(467,467,1,100,'2025-03-24 12:37:10','2025-10-14 18:55:27'),(468,468,1,0,'2025-03-24 12:37:42','2025-10-14 18:55:27'),(469,469,1,100,'2025-03-24 12:38:08','2025-10-14 18:55:27'),(470,470,1,100,'2025-03-24 12:38:37','2025-10-14 18:55:27'),(471,471,1,0,'2025-03-24 12:39:07','2025-10-14 18:55:27'),(472,472,1,460,'2025-03-24 12:39:36','2025-10-14 18:55:27'),(473,473,1,305,'2025-03-24 12:40:09','2025-10-14 18:55:27'),(474,474,1,0,'2025-03-24 12:42:25','2025-10-14 18:55:27'),(475,475,1,0,'2025-03-24 13:16:38','2025-10-14 18:55:27'),(476,476,1,0,'2025-03-24 13:17:02','2025-10-14 18:55:27'),(477,477,1,0,'2025-03-24 13:17:28','2025-10-14 18:55:27'),(478,478,1,0,'2025-03-24 13:25:50','2025-10-14 18:55:27'),(479,479,1,0,'2025-03-24 13:28:06','2025-10-14 18:55:27'),(480,480,1,45,'2025-03-24 13:29:58','2025-10-14 18:55:27'),(481,481,1,45,'2025-03-24 13:30:42','2025-10-14 18:55:27'),(482,482,1,760,'2025-03-24 13:31:28','2025-10-14 18:55:27'),(483,483,1,555,'2025-03-24 13:32:17','2025-10-14 18:55:27'),(484,484,1,175,'2025-03-24 13:33:09','2025-10-14 18:55:27'),(485,485,1,410,'2025-03-24 13:33:57','2025-10-14 18:55:27'),(486,486,1,260,'2025-03-24 13:34:30','2025-10-14 18:55:27'),(487,487,1,0,'2025-03-24 13:34:55','2025-10-14 18:55:27'),(488,488,1,0,'2025-03-24 13:35:21','2025-10-14 18:55:27'),(489,489,1,0,'2025-03-24 13:38:35','2025-10-14 18:55:27'),(490,490,1,0,'2025-03-24 13:39:16','2025-10-14 18:55:27'),(491,491,1,0,'2025-03-24 13:39:56','2025-10-14 18:55:27'),(492,492,1,0,'2025-03-24 13:40:24','2025-10-14 18:55:27'),(493,493,1,0,'2025-03-24 13:40:50','2025-10-14 18:55:27'),(494,494,1,0,'2025-03-24 13:41:18','2025-10-14 18:55:27'),(495,495,1,0,'2025-03-24 13:41:48','2025-10-14 18:55:27'),(496,496,1,0,'2025-03-24 14:23:01','2025-10-14 18:55:27'),(497,497,1,510,'2025-03-24 14:24:10','2025-10-14 18:55:27'),(498,498,1,680,'2025-03-24 14:25:16','2025-10-14 18:55:27'),(499,499,1,650,'2025-03-24 14:26:09','2025-10-14 18:55:27'),(500,500,1,1610,'2025-03-24 14:27:01','2025-10-14 18:55:27'),(501,501,1,330,'2025-03-24 14:27:46','2025-10-14 18:55:27'),(502,502,1,270,'2025-03-24 14:31:15','2025-10-14 18:55:27'),(503,503,1,305,'2025-03-24 14:32:07','2025-10-14 18:55:27'),(504,504,1,0,'2025-03-24 14:37:04','2025-10-14 18:55:27'),(505,505,1,0,'2025-03-24 14:37:51','2025-10-14 18:55:27'),(506,506,1,0,'2025-03-24 14:38:21','2025-10-14 18:55:27'),(507,507,1,0,'2025-03-24 14:38:45','2025-10-14 18:55:27'),(508,508,1,0,'2025-03-24 15:07:10','2025-10-14 18:55:27'),(509,509,1,0,'2025-03-24 15:07:49','2025-10-14 18:55:27'),(510,510,1,0,'2025-03-24 15:08:23','2025-10-14 18:55:27'),(511,511,1,0,'2025-03-24 15:08:50','2025-10-14 18:55:27'),(512,512,1,0,'2025-03-24 15:09:16','2025-10-14 18:55:27'),(513,513,1,0,'2025-03-24 15:10:13','2025-10-14 18:55:27'),(514,514,1,0,'2025-03-24 15:10:51','2025-10-14 18:55:27'),(515,515,1,0,'2025-03-24 15:13:21','2025-10-14 18:55:27'),(516,516,1,0,'2025-03-24 15:13:51','2025-10-14 18:55:27'),(517,517,1,0,'2025-03-24 15:16:37','2025-10-14 18:55:27'),(518,518,1,0,'2025-03-24 15:17:16','2025-10-14 18:55:27'),(519,519,1,0,'2025-03-24 15:18:21','2025-10-14 18:55:27'),(520,520,1,0,'2025-03-24 15:19:01','2025-10-14 18:55:27'),(521,521,1,0,'2025-03-24 15:19:31','2025-10-14 18:55:27'),(522,522,1,0,'2025-03-24 15:20:22','2025-10-14 18:55:27'),(523,523,1,0,'2025-03-24 15:20:54','2025-10-14 18:55:27'),(524,524,1,0,'2025-03-24 15:21:25','2025-10-14 18:55:27'),(525,525,1,0,'2025-03-24 15:21:53','2025-10-14 18:55:27'),(526,526,1,0,'2025-03-24 15:22:27','2025-10-14 18:55:27'),(527,527,1,0,'2025-03-24 15:23:07','2025-10-14 18:55:27'),(528,528,1,0,'2025-03-24 15:23:35','2025-10-14 18:55:27'),(529,529,1,0,'2025-03-24 16:42:08','2025-10-14 18:55:25'),(530,530,1,4.75,'2025-03-24 16:42:47','2025-10-14 18:55:25'),(531,531,1,4.75,'2025-03-24 16:43:40','2025-10-14 18:55:25'),(532,532,1,0,'2025-03-24 16:44:12','2025-10-14 18:55:25'),(533,533,1,0,'2025-03-24 16:46:13','2025-10-14 18:55:25'),(534,534,1,0,'2025-03-24 16:47:23','2025-10-14 18:55:25'),(535,535,1,1.4,'2025-03-24 16:48:38','2025-10-14 18:55:25'),(536,536,1,0,'2025-03-24 16:49:06','2025-10-14 18:55:25'),(537,537,1,0,'2025-03-24 16:50:31','2025-10-14 18:55:25'),(538,538,1,0,'2025-03-24 16:51:03','2025-10-14 18:55:25'),(539,539,1,1.1,'2025-03-24 16:51:32','2025-10-14 18:55:25'),(540,540,1,0,'2025-03-24 16:52:37','2025-10-14 18:55:25'),(541,541,1,0,'2025-03-24 16:53:04','2025-10-14 18:55:25'),(542,542,1,0,'2025-03-24 16:53:32','2025-10-14 18:55:25'),(543,543,1,0,'2025-03-24 16:54:03','2025-10-14 18:55:25'),(544,544,1,0,'2025-03-24 16:54:37','2025-10-14 18:55:25'),(545,545,1,0,'2025-03-24 16:55:10','2025-10-14 18:55:25'),(546,546,1,0.95,'2025-03-24 16:55:37','2025-10-14 18:55:25'),(547,547,1,0,'2025-03-24 16:56:06','2025-10-14 18:55:25'),(548,548,1,103.85,'2025-03-24 16:58:50','2025-10-14 18:55:25'),(549,549,1,103.25,'2025-03-24 16:59:31','2025-10-14 18:55:25'),(550,550,1,131,'2025-03-24 17:00:19','2025-10-14 18:55:25'),(551,551,1,121,'2025-03-24 17:01:07','2025-10-14 18:55:25'),(552,552,1,33.85,'2025-03-24 17:03:00','2025-10-14 18:55:25'),(553,553,1,93.05,'2025-03-24 17:04:04','2025-10-14 18:55:25'),(554,554,1,0,'2025-03-24 22:23:42','2025-10-14 18:55:27'),(555,555,1,123,'2025-03-24 22:24:37','2025-10-14 18:55:27'),(556,556,1,0,'2025-03-24 22:25:26','2025-10-14 18:55:27'),(557,557,1,386,'2025-03-24 22:26:20','2025-10-14 18:55:27'),(558,558,1,174,'2025-03-24 22:27:03','2025-10-14 18:55:27'),(559,559,1,8.83,'2025-03-24 22:38:35','2025-10-14 18:55:27'),(560,560,1,83.47,'2025-03-24 22:39:35','2025-10-14 18:55:27'),(561,561,1,0,'2025-03-24 22:40:31','2025-10-14 18:55:27'),(562,562,1,80.5,'2025-03-24 22:41:28','2025-10-14 18:55:27'),(563,563,1,11.84,'2025-03-24 22:42:29','2025-10-14 18:55:27'),(564,564,1,0,'2025-03-24 22:43:03','2025-10-14 18:55:27'),(565,565,1,0,'2025-03-24 22:43:31','2025-10-14 18:55:27'),(566,566,1,0,'2025-03-24 22:44:15','2025-10-14 18:55:27'),(567,567,1,0,'2025-03-24 22:44:47','2025-10-14 18:55:27'),(568,568,1,2.18,'2025-03-24 22:45:43','2025-10-14 18:55:27'),(569,569,1,0,'2025-03-24 22:46:17','2025-10-14 18:55:27'),(570,570,1,15.37,'2025-03-24 22:47:38','2025-10-14 18:55:27'),(571,571,1,0,'2025-03-24 22:48:17','2025-10-14 18:55:27'),(572,572,1,1,'2025-03-24 22:48:58','2025-10-14 18:55:27'),(573,573,1,3.04,'2025-03-24 22:49:42','2025-10-14 18:55:27'),(574,574,1,0,'2025-03-24 22:50:24','2025-10-14 18:55:27'),(575,575,1,0,'2025-03-24 22:57:21','2025-10-14 18:55:27'),(576,576,1,0,'2025-03-24 22:57:55','2025-10-14 18:55:27'),(577,577,1,0,'2025-03-24 22:58:56','2025-10-14 18:55:27'),(578,578,1,0,'2025-03-24 22:59:35','2025-10-14 18:55:27'),(579,579,1,0,'2025-03-24 23:00:09','2025-10-14 18:55:27'),(580,580,1,0,'2025-08-23 11:18:46','2025-10-14 18:55:27'),(581,581,1,0,'2025-08-23 11:19:45','2025-10-14 18:55:27'),(582,582,1,0,'2025-08-23 11:22:19','2025-10-14 18:55:27'),(583,583,1,0,'2025-08-23 11:22:58','2025-10-14 18:55:27'),(584,584,1,0,'2025-08-23 11:23:46','2025-10-14 18:55:27'),(585,585,1,0,'2025-08-23 11:31:54','2025-10-14 18:55:27'),(586,586,1,0,'2025-08-23 11:33:03','2025-10-14 18:55:27'),(587,587,1,0,'2025-08-23 11:33:58','2025-10-14 18:55:27'),(588,588,1,0,'2025-08-23 12:05:12','2025-10-14 18:55:27'),(589,589,1,0,'2025-08-23 12:05:51','2025-10-14 18:55:27'),(590,590,1,0,'2025-08-23 12:06:41','2025-10-14 18:55:27'),(591,591,1,0,'2025-08-23 12:07:20','2025-10-14 18:55:27'),(592,592,1,0,'2025-08-23 12:29:20','2025-08-23 12:29:20'),(593,593,1,0,'2025-08-23 12:31:05','2025-10-14 18:55:27'),(594,594,1,0,'2025-08-23 12:36:33','2025-10-14 18:55:27'),(595,595,1,0,'2025-08-23 12:37:09','2025-10-14 18:55:27'),(596,596,1,0,'2025-08-23 12:38:00','2025-10-14 18:55:27'),(597,597,1,0,'2025-08-23 12:38:40','2025-10-14 18:55:27'),(598,598,1,0,'2025-08-23 13:26:13','2025-10-14 18:55:27'),(599,599,1,0,'2025-08-23 13:30:19','2025-10-14 18:55:27'),(600,600,1,0,'2025-08-23 13:30:49','2025-10-14 18:55:27'),(601,601,1,0,'2025-08-23 13:31:46','2025-10-14 18:55:27'),(602,602,1,0,'2025-08-23 13:48:00','2025-10-14 18:55:27'),(603,603,1,0,'2025-08-23 13:49:00','2025-10-14 18:55:27'),(604,604,1,0,'2025-08-23 13:49:29','2025-10-14 18:55:27'),(605,605,1,0,'2025-08-23 13:50:09','2025-10-14 18:55:27'),(606,606,1,0,'2025-08-23 13:50:39','2025-10-14 18:55:27'),(607,607,1,0,'2025-08-23 13:51:17','2025-10-14 18:55:27'),(608,608,1,0,'2025-08-23 13:52:36','2025-10-14 18:55:27'),(609,609,1,0,'2025-08-23 13:53:16','2025-10-14 18:55:27'),(610,610,1,0,'2025-08-23 13:53:43','2025-10-14 18:55:27'),(611,611,1,0,'2025-08-23 13:54:28','2025-10-14 18:55:27'),(612,612,1,0,'2025-08-23 13:54:52','2025-10-14 18:55:27'),(613,613,1,0,'2025-08-23 14:12:41','2025-10-14 18:55:27'),(614,614,1,0,'2025-08-23 14:13:31','2025-10-14 18:55:27'),(615,615,1,0,'2025-08-23 14:14:28','2025-10-14 18:55:27'),(616,616,1,246,'2025-08-23 14:15:19','2025-10-14 18:55:27'),(617,617,1,0,'2025-08-23 14:16:06','2025-10-14 18:55:27'),(618,618,1,346.5,'2025-08-23 14:17:16','2025-10-14 18:55:27'),(619,619,1,284.96,'2025-08-23 14:18:16','2025-10-14 18:55:27'),(620,620,1,162.96,'2025-08-23 14:18:42','2025-10-14 18:55:27'),(621,621,1,147,'2025-08-23 14:19:40','2025-10-14 18:55:27'),(622,622,1,93.46,'2025-08-23 14:20:24','2025-10-14 18:55:27'),(623,623,1,38.16,'2025-08-23 14:21:13','2025-10-14 18:55:27'),(624,624,1,0,'2025-08-23 14:21:50','2025-10-14 18:55:27'),(625,625,1,0.99,'2025-08-23 14:22:30','2025-10-14 18:55:27'),(626,626,1,0,'2025-08-23 14:23:13','2025-10-14 18:55:27'),(627,627,1,0,'2025-08-23 14:35:49','2025-10-14 18:55:27'),(628,628,1,0,'2025-08-23 14:37:18','2025-10-14 18:55:27'),(629,629,1,0,'2025-08-23 14:37:57','2025-08-23 14:37:57'),(630,630,1,10,'2025-08-23 14:38:48','2025-10-14 18:55:27'),(631,631,1,0.46,'2025-08-23 14:39:20','2025-10-14 18:55:27'),(632,632,1,0,'2025-08-23 14:39:51','2025-10-14 18:55:27'),(633,633,1,4.9,'2025-08-23 14:41:37','2025-10-14 18:55:27'),(634,634,1,0,'2025-08-23 14:42:21','2025-10-14 18:55:27'),(635,635,1,1.42,'2025-08-23 14:42:53','2025-10-14 18:55:27'),(636,636,1,0.96,'2025-08-23 14:43:28','2025-10-14 18:55:27'),(637,637,1,9,'2025-08-23 14:49:47','2025-10-14 18:55:27'),(638,638,1,0,'2025-08-23 14:50:14','2025-10-14 18:55:27'),(639,639,1,0,'2025-08-23 14:50:51','2025-10-14 18:55:27'),(640,640,1,2,'2025-08-23 14:51:29','2025-10-14 18:55:27'),(641,641,1,0,'2025-08-23 14:51:59','2025-10-14 18:55:27'),(642,642,1,0,'2025-08-23 14:52:57','2025-10-14 18:55:27'),(643,643,1,0,'2025-08-23 14:54:28','2025-10-14 18:55:27'),(644,644,1,0,'2025-08-23 14:55:06','2025-10-14 18:55:27'),(645,645,1,0,'2025-08-23 14:55:53','2025-10-14 18:55:27'),(646,646,1,0,'2025-08-23 14:56:26','2025-10-14 18:55:27'),(647,647,1,0,'2025-08-23 14:59:28','2025-10-14 18:55:27'),(648,648,1,0,'2025-08-23 15:00:13','2025-10-14 18:55:27'),(649,649,1,0.96,'2025-08-25 09:23:12','2025-10-14 18:55:27'),(650,650,1,0,'2025-08-25 09:23:55','2025-10-14 18:55:27'),(651,651,1,0,'2025-08-25 09:24:48','2025-10-14 18:55:27'),(652,652,1,3,'2025-08-25 09:29:41','2025-10-14 18:55:27'),(653,653,1,5.48,'2025-08-25 09:30:17','2025-10-14 18:55:27'),(654,654,1,5.5,'2025-08-25 09:30:57','2025-10-14 18:55:27'),(655,655,1,0,'2025-08-25 09:32:54','2025-10-14 18:55:27'),(656,656,1,0,'2025-08-25 09:33:27','2025-10-14 18:55:27'),(657,657,1,0,'2025-08-25 09:35:53','2025-10-14 18:55:27'),(658,658,1,0,'2025-08-25 09:36:35','2025-10-14 18:55:27'),(659,659,1,0,'2025-08-25 09:37:23','2025-10-14 18:55:27'),(660,660,1,0,'2025-08-25 09:41:49','2025-10-14 18:55:27'),(661,661,1,0,'2025-08-25 09:42:23','2025-10-14 18:55:27'),(662,662,1,0,'2025-08-25 09:42:57','2025-10-14 18:55:27'),(663,663,1,0,'2025-08-25 09:43:39','2025-10-14 18:55:27'),(664,664,1,0,'2025-08-25 09:44:13','2025-10-14 18:55:27'),(665,665,1,0,'2025-08-25 09:44:31','2025-10-14 18:55:27'),(666,666,1,0,'2025-08-25 09:45:42','2025-10-14 18:55:27'),(667,667,1,0,'2025-08-25 09:46:17','2025-10-14 18:55:27'),(668,668,1,0,'2025-08-25 09:46:52','2025-10-14 18:55:27'),(669,669,1,0,'2025-08-25 09:47:18','2025-10-14 18:55:27'),(670,670,1,0,'2025-08-25 09:48:05','2025-10-14 18:55:28'),(671,671,1,0,'2025-08-25 09:48:34','2025-10-14 18:55:28'),(672,672,1,0,'2025-08-25 09:49:37','2025-10-14 18:55:28'),(673,673,1,0,'2025-08-25 09:50:06','2025-10-14 18:55:28'),(674,674,1,0,'2025-08-25 09:50:51','2025-10-14 18:55:28'),(675,675,1,0,'2025-08-25 09:51:37','2025-10-14 18:55:28'),(676,676,1,0,'2025-08-25 09:52:35','2025-10-14 18:55:28'),(677,677,1,0,'2025-08-25 09:53:32','2025-10-14 18:55:28'),(678,678,1,0,'2025-08-25 09:54:12','2025-10-14 18:55:28'),(679,679,1,0,'2025-08-25 09:54:59','2025-10-14 18:55:28'),(680,680,1,0,'2025-08-25 09:56:46','2025-10-14 18:55:28'),(681,681,1,0,'2025-08-25 09:57:33','2025-10-14 18:55:28'),(682,682,1,0,'2025-08-25 09:58:07','2025-10-14 18:55:28'),(683,683,1,0,'2025-08-25 09:58:51','2025-10-14 18:55:28'),(684,684,1,0,'2025-08-25 09:59:33','2025-10-14 18:55:28'),(685,685,1,0,'2025-08-25 10:00:06','2025-10-14 18:55:28'),(686,686,1,0,'2025-08-25 10:00:39','2025-10-14 18:55:28'),(687,687,1,0,'2025-08-25 10:01:16','2025-10-14 18:55:28'),(688,688,1,0,'2025-08-25 10:01:53','2025-10-14 18:55:28'),(689,689,1,0,'2025-08-25 10:02:26','2025-10-14 18:55:28'),(690,690,1,0,'2025-08-25 10:02:58','2025-08-25 10:02:58'),(691,691,1,0,'2025-08-28 16:57:06','2025-10-14 18:55:28'),(692,692,1,0,'2025-08-28 16:57:45','2025-10-14 18:55:28'),(693,693,1,0,'2025-08-28 16:58:28','2025-10-14 18:55:28'),(694,694,1,0,'2025-08-28 16:59:05','2025-10-14 18:55:28'),(695,695,1,0,'2025-08-28 16:59:41','2025-10-14 18:55:28'),(696,696,1,0,'2025-08-28 17:00:10','2025-10-14 18:55:28'),(697,697,1,0,'2025-08-28 17:00:35','2025-10-14 18:55:28'),(698,698,1,0,'2025-08-28 17:00:53','2025-10-14 18:55:28'),(699,699,1,0,'2025-08-28 17:01:13','2025-10-14 18:55:28'),(700,700,1,0,'2025-08-28 17:01:53','2025-10-14 18:55:28'),(701,701,1,0,'2025-08-28 17:02:32','2025-10-14 18:55:28'),(702,702,1,0,'2025-08-28 17:03:10','2025-10-14 18:55:28'),(703,703,1,0,'2025-08-28 17:03:41','2025-10-14 18:55:28'),(704,704,1,0,'2025-08-28 17:04:37','2025-10-14 18:55:28'),(705,705,1,0,'2025-08-28 17:09:00','2025-10-14 18:55:28'),(706,706,1,0,'2025-08-28 17:09:46','2025-10-14 18:55:28'),(707,707,1,0,'2025-08-28 17:10:35','2025-10-14 18:55:28'),(708,708,1,0,'2025-08-28 17:11:36','2025-10-14 18:55:28'),(709,709,1,0,'2025-08-28 17:12:17','2025-10-14 18:55:28'),(710,710,1,0,'2025-08-28 17:12:48','2025-10-14 18:55:28'),(711,711,1,0,'2025-08-28 17:13:28','2025-10-14 18:55:28'),(712,712,1,0,'2025-08-28 17:14:16','2025-10-14 18:55:28'),(713,713,1,0,'2025-08-28 17:14:53','2025-10-14 18:55:28'),(714,714,1,0,'2025-08-28 17:15:44','2025-10-14 18:55:28'),(715,715,1,0,'2025-08-28 17:17:13','2025-10-14 18:55:28'),(716,716,1,0,'2025-08-28 17:17:48','2025-10-14 18:55:28'),(717,717,1,0,'2025-08-28 17:18:08','2025-10-14 18:55:28'),(718,718,1,0,'2025-08-28 17:18:30','2025-10-14 18:55:28'),(719,719,1,0,'2025-08-28 17:18:49','2025-10-14 18:55:28'),(720,720,1,0,'2025-08-28 17:19:23','2025-10-14 18:55:28'),(721,721,1,0,'2025-08-28 17:20:31','2025-10-14 18:55:28'),(722,722,1,0,'2025-08-28 17:21:04','2025-10-14 18:55:28'),(723,723,1,0,'2025-08-28 17:21:35','2025-10-14 18:55:28'),(724,724,1,0,'2025-08-28 17:22:12','2025-10-14 18:55:28'),(725,725,1,0,'2025-08-28 17:22:49','2025-10-14 18:55:28'),(726,726,1,0,'2025-08-28 17:23:32','2025-10-14 18:55:28'),(727,727,1,0,'2025-08-28 17:24:15','2025-10-14 18:55:28'),(728,728,1,0,'2025-08-28 17:25:04','2025-10-14 18:55:28'),(729,729,1,0,'2025-08-28 17:25:38','2025-10-14 18:55:28'),(730,730,1,0,'2025-08-28 17:26:33','2025-10-14 18:55:28'),(731,731,1,0,'2025-08-28 17:27:13','2025-10-14 18:55:28'),(732,732,1,0,'2025-08-28 17:27:49','2025-10-14 18:55:28'),(733,733,1,0,'2025-08-28 17:28:19','2025-10-14 18:55:28'),(734,734,1,0,'2025-08-28 17:28:57','2025-10-14 18:55:28'),(735,735,1,0,'2025-08-28 17:29:34','2025-10-14 18:55:28'),(736,736,1,0,'2025-08-28 17:30:03','2025-10-14 18:55:28'),(737,737,1,0,'2025-08-28 17:31:17','2025-10-14 18:55:28'),(738,738,1,0,'2025-08-28 17:37:31','2025-10-14 18:55:28'),(739,739,1,0,'2025-08-28 17:38:01','2025-10-14 18:55:28'),(740,740,1,51.84,'2025-08-28 17:45:30','2025-10-14 18:55:27'),(741,741,1,105.5,'2025-08-28 17:46:22','2025-10-14 18:55:27'),(742,742,1,54.82,'2025-08-28 17:47:00','2025-10-14 18:55:27'),(743,743,1,56,'2025-08-28 17:48:10','2025-10-14 18:55:27'),(744,744,1,74,'2025-08-28 17:48:47','2025-10-14 18:55:27'),(745,745,1,24.5,'2025-08-28 17:49:42','2025-10-14 18:55:27'),(746,746,1,4.15,'2025-08-28 17:50:36','2025-10-14 18:55:27'),(747,747,1,0,'2025-08-28 17:51:08','2025-10-14 18:55:27'),(748,748,1,2.44,'2025-08-28 17:51:39','2025-10-14 18:55:27'),(749,749,1,0,'2025-08-28 17:52:09','2025-10-14 18:55:27'),(750,750,1,0,'2025-08-28 18:04:46','2025-10-14 18:55:27'),(751,751,1,18.88,'2025-08-28 18:05:27','2025-10-14 18:55:27'),(752,752,1,7,'2025-08-28 18:06:00','2025-10-14 18:55:27'),(753,753,1,5.94,'2025-08-28 18:06:32','2025-10-14 18:55:27'),(754,754,1,1,'2025-08-28 18:07:13','2025-10-14 18:55:27'),(755,755,1,3.92,'2025-08-28 18:07:46','2025-10-14 18:55:27'),(756,756,1,0,'2025-08-28 18:08:36','2025-10-14 18:55:27'),(757,757,1,0,'2025-08-28 18:09:08','2025-10-14 18:55:27'),(758,758,1,0,'2025-08-28 18:11:00','2025-10-14 18:55:27'),(759,759,1,0,'2025-08-28 18:11:53','2025-10-14 18:55:27'),(760,760,1,0,'2025-08-28 18:13:11','2025-10-14 18:55:27'),(761,761,1,0,'2025-08-28 18:13:41','2025-10-14 18:55:27'),(762,762,1,8.5,'2025-08-28 18:14:29','2025-10-14 18:55:27'),(763,763,1,8.5,'2025-08-28 18:21:43','2025-10-14 18:55:27'),(764,764,1,0,'2025-08-28 18:22:11','2025-10-14 18:55:27'),(765,765,1,3.5,'2025-08-28 18:22:57','2025-10-14 18:55:27'),(766,766,1,0.5,'2025-08-28 18:23:43','2025-10-14 18:55:27'),(767,767,1,0,'2025-08-28 18:24:16','2025-10-14 18:55:27'),(768,768,1,0,'2025-08-28 18:24:51','2025-10-14 18:55:27'),(769,769,1,0,'2025-08-28 18:28:10','2025-10-14 18:55:27'),(770,770,1,0,'2025-08-28 18:28:39','2025-10-14 18:55:27'),(771,771,1,0,'2025-08-28 18:29:20','2025-10-14 18:55:27'),(772,772,1,0,'2025-08-28 18:29:52','2025-10-14 18:55:27'),(773,773,1,0,'2025-08-28 18:30:35','2025-10-14 18:55:27'),(774,774,1,0,'2025-08-28 18:31:47','2025-10-14 18:55:27'),(775,775,1,0,'2025-08-28 18:32:36','2025-10-14 18:55:27'),(776,776,1,0,'2025-08-28 18:33:26','2025-10-14 18:55:27'),(777,777,1,0,'2025-08-28 18:33:56','2025-10-14 18:55:27'),(778,778,1,0,'2025-08-28 18:34:29','2025-10-14 18:55:27'),(779,779,1,0,'2025-08-28 18:35:01','2025-10-14 18:55:27'),(780,780,1,0,'2025-08-28 18:35:35','2025-10-14 18:55:27'),(781,781,1,0,'2025-08-28 18:36:08','2025-10-14 18:55:27'),(782,782,1,0,'2025-08-28 18:37:06','2025-10-14 18:55:27'),(783,783,1,0,'2025-08-28 18:37:34','2025-10-14 18:55:27'),(784,784,1,0,'2025-08-28 18:38:01','2025-10-14 18:55:27'),(785,785,1,0,'2025-08-28 18:38:35','2025-10-14 18:55:27'),(786,786,1,0,'2025-08-29 09:01:21','2025-10-14 18:55:25'),(787,787,1,0,'2025-08-29 09:02:03','2025-10-14 18:55:25'),(788,788,1,0,'2025-08-29 09:02:44','2025-10-14 18:55:25'),(789,789,1,0,'2025-08-29 09:03:41','2025-10-14 18:55:25'),(790,790,1,0,'2025-08-29 09:04:34','2025-10-14 18:55:25'),(791,791,1,0,'2025-08-29 09:06:25','2025-10-14 18:55:25'),(792,792,1,0,'2025-08-29 09:08:14','2025-10-14 18:55:25'),(793,793,1,0,'2025-08-29 09:08:49','2025-10-14 18:55:25'),(794,794,1,0,'2025-08-29 09:09:23','2025-10-14 18:55:25'),(795,795,1,0,'2025-08-29 09:18:45','2025-10-14 18:55:25'),(796,796,1,0,'2025-08-29 09:19:28','2025-10-14 18:55:25'),(797,797,1,0,'2025-08-29 09:20:06','2025-10-14 18:55:25'),(798,798,1,0,'2025-08-29 09:20:52','2025-10-14 18:55:25'),(799,799,1,0,'2025-08-29 09:21:43','2025-10-14 18:55:25'),(800,800,1,0,'2025-08-29 09:22:24','2025-10-14 18:55:25'),(801,801,1,0,'2025-08-29 09:22:59','2025-10-14 18:55:25'),(802,802,1,0,'2025-08-29 09:23:33','2025-10-14 18:55:25'),(803,803,1,0,'2025-08-29 09:24:05','2025-10-14 18:55:25'),(804,804,1,0,'2025-08-29 09:24:53','2025-10-14 18:55:25'),(805,805,1,0,'2025-08-29 09:25:26','2025-10-14 18:55:25'),(806,806,1,0,'2025-08-29 09:26:04','2025-10-14 18:55:25'),(807,807,1,0,'2025-08-29 09:26:50','2025-10-14 18:55:25'),(808,808,1,0,'2025-08-29 09:27:36','2025-10-14 18:55:25'),(809,809,1,0,'2025-08-29 09:28:17','2025-10-14 18:55:25'),(810,810,1,0.1,'2025-08-29 09:28:43','2025-10-24 11:12:08'),(811,811,1,0,'2025-08-29 09:29:18','2025-10-14 18:55:25'),(812,812,1,0,'2025-08-29 09:30:17','2025-10-14 18:55:25'),(813,813,1,0,'2025-08-29 09:30:46','2025-10-14 18:55:25'),(814,814,1,0,'2025-08-29 09:31:15','2025-10-14 18:55:25'),(815,815,1,0,'2025-08-29 09:31:47','2025-10-14 18:55:25'),(816,816,1,0,'2025-08-29 09:32:16','2025-10-14 18:55:25'),(817,817,1,0,'2025-08-29 09:32:46','2025-10-14 18:55:25'),(818,818,1,0,'2025-08-29 09:33:16','2025-10-14 18:55:25'),(819,819,1,0,'2025-08-29 09:41:35','2025-10-14 18:55:25'),(820,820,1,0,'2025-08-29 09:47:30','2025-10-14 18:55:25'),(821,821,1,0,'2025-08-29 09:48:22','2025-10-14 18:55:25'),(822,822,1,0,'2025-08-29 12:04:00','2025-10-14 18:55:25'),(823,823,1,0,'2025-08-29 12:04:49','2025-10-14 18:55:25'),(824,824,1,0,'2025-08-29 12:21:41','2025-10-14 18:55:25'),(825,825,1,0,'2025-08-29 12:22:43','2025-10-14 18:55:25'),(826,826,1,0,'2025-08-29 12:24:19','2025-10-14 18:55:25'),(827,827,1,0,'2025-08-29 12:24:59','2025-10-14 18:55:25'),(828,828,1,0,'2025-08-29 12:26:03','2025-10-14 18:55:25'),(829,829,1,0,'2025-08-29 12:26:49','2025-10-14 18:55:25'),(830,830,1,0,'2025-08-29 12:27:57','2025-10-14 18:55:25'),(831,831,1,0,'2025-08-29 12:28:33','2025-10-14 18:55:25'),(832,832,1,0,'2025-08-29 12:35:33','2025-10-14 18:55:25'),(833,833,1,0,'2025-08-29 12:35:58','2025-10-14 18:55:25'),(834,834,1,0,'2025-08-29 12:36:38','2025-10-14 18:55:25'),(835,835,1,0,'2025-08-29 12:37:29','2025-10-14 18:55:25'),(836,836,1,0,'2025-08-29 12:38:04','2025-10-14 18:55:25'),(837,837,1,0,'2025-08-29 12:38:35','2025-10-14 18:55:25'),(838,838,1,0,'2025-08-29 12:39:03','2025-10-14 18:55:25'),(839,839,1,0,'2025-08-29 12:39:32','2025-10-14 18:55:25'),(840,840,1,0,'2025-08-29 12:40:01','2025-10-14 18:55:25'),(841,841,1,0,'2025-08-29 12:40:28','2025-10-14 18:55:25'),(842,842,1,0,'2025-08-29 12:40:56','2025-10-14 18:55:25'),(843,843,1,0,'2025-08-29 12:44:44','2025-10-14 18:55:25'),(844,844,1,0,'2025-08-29 12:45:10','2025-10-14 18:55:25'),(845,845,1,0,'2025-08-29 12:45:45','2025-10-14 18:55:25'),(846,846,1,2,'2025-08-29 12:46:08','2025-10-14 18:55:25'),(847,847,1,0,'2025-08-29 12:46:38','2025-10-14 18:55:25'),(848,848,1,0,'2025-08-29 12:48:56','2025-10-14 18:55:25'),(849,849,1,0,'2025-08-29 12:50:24','2025-10-14 18:55:25'),(850,850,1,0,'2025-08-29 12:51:18','2025-10-14 18:55:25'),(851,851,1,0,'2025-08-29 12:51:45','2025-10-14 18:55:25'),(852,852,1,0,'2025-08-29 12:52:35','2025-10-14 18:55:25'),(853,853,1,0,'2025-08-29 12:52:59','2025-10-14 18:55:25'),(854,854,1,0,'2025-08-29 12:53:57','2025-10-14 18:55:25'),(855,855,1,0,'2025-08-29 12:54:22','2025-10-14 18:55:25'),(856,856,1,0,'2025-08-29 12:55:11','2025-10-14 18:55:25'),(857,857,1,0,'2025-08-29 12:56:22','2025-10-14 18:55:25'),(858,858,1,0,'2025-08-29 12:57:03','2025-10-14 18:55:25'),(859,859,1,0,'2025-08-29 12:57:42','2025-10-14 18:55:25'),(860,860,1,0,'2025-08-29 12:58:40','2025-10-14 18:55:25'),(861,861,1,0,'2025-08-29 12:59:18','2025-10-14 18:55:25'),(862,862,1,0,'2025-08-29 13:00:01','2025-10-14 18:55:25'),(863,863,1,0,'2025-08-29 13:00:52','2025-10-14 18:55:25'),(864,864,1,0,'2025-08-29 13:01:37','2025-10-14 18:55:25'),(865,865,1,0,'2025-08-29 13:02:07','2025-10-14 18:55:25'),(866,866,1,0,'2025-08-29 13:02:48','2025-10-14 18:55:25'),(867,867,1,0,'2025-08-29 13:03:18','2025-10-14 18:55:25'),(868,868,1,0,'2025-08-29 13:03:46','2025-10-14 18:55:25'),(869,869,1,0,'2025-08-29 13:04:11','2025-10-14 18:55:25'),(870,870,1,0,'2025-08-29 13:54:54','2025-10-14 18:55:25'),(871,871,1,0,'2025-08-29 13:55:23','2025-10-14 18:55:25'),(872,872,1,0,'2025-08-29 13:55:55','2025-10-14 18:55:25'),(873,873,1,0,'2025-08-29 13:56:49','2025-10-14 18:55:25'),(874,874,1,0,'2025-08-29 13:57:19','2025-10-14 18:55:25'),(875,875,1,0,'2025-08-29 13:57:50','2025-10-14 18:55:25'),(876,876,1,0,'2025-08-29 14:00:22','2025-10-14 18:55:25'),(877,877,1,0,'2025-08-29 14:03:36','2025-10-14 18:55:25'),(878,878,1,0,'2025-08-29 14:07:25','2025-10-14 18:55:25'),(879,879,1,0,'2025-08-29 14:08:49','2025-10-14 18:55:25'),(880,880,1,0,'2025-08-29 14:11:03','2025-10-14 18:55:25'),(881,881,1,1150,'2025-09-01 18:25:29','2025-10-14 18:55:25'),(882,882,1,73,'2025-09-01 18:26:07','2025-10-14 18:55:25'),(883,883,1,8.97,'2025-09-01 19:15:17','2025-10-14 18:55:25'),(884,884,1,0,'2025-09-01 19:16:16','2025-10-14 18:55:25'),(885,885,1,8.95,'2025-09-01 19:17:07','2025-10-14 18:55:25'),(886,886,1,0,'2025-09-01 19:17:51','2025-10-14 18:55:25'),(887,887,1,0,'2025-09-01 19:18:39','2025-10-14 18:55:26'),(888,888,1,0,'2025-09-01 19:21:24','2025-10-14 18:55:26'),(889,889,1,0,'2025-09-01 19:22:09','2025-10-14 18:55:26'),(890,890,1,0,'2025-09-01 19:23:23','2025-10-14 18:55:26'),(891,891,1,1,'2025-09-01 19:24:15','2025-10-14 18:55:26'),(892,892,1,0,'2025-09-01 19:24:49','2025-10-14 18:55:26'),(893,893,1,0,'2025-09-01 19:25:53','2025-10-14 18:55:26'),(894,894,1,0,'2025-09-01 19:26:30','2025-10-14 18:55:26'),(895,895,1,37.75,'2025-09-03 08:23:36','2025-10-14 18:55:26'),(896,896,1,21.86,'2025-09-03 08:24:37','2025-10-14 18:55:26'),(897,897,1,36.6,'2025-09-03 08:24:59','2025-10-14 18:55:26'),(898,898,1,0,'2025-09-03 08:25:35','2025-10-14 18:55:26'),(899,899,1,0.729,'2025-09-03 08:26:50','2025-10-14 18:55:26'),(900,900,1,0,'2025-09-03 08:27:18','2025-10-14 18:55:26'),(901,901,1,0,'2025-09-03 08:27:55','2025-10-14 18:55:26'),(902,902,1,0,'2025-09-03 08:41:04','2025-10-14 18:55:26'),(903,903,1,0,'2025-09-03 08:41:43','2025-10-14 18:55:26'),(904,904,1,0,'2025-09-03 08:42:13','2025-10-14 18:55:26'),(905,905,1,0,'2025-09-03 08:42:38','2025-10-14 18:55:26'),(906,906,1,0,'2025-09-03 08:43:12','2025-10-14 18:55:26'),(907,907,1,0,'2025-09-03 08:43:42','2025-10-14 18:55:26'),(908,908,1,0,'2025-09-03 08:52:14','2025-10-14 18:55:26'),(909,909,1,0,'2025-09-03 08:52:54','2025-10-14 18:55:26'),(910,910,1,0,'2025-09-03 08:53:23','2025-10-14 18:55:26'),(911,911,1,0,'2025-09-03 08:53:47','2025-10-14 18:55:26'),(912,912,1,0,'2025-09-03 08:54:12','2025-10-14 18:55:26'),(913,913,1,0,'2025-09-03 08:54:46','2025-10-14 18:55:26'),(914,914,1,0,'2025-09-03 08:55:15','2025-10-14 18:55:26'),(915,915,1,0,'2025-09-03 08:55:53','2025-10-14 18:55:26'),(916,916,1,1,'2025-09-03 09:40:18','2025-10-14 18:55:28'),(917,917,1,1,'2025-09-03 09:41:17','2025-10-14 18:55:28'),(918,918,1,1,'2025-09-03 09:43:00','2025-10-14 18:55:28'),(919,919,1,1,'2025-09-03 09:50:43','2025-10-14 18:55:28'),(920,920,1,1,'2025-09-03 09:51:21','2025-10-14 18:55:28'),(921,921,1,1,'2025-09-03 09:51:57','2025-10-14 18:55:28'),(922,922,1,0,'2025-09-03 09:53:45','2025-10-14 18:55:28'),(923,923,1,1,'2025-09-03 09:55:46','2025-10-14 18:55:28'),(924,924,1,1,'2025-09-03 09:57:10','2025-10-14 18:55:28'),(925,925,1,1,'2025-09-03 09:57:52','2025-10-14 18:55:28'),(926,926,1,1,'2025-09-03 09:58:38','2025-10-14 18:55:28'),(927,927,1,1,'2025-09-03 09:59:07','2025-10-14 18:55:28'),(928,928,1,1,'2025-09-03 09:59:43','2025-10-14 18:55:28'),(929,929,1,1,'2025-09-03 10:00:49','2025-10-14 18:55:28'),(930,930,1,1,'2025-09-03 10:10:55','2025-10-14 18:55:28'),(931,931,1,1,'2025-09-03 10:15:00','2025-10-14 18:55:28'),(932,932,1,1,'2025-09-03 10:15:24','2025-10-14 18:55:28'),(933,933,1,1,'2025-09-03 10:15:47','2025-10-14 18:55:28'),(934,934,1,1,'2025-09-03 10:20:14','2025-10-14 18:55:28'),(935,935,1,1,'2025-09-03 10:20:37','2025-10-14 18:55:28'),(936,936,1,1,'2025-09-03 10:21:30','2025-10-14 18:55:28'),(937,937,1,1,'2025-09-03 10:21:55','2025-10-14 18:55:28'),(938,938,1,1,'2025-09-03 10:25:40','2025-10-14 18:55:28'),(939,939,1,1,'2025-09-03 10:26:46','2025-10-14 18:55:28'),(940,940,1,1,'2025-09-03 10:28:09','2025-10-14 18:55:28'),(941,941,1,1,'2025-09-03 10:28:40','2025-10-14 18:55:28'),(942,942,1,1,'2025-09-03 10:33:13','2025-10-14 18:55:28'),(943,943,1,1,'2025-09-03 10:36:22','2025-10-14 18:55:28'),(944,944,1,1,'2025-09-03 10:36:53','2025-10-14 18:55:28'),(945,945,1,1,'2025-09-03 10:37:18','2025-10-14 18:55:28'),(946,946,1,1,'2025-09-03 10:38:42','2025-10-14 18:55:28'),(947,947,1,1,'2025-09-03 10:39:03','2025-10-14 18:55:28'),(948,948,1,1,'2025-09-03 10:39:24','2025-10-14 18:55:28'),(949,949,1,1,'2025-09-03 10:40:17','2025-10-14 18:55:28'),(950,950,1,1,'2025-09-03 10:40:36','2025-10-14 18:55:28'),(951,951,1,1,'2025-09-03 10:40:58','2025-10-14 18:55:28'),(952,952,1,1,'2025-09-03 10:41:31','2025-10-14 18:55:28'),(953,953,1,1,'2025-09-03 10:42:31','2025-10-14 18:55:28'),(954,954,1,1,'2025-09-03 10:42:50','2025-10-14 18:55:28'),(955,955,1,1,'2025-09-03 10:44:00','2025-10-14 18:55:28'),(956,956,1,1,'2025-09-03 10:44:25','2025-10-14 18:55:28'),(957,957,1,1,'2025-09-03 10:44:48','2025-10-14 18:55:28'),(958,958,1,1,'2025-09-03 10:49:09','2025-10-14 18:55:28'),(959,959,1,1,'2025-09-03 10:49:33','2025-10-14 18:55:28'),(960,960,1,1,'2025-09-03 10:51:15','2025-10-14 18:55:28'),(961,961,1,1,'2025-09-03 10:51:46','2025-10-14 18:55:28'),(962,962,1,3,'2025-09-03 10:53:50','2025-10-14 18:55:28'),(963,963,1,8,'2025-09-03 10:56:03','2025-10-14 18:55:28'),(964,964,1,1,'2025-09-03 10:56:45','2025-10-14 18:55:28'),(965,965,1,1,'2025-09-03 10:57:30','2025-10-14 18:55:28'),(966,966,1,1,'2025-09-03 11:08:55','2025-10-14 18:55:28'),(967,967,1,1,'2025-09-03 11:09:18','2025-10-14 18:55:28'),(968,968,1,1,'2025-09-03 11:09:40','2025-10-14 18:55:28'),(969,969,1,1,'2025-09-03 11:10:03','2025-10-14 18:55:28'),(970,970,1,1,'2025-09-03 11:12:19','2025-10-14 18:55:28'),(971,971,1,1,'2025-09-03 11:12:41','2025-10-14 18:55:28'),(972,972,1,1,'2025-09-03 11:14:51','2025-10-14 18:55:28'),(973,973,1,1,'2025-09-03 11:15:15','2025-10-14 18:55:28'),(974,974,1,1,'2025-09-03 11:15:44','2025-10-14 18:55:28'),(975,975,1,1,'2025-09-03 11:24:19','2025-10-14 18:55:28'),(976,976,1,1,'2025-09-03 11:24:42','2025-10-14 18:55:28'),(977,977,1,1,'2025-09-03 11:25:38','2025-10-14 18:55:28'),(978,978,1,1,'2025-09-03 11:26:16','2025-10-14 18:55:28'),(979,979,1,1,'2025-09-03 11:28:08','2025-10-14 18:55:28'),(980,980,1,1,'2025-09-03 11:28:59','2025-10-14 18:55:28'),(981,981,1,1,'2025-09-03 11:29:40','2025-10-14 18:55:28'),(982,982,1,1,'2025-09-03 11:30:06','2025-10-14 18:55:28'),(983,983,1,1,'2025-09-03 11:31:40','2025-10-14 18:55:28'),(984,984,1,1,'2025-09-03 11:32:16','2025-10-14 18:55:28'),(985,985,1,1,'2025-09-03 11:41:32','2025-10-14 18:55:28'),(986,986,1,1,'2025-09-03 11:41:56','2025-10-14 18:55:28'),(987,987,1,1,'2025-09-03 11:42:59','2025-10-14 18:55:28'),(988,988,1,1,'2025-09-03 11:43:27','2025-10-14 18:55:28'),(989,989,1,1,'2025-09-03 11:44:30','2025-10-14 18:55:28'),(990,990,1,1,'2025-09-03 11:44:51','2025-10-14 18:55:28'),(991,991,1,1,'2025-09-03 11:45:43','2025-10-14 18:55:28'),(992,992,1,1,'2025-09-03 11:46:10','2025-10-14 18:55:28'),(993,993,1,1,'2025-09-03 11:46:52','2025-10-14 18:55:28'),(994,994,1,1,'2025-09-03 11:47:30','2025-10-14 18:55:28'),(995,995,1,1,'2025-09-03 11:48:58','2025-10-14 18:55:28'),(996,996,1,1,'2025-09-03 11:49:21','2025-10-14 18:55:28'),(997,997,1,8,'2025-09-03 12:04:51','2025-10-14 18:55:28'),(998,998,1,1,'2025-09-03 12:05:59','2025-10-14 18:55:28'),(999,999,1,1,'2025-09-03 12:06:44','2025-10-14 18:55:28'),(1000,1000,1,1,'2025-09-03 12:07:16','2025-10-14 18:55:28'),(1001,1001,1,1,'2025-09-03 12:11:57','2025-10-14 18:55:28'),(1002,1002,1,1,'2025-09-03 12:13:06','2025-10-14 18:55:28'),(1003,1003,1,1,'2025-09-03 12:13:32','2025-10-14 18:55:28'),(1004,1004,1,1,'2025-09-03 12:14:53','2025-10-14 18:55:28'),(1005,1005,1,1,'2025-09-03 12:15:20','2025-10-14 18:55:28'),(1006,1006,1,1,'2025-09-03 12:15:45','2025-10-14 18:55:28'),(1007,1007,1,1,'2025-09-03 12:16:46','2025-10-14 18:55:28'),(1008,1008,1,1,'2025-09-03 12:17:10','2025-10-14 18:55:28'),(1009,1009,1,1,'2025-09-03 12:17:40','2025-10-14 18:55:28'),(1010,1010,1,1,'2025-09-03 12:18:53','2025-10-14 18:55:28'),(1011,1011,1,1,'2025-09-03 12:19:17','2025-10-14 18:55:28'),(1012,1012,1,1,'2025-09-03 12:20:42','2025-10-14 18:55:28'),(1013,1013,1,1,'2025-09-03 12:21:04','2025-10-14 18:55:28'),(1014,1014,1,1,'2025-09-03 12:23:20','2025-10-14 18:55:28'),(1015,1015,1,1,'2025-09-03 12:24:00','2025-10-14 18:55:28'),(1016,1016,1,1,'2025-09-03 12:24:20','2025-10-14 18:55:28'),(1017,1017,1,1,'2025-09-03 12:26:20','2025-10-14 18:55:28'),(1018,1018,1,1,'2025-09-03 12:26:44','2025-10-14 18:55:28'),(1019,1019,1,1,'2025-09-03 12:28:19','2025-10-14 18:55:28'),(1020,1020,1,1,'2025-09-03 12:28:56','2025-10-14 18:55:28'),(1021,1021,1,0,'2025-09-03 12:29:31','2025-09-03 12:29:31'),(1022,1022,1,0,'2025-09-03 12:30:43','2025-09-03 12:30:43'),(1023,1023,1,0,'2025-09-03 12:31:23','2025-09-03 12:31:23'),(1024,1024,1,0,'2025-09-03 12:32:59','2025-10-14 18:55:28'),(1025,1025,1,1,'2025-09-03 12:34:40','2025-10-14 18:55:28'),(1026,1026,1,1,'2025-09-03 12:36:16','2025-10-14 18:55:28'),(1027,1027,1,0,'2025-09-03 12:37:56','2025-10-14 18:55:28'),(1028,1028,1,0,'2025-09-03 12:39:39','2025-09-03 12:39:39'),(1029,1029,1,1,'2025-09-03 12:40:23','2025-10-15 08:53:55'),(1030,1030,1,10,'2025-09-05 15:07:41','2025-10-14 18:55:28'),(1031,1031,1,10,'2025-09-06 09:09:53','2025-10-14 18:55:28'),(1032,1032,1,1,'2025-09-06 09:11:26','2025-10-14 18:55:28'),(1033,1033,1,1,'2025-09-06 09:12:04','2025-10-14 18:55:28'),(1034,1034,1,1,'2025-09-06 09:12:28','2025-10-14 18:55:28'),(1035,1035,1,1,'2025-09-06 09:12:52','2025-10-14 18:55:28'),(1036,1036,1,4,'2025-09-06 09:15:01','2025-10-14 18:55:28'),(1037,1037,1,3,'2025-09-06 09:15:34','2025-10-14 18:55:28'),(1038,1038,1,23,'2025-09-06 09:17:13','2025-10-14 18:55:28'),(1039,1039,1,6,'2025-09-06 09:18:04','2025-10-14 18:55:28'),(1040,1040,1,1,'2025-09-06 09:19:58','2025-10-14 18:55:28'),(1041,1041,1,1,'2025-09-06 09:20:25','2025-10-14 18:55:28'),(1042,1042,1,1,'2025-09-06 09:20:56','2025-10-14 18:55:28'),(1043,1043,1,1,'2025-09-06 09:21:33','2025-10-14 18:55:28'),(1044,1044,1,1,'2025-09-06 09:23:49','2025-10-14 18:55:28'),(1045,1045,1,1,'2025-09-06 09:24:14','2025-10-14 18:55:28'),(1046,1046,1,0,'2025-09-06 09:25:21','2025-10-14 18:55:28'),(1047,1047,1,0,'2025-09-06 09:27:49','2025-10-14 18:55:28'),(1048,1048,1,1,'2025-09-06 09:28:46','2025-10-14 18:55:28'),(1049,1049,1,1,'2025-09-06 09:29:15','2025-10-14 18:55:28'),(1050,1050,1,1,'2025-09-06 09:30:02','2025-10-14 18:55:28'),(1051,1051,1,1,'2025-09-06 09:30:36','2025-10-14 18:55:28'),(1052,1052,1,1,'2025-09-06 09:31:07','2025-10-14 18:55:28'),(1053,1053,1,1,'2025-09-06 09:33:00','2025-10-14 18:55:28'),(1054,1054,1,1,'2025-09-06 09:40:51','2025-10-14 18:55:28'),(1055,1055,1,1,'2025-09-06 09:41:16','2025-10-14 18:55:28'),(1056,1056,1,0,'2025-09-06 12:14:38','2025-10-14 18:55:25'),(1057,1057,1,0,'2025-09-06 12:15:07','2025-10-14 18:55:25'),(1058,1058,1,0,'2025-09-06 12:15:31','2025-10-14 18:55:25'),(1059,1059,1,0,'2025-09-06 12:18:02','2025-10-14 18:55:25'),(1060,1060,1,16.72,'2025-09-06 12:19:04','2025-10-14 18:55:25'),(1061,1061,1,6,'2025-09-06 12:19:48','2025-10-14 18:55:25'),(1062,1062,1,0,'2025-09-06 12:20:16','2025-10-14 18:55:25'),(1063,1063,1,3,'2025-09-06 12:20:48','2025-10-14 18:55:25'),(1064,1064,1,17,'2025-09-06 12:21:23','2025-10-14 18:55:25'),(1065,1065,1,8,'2025-09-06 12:21:56','2025-10-14 18:55:25'),(1066,1066,1,10,'2025-09-06 12:28:50','2025-10-14 18:55:25'),(1067,1067,1,9,'2025-09-06 12:29:29','2025-10-14 18:55:25'),(1068,1068,1,23,'2025-09-06 12:30:01','2025-10-14 18:55:25'),(1069,1069,1,2,'2025-09-06 12:30:37','2025-10-14 18:55:25'),(1070,1070,1,13.16,'2025-09-06 12:31:30','2025-10-14 18:55:25'),(1071,1071,1,12,'2025-09-06 12:31:53','2025-10-14 18:55:25'),(1072,1072,1,13,'2025-09-06 12:32:18','2025-10-14 18:55:25'),(1073,1073,1,11.49,'2025-09-06 12:32:44','2025-10-14 18:55:25'),(1074,1074,1,3,'2025-09-06 12:33:14','2025-10-14 18:55:25'),(1075,1075,1,7,'2025-09-06 12:33:43','2025-10-14 18:55:25'),(1076,1076,1,12.4,'2025-09-06 12:34:06','2025-10-14 18:55:25'),(1077,1077,1,0,'2025-09-06 12:34:45','2025-10-14 18:55:25'),(1078,1078,1,6,'2025-09-06 12:35:09','2025-10-14 18:55:25'),(1079,1079,1,0,'2025-09-06 12:35:38','2025-10-14 18:55:25'),(1080,1080,1,4.2,'2025-09-06 12:36:07','2025-10-14 18:55:25'),(1081,1081,1,8,'2025-09-06 12:36:41','2025-10-14 18:55:25'),(1082,1082,1,7,'2025-09-06 12:37:06','2025-10-14 18:55:25'),(1083,1083,1,16,'2025-09-06 13:05:06','2025-10-14 18:55:25'),(1084,1084,1,3,'2025-09-06 13:05:36','2025-10-14 18:55:25'),(1085,1085,1,3,'2025-09-06 13:06:14','2025-10-14 18:55:25'),(1086,1086,1,7,'2025-09-11 15:01:32','2025-10-14 18:55:25'),(1087,1087,1,5,'2025-09-11 15:02:07','2025-10-14 18:55:25'),(1088,1088,1,8,'2025-09-11 15:02:33','2025-10-14 18:55:25'),(1089,1089,1,0.05,'2025-09-11 15:03:05','2025-10-14 18:55:25'),(1090,1090,1,11,'2025-09-11 15:07:16','2025-10-14 18:55:25'),(1091,1091,1,4,'2025-09-11 15:07:40','2025-10-14 18:55:25'),(1092,1092,1,0,'2025-09-11 15:08:11','2025-10-14 18:55:25'),(1093,1093,1,3.8,'2025-09-11 15:08:36','2025-10-14 18:55:25'),(1094,1094,1,1.5,'2025-09-11 15:09:05','2025-10-14 18:55:25'),(1095,1095,1,10,'2025-09-11 15:09:55','2025-10-14 18:55:25'),(1096,1096,1,11,'2025-09-11 15:10:24','2025-10-14 18:55:25'),(1097,1097,1,1,'2025-09-11 15:11:22','2025-10-14 18:55:25'),(1098,1098,1,11.5,'2025-09-11 15:11:48','2025-10-14 18:55:25'),(1099,1099,1,2,'2025-09-11 15:12:56','2025-10-14 18:55:25'),(1100,1100,1,0,'2025-09-11 15:13:26','2025-10-14 18:55:25'),(1101,1101,1,16,'2025-09-11 15:13:57','2025-10-14 18:55:25'),(1102,1102,1,0,'2025-09-11 15:14:28','2025-10-14 18:55:25'),(1103,1103,1,11.5,'2025-09-11 15:14:53','2025-10-14 18:55:25'),(1104,1104,1,2.5,'2025-09-11 15:15:23','2025-10-14 18:55:25'),(1105,1105,1,10,'2025-09-11 15:15:56','2025-10-14 18:55:25'),(1106,1106,1,0,'2025-09-11 15:17:47','2025-10-14 18:55:25'),(1107,1107,1,0,'2025-09-11 15:18:20','2025-10-14 18:55:25'),(1108,1108,1,4,'2025-09-11 15:18:45','2025-10-14 18:55:25'),(1109,1109,1,0,'2025-09-11 15:19:12','2025-09-11 15:19:12'),(1110,1110,1,0,'2025-09-11 15:36:00','2025-10-14 18:55:25'),(1111,1111,1,0,'2025-09-11 15:36:31','2025-10-14 18:55:25'),(1112,1112,1,0,'2025-09-11 15:37:05','2025-10-14 18:55:25'),(1113,1113,1,3,'2025-09-11 15:37:35','2025-10-14 18:55:25'),(1114,1114,1,0,'2025-09-11 15:38:22','2025-10-14 18:55:25'),(1115,1115,1,3,'2025-09-11 15:39:06','2025-10-14 18:55:25'),(1116,1116,1,11,'2025-09-11 15:39:42','2025-10-14 18:55:25'),(1117,1117,1,0,'2025-09-11 15:40:25','2025-10-14 18:55:25'),(1118,1118,1,0,'2025-09-11 15:40:54','2025-10-14 18:55:25'),(1119,1119,1,0,'2025-09-11 15:41:17','2025-10-14 18:55:25'),(1120,1120,1,1.5,'2025-09-11 15:41:43','2025-10-14 18:55:25'),(1121,1121,1,0,'2025-09-11 15:42:11','2025-10-14 18:55:25'),(1122,1122,1,0,'2025-09-11 15:42:29','2025-10-14 18:55:25'),(1123,1123,1,0,'2025-09-11 15:43:00','2025-10-14 18:55:25'),(1124,1124,1,0,'2025-09-12 18:44:51','2025-10-14 18:55:25'),(1125,1125,1,0,'2025-09-12 18:45:22','2025-10-14 18:55:25'),(1126,1126,1,0,'2025-09-12 18:45:47','2025-10-14 18:55:25'),(1127,1127,1,0,'2025-09-12 18:46:15','2025-10-14 18:55:25'),(1128,1128,1,0,'2025-09-12 18:46:45','2025-10-14 18:55:25'),(1129,1129,1,0,'2025-09-12 18:47:13','2025-10-14 18:55:25'),(1130,1130,1,0,'2025-09-12 18:47:45','2025-10-14 18:55:25'),(1131,1131,1,0,'2025-09-12 18:48:24','2025-10-14 18:55:25'),(1132,1132,1,0,'2025-09-12 18:49:48','2025-10-14 18:55:25'),(1133,1133,1,0,'2025-09-12 18:53:17','2025-10-14 18:55:25'),(1134,1134,1,0,'2025-09-12 18:53:56','2025-10-14 18:55:25'),(1135,1135,1,0,'2025-09-12 18:54:26','2025-10-14 18:55:25'),(1136,1136,1,0,'2025-09-12 18:55:11','2025-10-14 18:55:25'),(1137,1137,1,0,'2025-09-12 18:55:50','2025-10-14 18:55:25'),(1138,1138,1,5,'2025-09-12 19:03:08','2025-10-14 18:55:25'),(1139,1139,1,0,'2025-09-12 19:03:33','2025-10-14 18:55:25'),(1140,1140,1,16,'2025-09-12 19:05:03','2025-10-14 18:55:25'),(1141,1141,1,0,'2025-09-12 19:05:59','2025-10-14 18:55:25'),(1142,1142,1,0,'2025-09-12 19:06:40','2025-10-14 18:55:25'),(1143,1143,1,0,'2025-09-12 19:07:11','2025-10-14 18:55:25'),(1144,1144,1,0,'2025-09-12 19:07:58','2025-10-14 18:55:25'),(1145,1145,1,0,'2025-09-12 19:08:38','2025-10-14 18:55:25'),(1146,1146,1,0,'2025-09-12 19:09:10','2025-10-14 18:55:25'),(1147,1147,1,0,'2025-09-12 19:09:35','2025-10-14 18:55:25'),(1148,1148,1,0,'2025-09-12 19:10:05','2025-10-14 18:55:25'),(1149,1149,1,0,'2025-09-12 19:10:35','2025-10-14 18:55:25'),(1150,1150,1,0,'2025-09-12 19:11:06','2025-10-14 18:55:25'),(1151,1151,1,0,'2025-09-12 19:11:34','2025-10-14 18:55:25'),(1152,1152,1,0,'2025-09-12 19:12:10','2025-10-14 18:55:25'),(1153,1153,1,0,'2025-09-12 19:12:39','2025-10-14 18:55:25'),(1154,1154,1,0,'2025-09-12 19:13:15','2025-10-14 18:55:25'),(1155,1155,1,0,'2025-09-12 19:19:41','2025-10-14 18:55:25'),(1156,1156,1,0,'2025-09-12 19:20:21','2025-10-14 18:55:25'),(1157,1157,1,0,'2025-09-12 19:20:50','2025-10-14 18:55:25'),(1158,1158,1,0,'2025-09-12 19:21:25','2025-10-14 18:55:25'),(1159,1159,1,0,'2025-09-12 19:22:16','2025-10-14 18:55:25'),(1160,1160,1,0,'2025-09-12 19:22:42','2025-10-14 18:55:25'),(1161,1161,1,0,'2025-09-12 19:23:04','2025-10-14 18:55:25'),(1162,1162,1,0,'2025-09-12 19:23:33','2025-10-14 18:55:25'),(1163,1163,1,0,'2025-09-12 19:23:59','2025-10-14 18:55:25'),(1164,1164,1,0,'2025-09-12 19:24:21','2025-10-14 18:55:25'),(1165,1165,1,0,'2025-09-12 19:24:44','2025-10-14 18:55:25'),(1166,1166,1,6,'2025-09-12 19:25:23','2025-10-14 18:55:25'),(1167,1167,1,6,'2025-09-12 19:28:43','2025-10-14 18:55:25'),(1168,1168,1,0,'2025-09-12 19:29:27','2025-10-14 18:55:25'),(1169,1169,1,0,'2025-09-12 19:32:21','2025-10-14 18:55:25'),(1170,1170,1,0,'2025-09-12 19:32:50','2025-10-14 18:55:25'),(1171,1171,1,0,'2025-09-12 19:33:21','2025-10-14 18:55:25'),(1172,1172,1,0,'2025-09-12 19:34:28','2025-10-14 18:55:25'),(1173,1173,1,0,'2025-09-12 19:35:26','2025-10-14 18:55:25'),(1174,1174,1,0,'2025-09-12 19:35:54','2025-10-14 18:55:25'),(1175,1175,1,0,'2025-09-12 19:36:32','2025-10-14 18:55:25'),(1176,1176,1,0,'2025-09-12 19:37:19','2025-10-14 18:55:25'),(1177,1177,1,0,'2025-09-12 19:37:54','2025-10-14 18:55:25'),(1178,1178,1,0,'2025-09-12 19:38:26','2025-10-14 18:55:25'),(1179,1179,1,0,'2025-09-12 19:38:52','2025-10-14 18:55:25'),(1180,1180,1,0,'2025-09-12 19:39:37','2025-10-14 18:55:25'),(1181,1181,1,0,'2025-09-12 19:40:13','2025-10-14 18:55:25'),(1182,1182,1,0,'2025-09-12 19:53:00','2025-10-14 18:55:25'),(1183,1183,1,0,'2025-09-12 19:53:38','2025-10-14 18:55:25'),(1184,1184,1,0,'2025-09-12 19:54:21','2025-10-14 18:55:25'),(1185,1185,1,0,'2025-09-12 19:54:53','2025-10-14 18:55:25'),(1186,1186,1,0,'2025-09-12 19:55:20','2025-10-14 18:55:25'),(1187,1187,1,0,'2025-09-12 19:55:59','2025-10-14 18:55:25'),(1188,1188,1,0,'2025-09-12 19:56:45','2025-10-14 18:55:25'),(1189,1189,1,0,'2025-09-12 19:57:13','2025-10-14 18:55:25'),(1190,1190,1,0,'2025-09-12 19:57:45','2025-10-14 18:55:25'),(1191,1191,1,0,'2025-09-12 19:58:16','2025-10-14 18:55:25'),(1192,1192,1,0,'2025-09-12 19:58:46','2025-10-14 18:55:25'),(1193,1193,1,0,'2025-09-12 19:59:16','2025-10-14 18:55:25'),(1194,1194,1,0,'2025-09-12 19:59:48','2025-10-14 18:55:25'),(1195,1195,1,0,'2025-09-12 20:03:43','2025-10-14 18:55:25'),(1196,1196,1,0,'2025-09-12 20:04:07','2025-10-14 18:55:25'),(1197,1197,1,0,'2025-09-12 20:04:32','2025-10-14 18:55:25'),(1198,1198,1,0,'2025-09-12 20:04:56','2025-10-14 18:55:25'),(1199,1199,1,0,'2025-09-12 20:05:22','2025-10-14 18:55:25'),(1200,1200,1,15,'2025-09-12 20:05:57','2025-10-14 18:55:25'),(1201,1201,1,0,'2025-09-12 20:06:28','2025-10-14 18:55:25'),(1202,1202,1,0,'2025-09-12 20:07:31','2025-10-14 18:55:25'),(1203,1203,1,10,'2025-09-12 20:08:21','2025-10-14 18:55:25'),(1204,1204,1,9,'2025-09-12 20:09:06','2025-10-14 18:55:25'),(1205,1205,1,0,'2025-09-12 20:11:35','2025-10-14 18:55:25'),(1206,1206,1,0,'2025-09-12 20:12:11','2025-10-14 18:55:25'),(1207,1207,1,0,'2025-09-12 20:20:49','2025-09-12 20:20:49'),(1208,1208,1,2.5,'2025-09-29 12:05:37','2025-10-14 18:55:24'),(1209,1209,1,0,'2025-10-07 15:28:46','2025-10-07 15:28:46'),(1210,1210,1,0,'2025-10-07 15:37:15','2025-10-14 18:55:25'),(1211,1211,1,0,'2025-10-07 15:38:19','2025-10-14 18:55:25'),(1212,1212,1,4,'2025-10-07 15:39:57','2025-10-14 18:55:25'),(1213,1213,1,0,'2025-10-07 15:42:20','2025-10-14 18:55:25'),(1214,1214,1,3,'2025-10-07 15:42:53','2025-10-14 18:55:25'),(1215,1215,1,0,'2025-10-07 15:44:00','2025-10-14 18:55:25'),(1216,1216,1,0,'2025-10-07 15:44:50','2025-10-14 18:55:25'),(1217,1217,1,0,'2025-10-07 15:45:26','2025-10-14 18:55:25'),(1218,1218,1,0,'2025-10-07 15:46:22','2025-10-14 18:55:25'),(1219,1219,1,0,'2025-10-07 15:47:00','2025-10-14 18:55:25'),(1220,1220,1,0,'2025-10-07 15:47:22','2025-10-14 18:55:25'),(1221,1221,1,0,'2025-10-07 15:48:05','2025-10-14 18:55:25'),(1222,1222,1,6,'2025-10-07 15:48:52','2025-10-14 18:55:25'),(1223,1223,1,0,'2025-10-07 15:50:11','2025-10-14 18:55:25'),(1224,1224,1,0,'2025-10-07 15:50:41','2025-10-14 18:55:25'),(1225,1225,1,3,'2025-10-07 15:51:21','2025-10-14 18:55:25'),(1226,1226,1,0,'2025-10-07 15:52:23','2025-10-14 18:55:25'),(1227,1227,1,0,'2025-10-07 15:53:06','2025-10-14 18:55:25'),(1228,1228,1,0,'2025-10-07 15:57:50','2025-10-14 18:55:25'),(1229,1229,1,0,'2025-10-07 15:59:01','2025-10-14 18:55:25'),(1230,1230,1,0,'2025-10-07 15:59:25','2025-10-14 18:55:25'),(1231,1231,1,0,'2025-10-07 16:00:29','2025-10-14 18:55:25'),(1232,1232,1,0,'2025-10-07 16:01:50','2025-10-14 18:55:25'),(1233,1233,1,0,'2025-10-07 16:02:29','2025-10-14 18:55:25'),(1234,1234,1,0,'2025-10-07 16:03:16','2025-10-14 18:55:25'),(1235,1235,1,0,'2025-10-07 16:08:42','2025-10-14 18:55:25'),(1236,1236,1,0,'2025-10-07 16:09:24','2025-10-14 18:55:25'),(1237,1237,1,0,'2025-10-07 16:10:12','2025-10-14 18:55:25'),(1238,1238,1,0,'2025-10-07 16:11:22','2025-10-14 18:55:25'),(1239,1239,1,0,'2025-10-07 16:11:42','2025-10-14 18:55:25'),(1240,1240,1,0,'2025-10-07 16:13:21','2025-10-14 18:55:25'),(1241,1241,1,0,'2025-10-07 16:13:53','2025-10-14 18:55:25'),(1242,1242,1,0,'2025-10-07 16:14:33','2025-10-14 18:55:25'),(1243,1243,1,0,'2025-10-07 16:15:36','2025-10-14 18:55:25'),(1244,1244,1,0,'2025-10-07 16:17:54','2025-10-14 18:55:25'),(1245,1245,1,0,'2025-10-07 16:19:41','2025-10-14 18:55:25'),(1246,1246,1,0,'2025-10-07 16:20:32','2025-10-14 18:55:25'),(1247,1247,1,0,'2025-10-07 16:21:52','2025-10-14 18:55:25'),(1248,1248,1,0,'2025-10-07 16:23:36','2025-10-14 18:55:25'),(1249,1249,1,1050,'2025-10-07 18:10:29','2025-10-14 18:55:26'),(1250,1250,1,450,'2025-10-07 18:11:08','2025-10-14 18:55:26'),(1251,1251,1,0,'2025-10-09 17:44:29','2025-10-14 18:55:26'),(1252,1252,1,3,'2025-10-09 17:45:07','2025-10-14 18:55:26'),(1253,1253,1,111,'2025-10-10 08:44:52','2025-10-14 18:55:27'),(1254,1254,1,1,'2025-10-10 08:45:30','2025-10-14 18:55:27'),(1255,1255,1,4,'2025-10-10 08:46:00','2025-10-14 18:55:27'),(1256,1256,1,0,'2025-10-10 08:46:48','2025-10-14 18:55:27'),(1257,1257,1,18,'2025-10-10 08:47:27','2025-10-14 18:55:27'),(1258,1258,1,0,'2025-10-10 08:48:03','2025-10-14 18:55:27'),(1259,1259,1,0,'2025-10-10 08:48:41','2025-10-14 18:55:27'),(1260,1260,1,0,'2025-10-10 08:49:22','2025-10-14 18:55:27'),(1261,1261,1,0,'2025-10-10 08:50:03','2025-10-14 18:55:27'),(1262,1262,1,0,'2025-10-10 08:50:43','2025-10-14 18:55:27'),(1263,1263,1,30,'2025-10-10 09:03:50','2025-10-14 18:55:27'),(1264,1264,1,10,'2025-10-10 09:04:32','2025-10-14 18:55:27'),(1265,1265,1,0,'2025-10-10 09:05:07','2025-10-14 18:55:27'),(1266,1266,1,5,'2025-10-10 09:05:39','2025-10-14 18:55:27'),(1267,1267,1,0,'2025-10-10 09:09:35','2025-10-14 18:55:27'),(1268,1268,1,0,'2025-10-10 09:10:25','2025-10-14 18:55:27'),(1269,1269,1,21,'2025-10-10 09:11:12','2025-10-14 18:55:27'),(1270,1270,1,0,'2025-10-10 09:11:49','2025-10-14 18:55:27'),(1271,1271,1,0,'2025-10-10 09:12:46','2025-10-14 18:55:27'),(1272,1272,1,2,'2025-10-10 09:13:26','2025-10-14 18:55:27'),(1273,1273,1,5,'2025-10-10 09:14:10','2025-10-14 18:55:27'),(1274,1274,1,2,'2025-10-10 09:38:43','2025-10-14 18:55:27'),(1275,1275,1,11,'2025-10-10 09:40:13','2025-10-14 18:55:27'),(1276,1276,1,0,'2025-10-10 09:41:38','2025-10-14 18:55:27'),(1277,1277,1,2,'2025-10-10 09:42:18','2025-10-14 18:55:27'),(1278,1278,1,18,'2025-10-10 09:42:57','2025-10-14 18:55:27'),(1279,1279,1,0,'2025-10-10 09:43:42','2025-10-14 18:55:27'),(1280,1280,1,0,'2025-10-10 09:44:19','2025-10-14 18:55:27'),(1281,1281,1,6,'2025-10-10 10:11:53','2025-10-14 18:55:27'),(1282,1282,1,0,'2025-10-10 10:12:51','2025-10-14 18:55:27'),(1283,1283,1,0,'2025-10-10 10:13:40','2025-10-14 18:55:27'),(1284,1284,1,24,'2025-10-10 10:19:54','2025-10-14 18:55:27'),(1285,1285,1,16,'2025-10-10 10:20:29','2025-10-14 18:55:27'),(1286,1286,1,13,'2025-10-10 10:21:03','2025-10-14 18:55:27'),(1287,1287,1,5,'2025-10-10 10:21:35','2025-10-14 18:55:27'),(1288,1288,1,4,'2025-10-10 10:22:11','2025-10-14 18:55:27'),(1289,1289,1,1,'2025-10-10 10:23:00','2025-10-14 18:55:27'),(1290,1290,1,0,'2025-10-10 10:24:39','2025-10-14 18:55:27'),(1291,1291,1,0,'2025-10-10 10:27:27','2025-10-14 18:55:27'),(1292,1292,1,0,'2025-10-10 10:28:36','2025-10-14 18:55:27'),(1293,1293,1,0,'2025-10-10 10:30:14','2025-10-14 18:55:27'),(1294,1294,1,28,'2025-10-10 10:30:47','2025-10-14 18:55:27'),(1295,1295,1,8,'2025-10-10 10:31:15','2025-10-14 18:55:27'),(1296,1296,1,5,'2025-10-10 10:31:52','2025-10-14 18:55:27'),(1297,1297,1,5,'2025-10-10 10:36:13','2025-10-14 18:55:27'),(1298,1298,1,4,'2025-10-10 10:38:15','2025-10-14 18:55:27'),(1299,1299,1,5,'2025-10-10 10:40:42','2025-10-14 18:55:27'),(1300,1300,1,1,'2025-10-10 10:42:01','2025-10-14 18:55:27'),(1301,1301,1,0,'2025-10-10 11:05:12','2025-10-10 11:05:12'),(1302,1302,1,0,'2025-10-10 12:52:09','2025-10-14 18:55:27'),(1303,1303,1,0,'2025-10-10 12:52:41','2025-10-14 18:55:27'),(1304,1304,1,0,'2025-10-10 12:53:07','2025-10-14 18:55:27'),(1305,1305,1,0,'2025-10-10 12:53:33','2025-10-14 18:55:27'),(1306,1306,1,0,'2025-10-10 12:54:12','2025-10-14 18:55:27'),(1307,1307,1,0,'2025-10-10 12:54:39','2025-10-14 18:55:27'),(1308,1308,1,0,'2025-10-10 13:01:40','2025-10-14 18:55:27'),(1309,1309,1,0,'2025-10-10 13:02:02','2025-10-14 18:55:27'),(1310,1310,1,0,'2025-10-10 13:02:51','2025-10-14 18:55:27'),(1311,1311,1,0,'2025-10-10 13:03:19','2025-10-14 18:55:27'),(1312,1312,1,0,'2025-10-10 13:03:44','2025-10-14 18:55:27'),(1313,1313,1,0,'2025-10-10 13:04:06','2025-10-14 18:55:27'),(1314,1314,1,8300,'2025-10-10 13:05:42','2025-10-14 18:55:27'),(1315,1315,1,500,'2025-10-13 18:12:07','2025-10-14 18:55:28'),(1316,1316,1,0,'2025-10-13 18:15:04','2025-10-14 18:55:28'),(1317,1317,1,10,'2025-10-13 18:19:33','2025-10-14 18:55:28'),(1318,1318,1,345,'2025-10-14 08:44:32','2025-10-14 18:55:28'),(1319,1319,1,10,'2025-10-14 09:38:19','2025-10-14 18:55:28'),(1320,1320,1,500,'2025-10-14 10:15:43','2025-10-14 18:55:28'),(1321,1321,1,950,'2025-10-14 10:16:27','2025-10-14 18:55:28'),(1322,1322,1,500,'2025-10-14 10:17:48','2025-10-14 18:55:28'),(1323,1323,1,300,'2025-10-14 10:18:56','2025-10-14 18:55:28'),(1324,1324,1,300,'2025-10-14 10:20:00','2025-10-14 18:55:28'),(1325,1325,1,0,'2025-10-14 10:22:46','2025-10-14 18:55:28'),(1326,1326,1,0,'2025-10-14 10:23:10','2025-10-14 18:55:28'),(1327,1327,1,1,'2025-10-14 10:24:30','2025-10-14 18:55:28'),(1328,1328,1,0,'2025-10-14 10:24:55','2025-10-14 18:55:28'),(1329,1329,1,0,'2025-10-14 10:25:24','2025-10-14 18:55:28'),(1330,1330,1,2,'2025-10-14 10:28:16','2025-10-14 18:55:28'),(1331,1331,1,0,'2025-10-14 11:34:38','2025-10-14 18:55:28'),(1332,1332,1,0,'2025-10-14 11:35:21','2025-10-14 18:55:28'),(1333,1333,1,0,'2025-10-14 11:35:40','2025-10-14 18:55:28'),(1334,1334,1,0,'2025-10-14 11:36:01','2025-10-14 18:55:28'),(1335,1335,1,0,'2025-10-14 11:36:24','2025-10-14 18:55:28'),(1336,1336,1,0,'2025-10-14 11:37:16','2025-10-14 18:55:28'),(1337,1337,1,0,'2025-10-14 11:37:45','2025-10-14 18:55:28'),(1338,1338,1,0,'2025-10-14 11:39:33','2025-10-14 18:55:28'),(1339,1339,1,0,'2025-10-14 11:40:14','2025-10-14 18:55:28'),(1340,1340,1,0,'2025-10-14 11:40:35','2025-10-14 18:55:28'),(1341,1341,1,0,'2025-10-14 11:40:59','2025-10-14 18:55:28'),(1342,1342,1,0,'2025-10-14 11:41:23','2025-10-14 18:55:28'),(1343,1343,1,0,'2025-10-14 11:41:50','2025-10-14 18:55:28'),(1344,1344,1,0,'2025-10-14 11:42:15','2025-10-14 18:55:28'),(1345,1345,1,0,'2025-10-14 11:44:39','2025-10-14 18:55:28'),(1346,1346,1,0,'2025-10-14 11:46:05','2025-10-14 18:55:28'),(1347,1347,1,0,'2025-10-14 11:46:26','2025-10-14 18:55:28'),(1348,1348,1,0,'2025-10-14 11:46:48','2025-10-14 18:55:28'),(1349,1349,1,0,'2025-10-14 11:47:07','2025-10-14 18:55:28'),(1350,1350,1,0,'2025-10-14 11:47:26','2025-10-14 18:55:28'),(1351,1351,1,0,'2025-10-14 11:47:46','2025-10-14 18:55:28'),(1352,1352,1,0,'2025-10-14 11:48:07','2025-10-14 18:55:28'),(1353,1353,1,0,'2025-10-22 11:26:28','2025-10-22 11:26:28'),(1354,1354,1,0,'2025-10-22 15:25:46','2025-10-22 15:25:46'),(1355,1355,1,0,'2025-10-22 18:03:30','2025-10-22 18:03:30'),(1356,1356,1,0,'2025-10-22 19:42:10','2025-10-22 19:42:10'),(1357,1357,1,0,'2025-10-27 15:15:47','2025-10-27 15:15:47'),(1358,1358,1,0,'2025-10-27 15:16:34','2025-10-27 15:16:34'),(1359,1359,1,0,'2025-10-27 15:18:03','2025-10-27 15:18:03'),(1360,1360,1,0,'2025-10-27 15:18:51','2025-10-27 15:18:51'),(1361,1361,1,0,'2025-10-27 15:19:33','2025-10-27 15:19:33'),(1362,1362,1,0,'2025-11-07 20:26:10','2025-11-07 20:26:10'),(1363,1363,1,0,'2025-11-07 20:26:47','2025-11-07 20:26:47'),(1364,1364,1,0,'2025-11-18 10:06:08','2025-11-18 10:06:08'),(1365,1365,1,0,'2025-11-18 10:07:06','2025-11-18 10:07:06'),(1366,1366,1,0,'2025-11-18 10:08:08','2025-11-18 10:08:08'),(1367,1367,1,0,'2025-11-18 10:10:25','2025-11-18 10:10:25'),(1368,1368,1,0,'2025-11-18 11:40:26','2025-11-18 11:40:26'),(1369,1369,1,0,'2025-11-18 11:46:51','2025-11-18 11:46:51'),(1370,1370,1,0,'2025-11-18 11:50:09','2025-11-18 11:50:09'),(1371,1371,1,0,'2025-11-18 11:50:37','2025-11-18 11:50:37'),(1372,1372,1,0,'2025-11-18 11:51:13','2025-11-18 11:51:13'),(1373,1373,1,0,'2025-11-18 11:51:48','2025-11-18 11:51:48'),(1374,1374,1,0,'2025-11-18 11:52:24','2025-11-18 11:52:24'),(1375,1375,1,0,'2025-11-18 11:53:10','2025-11-18 11:53:10'),(1376,1376,1,0,'2025-11-18 12:33:11','2025-11-18 12:33:11'),(1377,1377,1,0,'2025-11-18 12:33:43','2025-11-18 12:33:43'),(1378,1378,1,0,'2025-11-18 12:34:07','2025-11-18 12:34:07'),(1379,1379,1,0,'2025-11-18 12:34:32','2025-11-18 12:34:32'),(1380,1380,1,0,'2025-11-18 12:35:04','2025-11-18 12:35:04'),(1381,1381,1,0,'2025-11-18 12:35:27','2025-11-18 12:35:27'),(1382,1382,1,0,'2025-11-18 12:35:48','2025-11-18 12:35:48'),(1383,1383,1,0,'2025-11-18 12:36:09','2025-11-18 12:36:09'),(1384,1384,1,0,'2025-11-18 12:36:34','2025-11-18 12:36:34'),(1385,1385,1,0,'2025-11-18 12:36:59','2025-11-18 12:36:59'),(1386,1386,1,0,'2025-11-18 14:36:12','2025-11-18 14:36:12'),(1387,1387,1,0,'2025-11-18 14:36:50','2025-11-18 14:36:50'),(1388,1388,1,0,'2025-11-18 14:37:21','2025-11-18 14:37:21'),(1389,1389,1,0,'2025-11-18 14:37:53','2025-11-18 14:37:53'),(1390,1390,1,0,'2025-11-18 14:38:19','2025-11-18 14:38:19'),(1391,1391,1,0,'2025-11-18 14:38:46','2025-11-18 14:38:46'),(1392,1392,1,0,'2025-11-18 14:39:23','2025-11-18 14:39:23'),(1393,1393,1,0,'2025-11-18 14:39:42','2025-11-18 14:39:42'),(1394,1394,1,0,'2025-11-18 14:40:07','2025-11-18 14:40:07'),(1395,1395,1,0,'2025-11-18 14:40:43','2025-11-18 14:40:43'),(1396,1396,1,0,'2025-11-18 14:41:30','2025-11-18 14:41:30'),(1397,1397,1,0,'2025-11-18 14:41:58','2025-11-18 14:41:58'),(1398,1398,1,0,'2025-11-18 14:42:26','2025-11-18 14:42:26'),(1399,1399,1,0,'2025-11-18 14:43:04','2025-11-18 14:43:04'),(1400,1400,1,0,'2025-11-18 14:43:33','2025-11-18 14:43:33'),(1401,1401,1,0,'2025-11-18 14:44:07','2025-11-18 14:44:07'),(1402,1402,1,0,'2025-11-18 14:44:52','2025-11-18 14:44:52'),(1403,1403,1,0,'2025-11-18 14:45:19','2025-11-18 14:45:19'),(1404,1404,1,0,'2025-11-18 14:45:51','2025-11-18 14:45:51'),(1405,1405,1,0,'2025-11-18 14:46:14','2025-11-18 14:46:14'),(1406,1406,1,0,'2025-11-18 15:02:50','2025-11-18 15:02:50'),(1407,1407,1,0,'2025-11-18 15:03:34','2025-11-18 15:03:34'),(1408,1408,1,0,'2025-11-18 15:09:33','2025-11-18 15:09:33'),(1409,1409,1,0,'2025-11-18 15:10:02','2025-11-18 15:10:02'),(1410,1410,1,0,'2025-11-18 15:11:44','2025-11-18 15:11:44'),(1411,1411,1,0,'2025-11-18 15:12:12','2025-11-18 15:12:12'),(1412,1412,1,0,'2025-11-18 15:12:33','2025-11-18 15:12:33'),(1413,1413,1,0,'2025-11-18 15:14:10','2025-11-18 15:14:10'),(1414,1414,1,0,'2025-11-18 15:14:33','2025-11-18 15:14:33'),(1415,1415,1,0,'2025-11-18 15:14:58','2025-11-18 15:14:58'),(1416,1416,1,0,'2025-11-18 15:15:49','2025-11-18 15:15:49'),(1417,1417,1,0,'2025-11-18 15:21:08','2025-11-18 15:21:08'),(1418,1418,1,0,'2025-11-18 15:22:31','2025-11-18 15:22:31'),(1419,1419,1,0,'2025-11-18 15:22:54','2025-11-18 15:22:54'),(1420,1420,1,0,'2025-11-18 15:23:22','2025-11-18 15:23:22'),(1421,1421,1,0,'2025-11-18 15:23:54','2025-11-18 15:23:54'),(1422,1422,1,0,'2025-11-18 15:24:19','2025-11-18 15:24:19'),(1423,1423,1,0,'2025-11-18 15:25:26','2025-11-18 15:25:26'),(1424,1424,1,0,'2025-11-18 15:25:44','2025-11-18 15:25:44'),(1425,1425,1,0,'2025-11-18 15:28:01','2025-11-18 15:28:01'),(1426,1426,1,0,'2025-11-18 15:28:21','2025-11-18 15:28:21'),(1427,1427,1,0,'2025-11-18 15:28:52','2025-11-18 15:28:52'),(1428,1428,1,0,'2025-11-18 15:29:28','2025-11-18 15:29:28'),(1429,1429,1,0,'2025-11-18 15:29:49','2025-11-18 15:29:49'),(1430,1430,1,0,'2025-11-18 15:30:09','2025-11-18 15:30:09'),(1431,1431,1,0,'2025-11-18 15:30:35','2025-11-18 15:30:35'),(1432,1432,1,0,'2025-11-18 15:30:53','2025-11-18 15:30:53'),(1433,1433,1,0,'2025-11-18 15:31:12','2025-11-18 15:31:12'),(1434,1434,1,0,'2025-11-18 15:31:32','2025-11-18 15:31:32'),(1435,1435,1,0,'2025-11-27 11:52:43','2025-11-27 11:52:43'),(1436,1436,1,0,'2025-11-27 11:53:21','2025-11-27 11:53:21'),(1437,1437,1,0,'2025-11-27 11:53:55','2025-11-27 11:53:55'),(1438,1438,1,0,'2025-12-01 11:20:47','2025-12-01 11:20:47'),(1439,1439,1,0,'2025-12-02 08:21:15','2025-12-02 08:21:15'),(1440,1440,1,0,'2025-12-03 16:06:32','2025-12-03 16:06:32'),(1441,1441,1,0,'2025-12-12 16:32:40','2025-12-12 16:32:40'),(1442,1442,1,0,'2026-01-14 22:20:05','2026-01-14 22:20:05'),(1443,1443,1,0,'2026-01-24 13:03:27','2026-01-24 13:03:27'),(1444,1444,1,0,'2026-02-13 16:53:36','2026-02-13 16:53:36'),(1445,1445,1,1,'2026-02-18 12:19:26','2026-02-18 12:19:26'),(1446,1446,1,0,'2026-02-20 15:31:04','2026-02-20 15:31:04'),(1447,1447,1,0,'2026-02-20 15:31:36','2026-02-20 15:31:36'),(1448,1448,1,0,'2026-02-20 15:32:11','2026-02-20 15:32:11'),(1449,1449,1,0,'2026-02-25 11:27:34','2026-02-25 11:27:34'),(1450,1450,1,0,'2026-02-26 20:43:25','2026-02-26 20:43:25'),(1451,1451,1,0,'2026-02-26 20:43:52','2026-02-26 20:43:52'),(1452,1452,1,0,'2026-03-06 13:04:42','2026-03-06 13:04:42'),(1453,1453,1,0,'2026-03-06 13:05:30','2026-03-06 13:05:30'),(1454,1454,1,0,'2026-03-06 16:35:48','2026-03-06 16:35:48'),(1455,1455,1,0,'2026-03-23 20:53:46','2026-03-23 20:53:46');


